000
CXUS53 KARX 300930
CF6AUM
PRELIMINARY LOCAL CLIMATOLOGICAL DATA (WS FORM: F-6)

                                          STATION:   AUSTIN_MUNI MN
                                          MONTH:     AUGUST
                                          YEAR:      2015
                                          LATITUDE:   43 40 N
                                          LONGITUDE:  92 56 W

  TEMPERATURE IN F:       :PCPN:    SNOW:  WIND      :SUNSHINE: SKY     :PK WND
================================================================================
1   2   3   4   5  6A  6B    7    8   9   10  11  12  13   14  15   16   17  18
                                     12Z  AVG MX 2MIN
DY MAX MIN AVG DEP HDD CDD  WTR  SNW DPTH SPD SPD DIR MIN PSBL S-S WX    SPD DR
================================================================================

 1  86  59  73   M   0   8 0.00  0.0    0  5.2 10 280   M    M   0        16 290
 2  88  64  76   M   0  11 0.00  0.0    0 11.6 18 300   M    M   1        28 320
 3  79  55  67   M   0   2 0.00  0.0    0  6.1 15 290   M    M   0        20 290
 4  79  52  66   M   0   1 0.00  0.0    0  0.9  5 340   M    M   0         M  M
 5  79  54  67   M   0   2 0.00  0.0    0  1.7  6 170   M    M   0         M  M
 6  77  57  67   M   0   2 0.20  0.0    0  4.9 10 160   M    M   5 3      18 180
 7  81  64  73   M   0   8 0.00  0.0    0  6.7 12 290   M    M   6 1      18 270
 8  81  63  72   M   0   7 0.00  0.0    0  3.1  9 140   M    M   3 1       M  M
 9  81  64  73   M   0   8 0.09  0.0    0  2.2  8 160   M    M   5 1       M  M
10  81  63  72   M   0   7 0.00  0.0    0  6.7 13 320   M    M   4 1      18 360
11  81  59  70   M   0   5 0.00  0.0    0  4.0 10  10   M    M   1        16 340
12  82  55  69   M   0   4 0.00  0.0    0  3.5  8 200   M    M   0 1       M  M
13  82  66  74   M   0   9    T  0.0    0  7.6 15 250   M    M   1        23 250
14  90  70  80   M   0  15    M  0.0    0  3.7 10 230   M    M   1        18 230
15  86  64  75   M   0  10 0.00  0.0    0  5.5 12 190   M    M   0 1      17 190
16  84  68  76   M   0  11    M  0.0    0  7.1 15 210   M    M   2 3      31 290
17  73  64  69   M   0   4    M  0.0    0  4.2 12  20   M    M   8         M  M
18  70  61  66   M   0   1    M  0.0    0  7.4 17  60   M    M   9 13     18 120
19  66  55  61   M   4   0    M  0.0    0 12.0 16 290   M    M   9 1      28 300
20  73  52  63   M   2   0 0.00  0.0    0  9.1 16 300   M    M   1        23 300
21  81  55  68   M   0   3 0.00  0.0    0 11.0 22 200   M    M   2        29 200
22  79  63  71   M   0   6 0.07  0.0    0 12.8 20 160   M    M   5 3      29 160
23  70  54  62   M   3   0    T  0.0    0 13.2 23 290   M    M   5 3      32 280
24  68  52  60   M   5   0 0.00  0.0    0 13.3 24 310   M    M   3        32 290
25  72  50  61   M   4   0 0.00  0.0    0  9.6 20 310   M    M   0        24 310
26  73  46  60   M   5   0 0.00  0.0    0  0.5  5 130   M    M   0         M  M
27  73  54  64   M   1   0    T  0.0    0  5.3 13 200   M    M   2        17 170
28  64  59  62   M   3   0 0.79  0.0    0 10.0 17 100   M    M   9 3      24 140
29  75  61  68   M   0   3 0.00  0.0    0  2.9  8  70   M    M   6 1       M  M
================================================================================
SM 2254 1703        27 127  1.15     0.0 191.8          M       88
================================================================================
AV 77.7 58.7                               6.6 FASTST   M    M   3    MAX(MPH)
                                 MISC ---->    24   M                 32    M
================================================================================
NOTES:
# LAST OF SEVERAL OCCURRENCES

COLUMN 17 PEAK WIND IN M.P.H.

PRELIMINARY LOCAL CLIMATOLOGICAL DATA (WS FORM: F-6) , PAGE 2

                                          STATION:  AUSTIN_MUNI MN
                                          MONTH:    AUGUST
                                          YEAR:     2015
                                          LATITUDE:   43 40 N
                                          LONGITUDE:  92 56 W

[TEMPERATURE DATA]      [PRECIPITATION DATA]       SYMBOLS USED IN COLUMN 16

AVERAGE MONTHLY: 68.2   TOTAL FOR MONTH:   1.15    1 = FOG OR MIST
DPTR FM NORMAL:     M   DPTR FM NORMAL:       M    2 = FOG REDUCING VISIBILITY
HIGHEST:    90 ON 14    GRTST 24HR  0.79 ON 28-28      TO 1/4 MILE OR LESS
LOWEST:     46 ON 26                               3 = THUNDER
                        SNOW, ICE PELLETS, HAIL    4 = ICE PELLETS
                        TOTAL MONTH:   0.0 INCH    5 = HAIL
                        GRTST 24HR     0.0         6 = FREEZING RAIN OR DRIZZLE
                        GRTST DEPTH:   0           7 = DUSTSTORM OR SANDSTORM:
                                                       VSBY 1/2 MILE OR LESS
                                                   8 = SMOKE OR HAZE
[NO. OF DAYS WITH]      [WEATHER - DAYS WITH]      9 = BLOWING SNOW
                                                   X = TORNADO
MAX 32 OR BELOW:   0    0.01 INCH OR MORE:   4
MAX 90 OR ABOVE:   1    0.10 INCH OR MORE:   2
MIN 32 OR BELOW:   0    0.50 INCH OR MORE:   1
MIN  0 OR BELOW:   0    1.00 INCH OR MORE:   0

[HDD (BASE 65) ]
TOTAL THIS MO.    27    CLEAR  (SCALE 0-3)  16
DPTR FM NORMAL     M    PTCLDY (SCALE 4-7)   9
TOTAL FM JUL 1    42    CLOUDY (SCALE 8-10)  4
DPTR FM NORMAL     M

[CDD (BASE 65) ]
TOTAL THIS MO.   127
DPTR FM NORMAL     M    [PRESSURE DATA]
TOTAL FM JAN 1   431    HIGHEST SLP M ON M
DPTR FM NORMAL     M    LOWEST  SLP M ON M

[REMARKS]
