000
CXUS52 KGSP 260817
CF6AVL
PRELIMINARY LOCAL CLIMATOLOGICAL DATA (WS FORM: F-6)

                                          STATION:   ASHEVILLE NC
                                          MONTH:     MAY
                                          YEAR:      2017
                                          LATITUDE:   35 25 N
                                          LONGITUDE:  82 33 W

  TEMPERATURE IN F:       :PCPN:    SNOW:  WIND      :SUNSHINE: SKY     :PK WND
================================================================================
1   2   3   4   5  6A  6B    7    8   9   10  11  12  13   14  15   16   17  18
                                     12Z  AVG MX 2MIN
DY MAX MIN AVG DEP HDD CDD  WTR  SNW DPTH SPD SPD DIR MIN PSBL S-S WX    SPD DR
================================================================================

 1  72  52  62   3   3   0 0.87  0.0    0 12.7 31 180   M    M   7 138    41 180
 2  75  51  63   3   2   0 0.00  0.0    0  9.1 20 310   M    M   0        28 330
 3  77  46  62   2   3   0 0.00  0.0    0  4.8 14 160   M    M   1        20 150
 4  67  59  63   3   2   0 1.94  0.0    0  9.1 20 160   M    M   6 13     30 120
 5  62  47  55  -5  10   0 0.28  0.0    0  8.4 20 210   M    M   8 18     28 220
 6  59  41  50 -11  15   0 0.06  0.0    0 13.5 32 330   M    M   7        43 330
 7  62  41  52  -9  13   0 0.00  0.0    0  9.2 22 360   M    M   0        29 350
 8  69  45  57  -4   8   0 0.00  0.0    0  8.6 23 340   M    M   1        34 330
 9  83  52  68   7   0   3 0.00  0.0    0  5.0 20 320   M    M   5        27 290
10  83  53  68   6   0   3 0.00  0.0    0  6.1 15 350   M    M   0        22 350
11  81  54  68   6   0   3 0.00  0.0    0  5.2 20 300   M    M   0        26 310
12  69  56  63   1   2   0 0.35  0.0    0  5.7 16 160   M    M   6 138    20 130
13  71  56  64   2   1   0    T  0.0    0  7.8 22 330   M    M   6 1      27 330
14  77  45  61  -2   4   0 0.00  0.0    0  5.8 18 350   M    M   0        23 350
15  82  49  66   3   0   1 0.00  0.0    0  5.0 16 350   M    M   0        21 340
16  86  53  70   7   0   5 0.00  0.0    0  4.8 15 160   M    M   0        20 160
17  84  57  71   8   0   6 0.00  0.0    0  5.0 16 170   M    M   0 1      20 170
18  82  59  71   7   0   6    T  0.0    0  6.0 15 210   M    M   5        20 200
19  82  65  74  10   0   9 0.07  0.0    0  2.4 14 170   M    M   3 123    16 180
20  84  62  73   9   0   8 0.00  0.0    0  5.0 15 160   M    M   3 12     20 150
21  69  63  66   2   0   1 2.24  0.0    0  1.8 14 340   M    M   9 138    17 210
22  75  61  68   3   0   3 0.02  0.0    0  3.3 12 340   M    M   8 138    15 340
23  67  62  65   0   0   0 0.70  0.0    0  3.9 13 200   M    M   9 18     17 200
24  71  58  65   0   0   0 0.33  0.0    0  5.8 18 190   M    M   7 13     28 150
25  66  51  59  -6   6   0 0.00  0.0    0  8.2 16 300   M    M   5        24 290
================================================================================
SM 1855 1338        69  48  6.86     0.0 162.2          M       96
================================================================================
AV 74.2 53.5                               6.5 FASTST   M    M   4    MAX(MPH)
                                 MISC ---->  # 32 330               # 43  330
================================================================================
NOTES:
# LAST OF SEVERAL OCCURRENCES

COLUMN 17 PEAK WIND IN M.P.H.

PRELIMINARY LOCAL CLIMATOLOGICAL DATA (WS FORM: F-6) , PAGE 2

                                          STATION:  ASHEVILLE NC
                                          MONTH:    MAY
                                          YEAR:     2017
                                          LATITUDE:   35 25 N
                                          LONGITUDE:  82 33 W

[TEMPERATURE DATA]      [PRECIPITATION DATA]       SYMBOLS USED IN COLUMN 16

AVERAGE MONTHLY: 63.9   TOTAL FOR MONTH:   6.86    1 = FOG OR MIST
DPTR FM NORMAL:   1.5   DPTR FM NORMAL:    3.96    2 = FOG REDUCING VISIBILITY
HIGHEST:    86 ON 16    GRTST 24HR  2.24 ON 21-21      TO 1/4 MILE OR LESS
LOWEST:     41 ON  7, 6                            3 = THUNDER
                        SNOW, ICE PELLETS, HAIL    4 = ICE PELLETS
                        TOTAL MONTH:   0.0 INCH    5 = HAIL
                        GRTST 24HR     0.0         6 = FREEZING RAIN OR DRIZZLE
                        GRTST DEPTH:   0           7 = DUSTSTORM OR SANDSTORM:
                                                       VSBY 1/2 MILE OR LESS
                                                   8 = SMOKE OR HAZE
[NO. OF DAYS WITH]      [WEATHER - DAYS WITH]      9 = BLOWING SNOW
                                                   X = TORNADO
MAX 32 OR BELOW:   0    0.01 INCH OR MORE:  10
MAX 90 OR ABOVE:   0    0.10 INCH OR MORE:   7
MIN 32 OR BELOW:   0    0.50 INCH OR MORE:   4
MIN  0 OR BELOW:   0    1.00 INCH OR MORE:   2

[HDD (BASE 65) ]
TOTAL THIS MO.    69    CLEAR  (SCALE 0-3)  11
DPTR FM NORMAL   -30    PTCLDY (SCALE 4-7)  12
TOTAL FM JUL 1  3122    CLOUDY (SCALE 8-10)  2
DPTR FM NORMAL -1049

[CDD (BASE 65) ]
TOTAL THIS MO.    48
DPTR FM NORMAL    13    [PRESSURE DATA]
TOTAL FM JAN 1    76    HIGHEST SLP M ON M
DPTR FM NORMAL    33    LOWEST  SLP 29.43 ON 24

[REMARKS]
