000
CXUS52 KGSP 010817
CF6AVL
PRELIMINARY LOCAL CLIMATOLOGICAL DATA (WS FORM: F-6)

                                          STATION:   ASHEVILLE NC
                                          MONTH:     JUNE
                                          YEAR:      2015
                                          LATITUDE:   35 25 N
                                          LONGITUDE:  82 33 W

  TEMPERATURE IN F:       :PCPN:    SNOW:  WIND      :SUNSHINE: SKY     :PK WND
================================================================================
1   2   3   4   5  6A  6B    7    8   9   10  11  12  13   14  15   16   17  18
                                     12Z  AVG MX 2MIN
DY MAX MIN AVG DEP HDD CDD  WTR  SNW DPTH SPD SPD DIR MIN PSBL S-S WX    SPD DR
================================================================================

 1  81  60  71   4   0   6 0.16  0.0    0  6.0 21 190   M    M   5 3      26 190
 2  79  60  70   3   0   5 0.30  0.0    0  4.2 15 340   M    M   6 138    19 350
 3  75  57  66  -2   0   1 0.00  0.0    0  4.3 15 170   M    M   5 13     19 170
 4  76  60  68   0   0   3 0.13  0.0    0  2.9 13 170   M    M   9 1      16 170
 5  81  61  71   3   0   6 0.01  0.0    0  5.3 15 340   M    M   7        19 330
 6  84  59  72   4   0   7 0.00  0.0    0  7.1 20 320   M    M   2 12     25 310
 7  80  63  72   3   0   7 0.59  0.0    0  4.2 28 240   M    M   6 1      34 250
 8  83  65  74   5   0   9 0.83  0.0    0  5.7 24 290   M    M   7 138    35 300
 9  82  62  72   3   0   7 0.01  0.0    0  5.5 20 340   M    M   4 18     25 330
10  83  58  71   2   0   6 0.00  0.0    0  4.4 13 190   M    M   1        18 170
11  82  63  73   3   0   8 0.12  0.0    0  3.4 13 210   M    M   6 18     19 140
12  80  64  72   2   0   7 0.40  0.0    0  1.7 14 200   M    M   7 13     16 200
13  86  66  76   6   0  11 0.00  0.0    0  5.3 15 350   M    M   4 1      20 350
14  86  63  75   5   0  10    T  0.0    0  3.4 14 210   M    M   2        18 210
15  89  62  76   6   0  11 0.23  0.0    0  4.7 16 330   M    M   1 3      21 320
16  89  64  77   6   0  12 0.22  0.0    0  5.6 16 360   M    M   3 3      22 340
17  89  64  77   6   0  12 0.01  0.0    0  3.3 13 210   M    M   3 13     17 220
18  89  65  77   6   0  12 0.05  0.0    0  2.4 32 340   M    M   2 123    39 340
19  85  67  76   5   0  11 0.18  0.0    0  2.7 15 250   M    M   2 1238   22 250
20  86  66  76   4   0  11    T  0.0    0  7.2 21 200   M    M   5 12     25 210
21  90  67  79   7   0  14 1.31  0.0    0  6.6 23 310   M    M   2 13     30 320
22  89  63  76   4   0  11 1.82  0.0    0  3.9 21 340   M    M   1 123    39 300
23  89  63  76   4   0  11 0.00  0.0    0  5.3 15 350   M    M   2 123    20 340
24  91  70  81   9   0  16 0.00  0.0    0  5.2 16 340   M    M   1 3      20 330
25  89  66  78   6   0  13 0.00  0.0    0  4.1 13 340   M    M   0        17 340
26  89  65  77   5   0  12 0.02  0.0    0  4.5 22 160   M    M   2 38     31 170
27  81  65  73   0   0   8 0.01  0.0    0  5.0 18 340   M    M   4 3      26 340
28  77  60  69  -4   0   4 0.00  0.0    0 10.8 25 330   M    M   0        30 330
29  80  55  68  -5   0   3 0.00  0.0    0  3.9 13 220   M    M   3        18 220
30  84  64  74   1   0   9 0.02  0.0    0  4.8 22 360   M    M   5 3      34 350
================================================================================
SM 2524 1887         0 263  6.42     0.0 143.4          M      107
================================================================================
AV 84.1 62.9                               4.8 FASTST   M    M   4    MAX(MPH)
                                 MISC ---->  # 32 340               # 39  340
================================================================================
NOTES:
# LAST OF SEVERAL OCCURRENCES

COLUMN 17 PEAK WIND IN M.P.H.

PRELIMINARY LOCAL CLIMATOLOGICAL DATA (WS FORM: F-6) , PAGE 2

                                          STATION:  ASHEVILLE NC
                                          MONTH:    JUNE
                                          YEAR:     2015
                                          LATITUDE:   35 25 N
                                          LONGITUDE:  82 33 W

[TEMPERATURE DATA]      [PRECIPITATION DATA]       SYMBOLS USED IN COLUMN 16

AVERAGE MONTHLY: 73.5   TOTAL FOR MONTH:   6.42    1 = FOG OR MIST
DPTR FM NORMAL:   3.0   DPTR FM NORMAL:    1.77    2 = FOG REDUCING VISIBILITY
HIGHEST:    91 ON 24    GRTST 24HR  3.13 ON 21-22      TO 1/4 MILE OR LESS
LOWEST:     55 ON 29                               3 = THUNDER
                        SNOW, ICE PELLETS, HAIL    4 = ICE PELLETS
                        TOTAL MONTH:   0.0 INCH    5 = HAIL
                        GRTST 24HR     0.0         6 = FREEZING RAIN OR DRIZZLE
                        GRTST DEPTH:   0           7 = DUSTSTORM OR SANDSTORM:
                                                       VSBY 1/2 MILE OR LESS
                                                   8 = SMOKE OR HAZE
[NO. OF DAYS WITH]      [WEATHER - DAYS WITH]      9 = BLOWING SNOW
                                                   X = TORNADO
MAX 32 OR BELOW:   0    0.01 INCH OR MORE:  19
MAX 90 OR ABOVE:   2    0.10 INCH OR MORE:  12
MIN 32 OR BELOW:   0    0.50 INCH OR MORE:   4
MIN  0 OR BELOW:   0    1.00 INCH OR MORE:   2

[HDD (BASE 65) ]
TOTAL THIS MO.     0    CLEAR  (SCALE 0-3)  16
DPTR FM NORMAL   -14    PTCLDY (SCALE 4-7)  13
TOTAL FM JUL 1  3983    CLOUDY (SCALE 8-10)  1
DPTR FM NORMAL  -212

[CDD (BASE 65) ]
TOTAL THIS MO.   263
DPTR FM NORMAL    86    [PRESSURE DATA]
TOTAL FM JAN 1   385    HIGHEST SLP 30.22 ON 22
DPTR FM NORMAL   150    LOWEST  SLP 29.77 ON 27

[REMARKS]
#FINAL-06-15#
