000
CXUS51 KBGM 300528
CF6AVP
PRELIMINARY LOCAL CLIMATOLOGICAL DATA (WS FORM: F-6)

                                          STATION:   AVOCA PA
                                          MONTH:     JULY
                                          YEAR:      2016
                                          LATITUDE:   41 19 N
                                          LONGITUDE:  75 44 W

  TEMPERATURE IN F:       :PCPN:    SNOW:  WIND      :SUNSHINE: SKY     :PK WND
================================================================================
1   2   3   4   5  6A  6B    7    8   9   10  11  12  13   14  15   16   17  18
                                     12Z  AVG MX 2MIN
DY MAX MIN AVG DEP HDD CDD  WTR  SNW DPTH SPD SPD DIR MIN PSBL S-S WX    SPD DR
================================================================================

 1  82  60  71   0   0   6 0.14  0.0    M  6.3 17 260   M    M   3 13     23 260
 2  79  57  68  -3   0   3 0.00  0.0    M  8.0 18 320   M    M   3        25  10
 3  80  53  67  -4   0   2 0.00  0.0    M  4.1 14 240   M    M   1        20 260
 4  83  56  70  -1   0   5 0.07  0.0    M  5.1 13 210   M    M   4 1      20 170
 5  86  68  77   6   0  12 0.08  0.0    M  5.0 15 240   M    M   7 1      18 220
 6  93  66  80   9   0  15 0.00  0.0    M  5.2 15 240   M    M   1        19 250
 7  92  69  81  10   0  16 0.04  0.0    M  5.8 20 240   M    M   4 13     25 250
 8  91  69  80   9   0  15 0.00  0.0    M  5.1 17 250   M    M   5 18     22 240
 9  83  66  75   4   0  10 0.18  0.0    M  4.4 17 180   M    M   7 13     25 180
10  78  59  69  -3   0   4 0.03  0.0    M  7.4 21 320   M    M   7 1      29 310
11  83  54  69  -3   0   4 0.00  0.0    M  4.7 15 300   M    M   2        19 310
12  90  62  76   4   0  11 0.00  0.0    M  7.3 17 240   M    M   1        23 250
13  89  71  80   8   0  15 0.25  0.0    M  4.7 14 230   M    M   6 13     23 180
14  91  72  82  10   0  17 0.01  0.0    M  6.8 18 260   M    M   6 38     25 230
15  91  69  80   8   0  15    T  0.0    M  7.9 21 250   M    M   2        27 240
16  88  65  77   5   0  12    T  0.0    M  5.0 15 230   M    M   2 3      20 230
17  87  64  76   4   0  11    T  0.0    M  4.6 16 260   M    M   4 13     21 240
18  86  65  76   4   0  11 0.11  0.0    M  6.3 20 340   M    M   3 13     24 340
19  83  62  73   1   0   8 0.00  0.0    M  8.0 18 340   M    M   3        27 340
20  84  55  70  -2   0   5 0.00  0.0    M  5.5 15 320   M    M   1        18 330
21  91  58  75   3   0  10 0.00  0.0    M  6.3 17 250   M    M   0        26 270
22  95  68  82  10   0  17 0.00  0.0    M  8.7 20 240   M    M   1        28 230
23  97  68  83  11   0  18 0.00  0.0    M  8.7 22 340   M    M   1        27 330
24  95  64  80   8   0  15 0.00  0.0    M  6.2 17 250   M    M   0        23 250
25  93  69  81   9   0  16 0.51  0.0    M  6.5 31 320   M    M   3 13     40 320
26  90  68  79   7   0  14    T  0.0    M  7.0 17 360   M    M   3 18     22 340
27  91  63  77   5   0  12 0.00  0.0    M  4.7 14 320   M    M   1        19 330
28  92  65  79   8   0  14 0.02  0.0    0  4.2 14 240   M    M   4 13     20 180
29  91  69  80   9   0  15 0.02  0.0    0  4.6 15 340   M    M   4 1      19 360
================================================================================
SM 2554 1854         0 328  1.46     0.0 174.1          M       89
================================================================================
AV 88.1 63.9                               6.0 FASTST   M    M   3    MAX(MPH)
                                 MISC ---->  # 31 320               # 40  320
================================================================================
NOTES:
# LAST OF SEVERAL OCCURRENCES

COLUMN 17 PEAK WIND IN M.P.H.

PRELIMINARY LOCAL CLIMATOLOGICAL DATA (WS FORM: F-6) , PAGE 2

                                          STATION:  AVOCA PA
                                          MONTH:    JULY
                                          YEAR:     2016
                                          LATITUDE:   41 19 N
                                          LONGITUDE:  75 44 W

[TEMPERATURE DATA]      [PRECIPITATION DATA]       SYMBOLS USED IN COLUMN 16

AVERAGE MONTHLY: 76.0   TOTAL FOR MONTH:   1.46    1 = FOG OR MIST
DPTR FM NORMAL:   4.4   DPTR FM NORMAL:   -2.06    2 = FOG REDUCING VISIBILITY
HIGHEST:    97 ON 23    GRTST 24HR  0.51 ON 25-25      TO 1/4 MILE OR LESS
LOWEST:     53 ON  3                               3 = THUNDER
                        SNOW, ICE PELLETS, HAIL    4 = ICE PELLETS
                        TOTAL MONTH:   0.0 INCH    5 = HAIL
                        GRTST 24HR     0.0         6 = FREEZING RAIN OR DRIZZLE
                        GRTST DEPTH:   0           7 = DUSTSTORM OR SANDSTORM:
                                                       VSBY 1/2 MILE OR LESS
                                                   8 = SMOKE OR HAZE
[NO. OF DAYS WITH]      [WEATHER - DAYS WITH]      9 = BLOWING SNOW
                                                   X = TORNADO
MAX 32 OR BELOW:   0    0.01 INCH OR MORE:  12
MAX 90 OR ABOVE:  15    0.10 INCH OR MORE:   5
MIN 32 OR BELOW:   0    0.50 INCH OR MORE:   1
MIN  0 OR BELOW:   0    1.00 INCH OR MORE:   0

[HDD (BASE 65) ]
TOTAL THIS MO.     0    CLEAR  (SCALE 0-3)  17
DPTR FM NORMAL     0    PTCLDY (SCALE 4-7)  12
TOTAL FM JUL 1     0    CLOUDY (SCALE 8-10)  0
DPTR FM NORMAL     0

[CDD (BASE 65) ]
TOTAL THIS MO.   328
DPTR FM NORMAL   130    [PRESSURE DATA]
TOTAL FM JAN 1   543    HIGHEST SLP M ON M
DPTR FM NORMAL   191    LOWEST  SLP 29.70 ON  9

[REMARKS]
