000
CXUS53 KMPX 220700
CF6AXN
PRELIMINARY LOCAL CLIMATOLOGICAL DATA (WS FORM: F-6)

                                          STATION:   ALEXANDRIA MN
                                          MONTH:     OCTOBER
                                          YEAR:      2014
                                          LATITUDE:   45 52 N
                                          LONGITUDE:  95 23 W

  TEMPERATURE IN F:       :PCPN:    SNOW:  WIND      :SUNSHINE: SKY     :PK WND
================================================================================
1   2   3   4   5  6A  6B    7    8   9   10  11  12  13   14  15   16   17  18
                                     12Z  AVG MX 2MIN
DY MAX MIN AVG DEP HDD CDD  WTR  SNW DPTH SPD SPD DIR MIN PSBL S-S WX    SPD DR
================================================================================

 1  64  50  57   5   8   0 0.00    M    M 10.4 20 150   M    M   7 1      27 170
 2  60  46  53   1  12   0 0.04    M    M  7.6 26 300   M    M   2 1      35 300
 3  46  38  42  -9  23   0 0.02    M    M 24.2 35 320   M    M  10        45 290
 4  45  34  40 -11  25   0 0.00    M    M 15.0 25 330   M    M   6        34 320
 5  48  36  42  -8  23   0 0.00    M    M 11.7 21 300   M    M   8        26 290
 6  62  34  48  -2  17   0 0.00    M    M 12.9 28 280   M    M   3        37 280
 7  58  41  50   1  15   0 0.00    M    M 13.1 30 300   M    M   5        39 310
 8  52  34  43  -6  22   0 0.00    M    M  9.3 22 310   M    M   0        27 310
 9  52  30  41  -7  24   0 0.00    M    M  6.5 15 320   M    M   0        19 310
10  53  28  41  -7  24   0 0.00    M    M  4.3 13 320   M    M   1 12     16 310
11  58  31  45  -3  20   0 0.00    M    M 11.4 22 200   M    M   0        30 200
12  65  44  55   8  10   0 0.03    M    M 15.9 24 160   M    M   3        31 150
13  58  45  52   5  13   0 0.33    M    M  9.3 18 360   M    M   5 1      23 350
14  64  39  52   6  13   0 0.00    M    M  6.6 16  20   M    M   0        21  10
15  64  36  50   4  15   0 0.00    M    M  6.9 14 140   M    M   0        18 150
16  70  47  59  14   6   0 0.00    M    M 17.3 28 270   M    M   3        34 280
17  51  44  48   3  17   0 0.00    M    M 15.9 28 310   M    M   9        36 310
18  47  39  43  -1  22   0 0.00    M    M  8.0 16 180   M    M   8        20 170
19  67  43  55  11  10   0 0.00    M    M 11.9 21 310   M    M   0        26 310
20  63  41  52   8  13   0 0.00    M    M  7.7 16 320   M    M   0        20 320
21   M   M   M   M   M   M    M    M    M   M   M   M   M    M   M         M  M
================================================================================
SM 1147  780       332   0  0.42    M    225.9          M       70
================================================================================
AV 57.3 39.0                              11.3 FASTST   M    M   4    MAX(MPH)
                                 MISC ---->  # 35 320               # 45  290
================================================================================
NOTES:
# LAST OF SEVERAL OCCURRENCES

COLUMN 17 PEAK WIND IN M.P.H.

PRELIMINARY LOCAL CLIMATOLOGICAL DATA (WS FORM: F-6) , PAGE 2

                                          STATION:  ALEXANDRIA MN
                                          MONTH:    OCTOBER
                                          YEAR:     2014
                                          LATITUDE:   45 52 N
                                          LONGITUDE:  95 23 W

[TEMPERATURE DATA]      [PRECIPITATION DATA]       SYMBOLS USED IN COLUMN 16

AVERAGE MONTHLY: 48.2   TOTAL FOR MONTH:   0.42    1 = FOG OR MIST
DPTR FM NORMAL:   0.6   DPTR FM NORMAL:   -1.31    2 = FOG REDUCING VISIBILITY
HIGHEST:    70 ON 16    GRTST 24HR  0.36 ON 12-13      TO 1/4 MILE OR LESS
LOWEST:     28 ON 10                               3 = THUNDER
                        SNOW, ICE PELLETS, HAIL    4 = ICE PELLETS
                        TOTAL MONTH:    M          5 = HAIL
                        GRTST 24HR    M  ON   M    6 = FREEZING RAIN OR DRIZZLE
                        GRTST DEPTH:  M  ON   M    7 = DUSTSTORM OR SANDSTORM:
                                                       VSBY 1/2 MILE OR LESS
                                                   8 = SMOKE OR HAZE
[NO. OF DAYS WITH]      [WEATHER - DAYS WITH]      9 = BLOWING SNOW
                                                   X = TORNADO
MAX 32 OR BELOW:   0    0.01 INCH OR MORE:   4
MAX 90 OR ABOVE:   0    0.10 INCH OR MORE:   1
MIN 32 OR BELOW:   3    0.50 INCH OR MORE:   0
MIN  0 OR BELOW:   0    1.00 INCH OR MORE:   0

[HDD (BASE 65) ]
TOTAL THIS MO.   332    CLEAR  (SCALE 0-3)  11
DPTR FM NORMAL   -36    PTCLDY (SCALE 4-7)   6
TOTAL FM JUL 1   550    CLOUDY (SCALE 8-10)  3
DPTR FM NORMAL   -90

[CDD (BASE 65) ]
TOTAL THIS MO.     0
DPTR FM NORMAL     0    [PRESSURE DATA]
TOTAL FM JAN 1   429    HIGHEST SLP M ON M
DPTR FM NORMAL   -49    LOWEST  SLP 29.47 ON  6

[REMARKS]
