000
CXUS53 KGRR 251017
CF6AZO
PRELIMINARY LOCAL CLIMATOLOGICAL DATA (WS FORM: F-6)

                                          STATION:   KALAMAZOO
                                          MONTH:     JUNE
                                          YEAR:      2017
                                          LATITUDE:   42 13 N
                                          LONGITUDE:  85 33 W

  TEMPERATURE IN F:       :PCPN:    SNOW:  WIND      :SUNSHINE: SKY     :PK WND
================================================================================
1   2   3   4   5  6A  6B    7    8   9   10  11  12  13   14  15   16   17  18
                                     12Z  AVG MX 2MIN
DY MAX MIN AVG DEP HDD CDD  WTR  SNW DPTH SPD SPD DIR MIN PSBL S-S WX    SPD DR
================================================================================

 1  75  48  62  -2   3   0 0.00    M    M  4.8 17 330   M    M   1        22 330
 2  80  48  64   0   1   0 0.00    M    M  4.6 14 300   M    M   0        19 310
 3  82  51  67   3   0   2    T    M    M  3.9 16 310   M    M   2        20 310
 4  86  63  75  10   0  10 0.04    M    M  7.6 17 340   M    M   1 38     22 340
 5  73  55  64  -1   1   0 0.00    M    M  5.7 15 360   M    M   3 18     24  40
 6  78  48  63  -3   2   0 0.00    M    M  9.4 23 350   M    M   2        29  10
 7  77  50  64  -2   1   0 0.00    M    M  5.9 16  10   M    M   1        24  30
 8  80  50  65  -1   0   0 0.00    M    M  3.5 15 300   M    M   1        20 300
 9  83  59  71   5   0   6 0.03    M    M  7.0 21 300   M    M   4        25 290
10  87  61  74   7   0   9 0.00    M    M 11.9 25 190   M    M   1        34 180
11  90  68  79  12   0  14 0.00    M    M 12.5 18 210   M    M   1        26 190
12  93  68  81  14   0  16 0.00    M    M  9.7 21 210   M    M   1        25 230
13  93  70  82  14   0  17 0.00    M    M  4.8 15 350   M    M   3 3      20  50
14  90  69  80  12   0  15 0.10    M    M  5.7 26 190   M    M   4 38     34 180
15  86  66  76   8   0  11 0.00    M    M  5.9 15 310   M    M   3 8      20 290
16  84  64  74   5   0   9 0.04    M    M  6.4 20 230   M    M   2        27 230
17  90  69  80  11   0  15 0.08    M    M 10.7 22 200   M    M   4 13     28 210
18  80  63  72   3   0   7 0.04    M    M 12.0 23 270   M    M   6 3      31 310
19  76  58  67  -3   0   2 0.11    M    M  9.2 32 290   M    M   3 38     41 270
20  78  56  67  -3   0   2 0.16    M    M  8.0 28 350   M    M   3 1      34 360
21  77  51  64  -6   1   0 0.00    M    M  2.3  9 180   M    M   2 12     12 210
22  88  65  77   7   0  12 0.01    M    M 10.9 24 200   M    M   3 3      30 200
23  77  64  71   1   0   6 0.13    M    M  9.7 18 210   M    M   7 18     25 190
24  74  56  65  -6   0   0 0.00    M    M 10.2 22 310   M    M   3        29 310
================================================================================
SM 1977 1420         9 153  0.74    M    182.3          M       61
================================================================================
AV 82.4 59.2                               7.6 FASTST   M    M   3    MAX(MPH)
                                 MISC ---->  # 32 290               # 41  270
================================================================================
NOTES:
# LAST OF SEVERAL OCCURRENCES

COLUMN 17 PEAK WIND IN M.P.H.

PRELIMINARY LOCAL CLIMATOLOGICAL DATA (WS FORM: F-6) , PAGE 2

                                          STATION:  KALAMAZOO
                                          MONTH:    JUNE
                                          YEAR:     2017
                                          LATITUDE:   42 13 N
                                          LONGITUDE:  85 33 W

[TEMPERATURE DATA]      [PRECIPITATION DATA]       SYMBOLS USED IN COLUMN 16

AVERAGE MONTHLY: 70.8   TOTAL FOR MONTH:   0.74    1 = FOG OR MIST
DPTR FM NORMAL:   3.3   DPTR FM NORMAL:   -2.25    2 = FOG REDUCING VISIBILITY
HIGHEST:    93 ON 13,12 GRTST 24HR  0.16 ON 20-20      TO 1/4 MILE OR LESS
LOWEST:     48 ON  6, 2                            3 = THUNDER
                        SNOW, ICE PELLETS, HAIL    4 = ICE PELLETS
                        TOTAL MONTH:    M          5 = HAIL
                        GRTST 24HR    M  ON   M    6 = FREEZING RAIN OR DRIZZLE
                        GRTST DEPTH:  M  ON   M    7 = DUSTSTORM OR SANDSTORM:
                                                       VSBY 1/2 MILE OR LESS
                                                   8 = SMOKE OR HAZE
[NO. OF DAYS WITH]      [WEATHER - DAYS WITH]      9 = BLOWING SNOW
                                                   X = TORNADO
MAX 32 OR BELOW:   0    0.01 INCH OR MORE:  10
MAX 90 OR ABOVE:   5    0.10 INCH OR MORE:   4
MIN 32 OR BELOW:   0    0.50 INCH OR MORE:   0
MIN  0 OR BELOW:   0    1.00 INCH OR MORE:   0

[HDD (BASE 65) ]
TOTAL THIS MO.     9    CLEAR  (SCALE 0-3)  17
DPTR FM NORMAL   -38    PTCLDY (SCALE 4-7)   7
TOTAL FM JUL 1  5380    CLOUDY (SCALE 8-10)  0
DPTR FM NORMAL -1035

[CDD (BASE 65) ]
TOTAL THIS MO.   153
DPTR FM NORMAL    49    [PRESSURE DATA]
TOTAL FM JAN 1   192    HIGHEST SLP M ON M
DPTR FM NORMAL    47    LOWEST  SLP 29.50 ON 18

[REMARKS]
