000
CXUS54 KEWX 180910
CF6BAZ
PRELIMINARY LOCAL CLIMATOLOGICAL DATA (WS FORM: F-6)

                                          STATION:   NEW BRAUNFELS
                                          MONTH:     AUGUST
                                          YEAR:      2017
                                          LATITUDE:   29 43 N
                                          LONGITUDE:  98  3 W

  TEMPERATURE IN F:       :PCPN:    SNOW:  WIND      :SUNSHINE: SKY     :PK WND
================================================================================
1   2   3   4   5  6A  6B    7    8   9   10  11  12  13   14  15   16   17  18
                                     12Z  AVG MX 2MIN
DY MAX MIN AVG DEP HDD CDD  WTR  SNW DPTH SPD SPD DIR MIN PSBL S-S WX    SPD DR
================================================================================

 1 100  71  86   2   0  21 0.00    M    M  6.0 15 150   M    M   2        19 160
 2  96  75  86   2   0  21 0.02    M    M  6.3 21  20   M    M   6 8      27  70
 3  93  74  84   0   0  19 0.13    M    M  3.4 17 360   M    M   6 18     21 340
 4 100  73  87   2   0  22 0.00    M    M  5.3 21 150   M    M   3 18     26 150
 5 101  73  87   2   0  22 0.00    M    M 10.2 23 160   M    M   4 18     29 160
 6 100  77  89   4   0  24    T    M    M 11.5 23 160   M    M   4        28 150
 7  86  72  79  -6   0  14 2.49    M    M  6.8 21  10   M    M   5 13     26  10
 8  95  72  84  -1   0  19 0.00    M    M  7.5 17  20   M    M   4        23  70
 9  97  72  85   0   0  20 0.00    M    M  6.0 13  90   M    M   1 1      20  40
10  98  73  86   1   0  21 0.00    M    M  6.6 20 160   M    M   2 1      26 160
11  98  73  86   1   0  21 0.00    M    M  7.5 16 180   M    M   1        19 220
12  99  76  88   3   0  23 0.00    M    M  9.4 21 170   M    M   1 1      25 160
13  99  74  87   2   0  22 0.00    M    M 10.5 24 160   M    M   0        28 160
14  99  73  86   1   0  21 0.00    M    M 10.4 22 160   M    M   1 1      27 170
15  99  74  87   2   0  22 0.00    M    M 12.6 22 160   M    M   4 8      28 140
16 100  78  89   4   0  24 0.00    M    M 13.6 22 160   M    M   4        28 150
17  99  79  89   5   0  24 0.00    M    0 10.3 18 150   M    M   3        25 150
================================================================================
SM 1659 1259         0 360  2.64    M    143.9          M       51
================================================================================
AV 97.6 74.1                               8.5 FASTST   M    M   3    MAX(MPH)
                                 MISC ---->  # 24 160               # 29  160
================================================================================
NOTES:
# LAST OF SEVERAL OCCURRENCES

COLUMN 17 PEAK WIND IN M.P.H.

PRELIMINARY LOCAL CLIMATOLOGICAL DATA (WS FORM: F-6) , PAGE 2

                                          STATION:  NEW BRAUNFELS
                                          MONTH:    AUGUST
                                          YEAR:     2017
                                          LATITUDE:   29 43 N
                                          LONGITUDE:  98  3 W

[TEMPERATURE DATA]      [PRECIPITATION DATA]       SYMBOLS USED IN COLUMN 16

AVERAGE MONTHLY: 85.8   TOTAL FOR MONTH:   2.64    1 = FOG OR MIST
DPTR FM NORMAL:   1.1   DPTR FM NORMAL:    1.83    2 = FOG REDUCING VISIBILITY
HIGHEST:   101 ON  5    GRTST 24HR  2.49 ON  7- 7      TO 1/4 MILE OR LESS
LOWEST:     71 ON  1                               3 = THUNDER
                        SNOW, ICE PELLETS, HAIL    4 = ICE PELLETS
                        TOTAL MONTH:    M          5 = HAIL
                        GRTST 24HR    M  ON   M    6 = FREEZING RAIN OR DRIZZLE
                        GRTST DEPTH:   0           7 = DUSTSTORM OR SANDSTORM:
                                                       VSBY 1/2 MILE OR LESS
                                                   8 = SMOKE OR HAZE
[NO. OF DAYS WITH]      [WEATHER - DAYS WITH]      9 = BLOWING SNOW
                                                   X = TORNADO
MAX 32 OR BELOW:   0    0.01 INCH OR MORE:   3
MAX 90 OR ABOVE:  16    0.10 INCH OR MORE:   2
MIN 32 OR BELOW:   0    0.50 INCH OR MORE:   1
MIN  0 OR BELOW:   0    1.00 INCH OR MORE:   1

[HDD (BASE 65) ]
TOTAL THIS MO.     0    CLEAR  (SCALE 0-3)   8
DPTR FM NORMAL     0    PTCLDY (SCALE 4-7)   9
TOTAL FM JUL 1     0    CLOUDY (SCALE 8-10)  0
DPTR FM NORMAL     0

[CDD (BASE 65) ]
TOTAL THIS MO.   360
DPTR FM NORMAL    22    [PRESSURE DATA]
TOTAL FM JAN 1  2394    HIGHEST SLP M ON M
DPTR FM NORMAL   387    LOWEST  SLP 29.70 ON 14

[REMARKS]
