000
CXUS55 KLBF 291200
CF6BBW
PRELIMINARY LOCAL CLIMATOLOGICAL DATA (WS FORM: F-6)

                                          STATION:   BROKEN BOW
                                          MONTH:     APRIL
                                          YEAR:      2017
                                          LATITUDE:   41 26 N
                                          LONGITUDE:  99 39 W

  TEMPERATURE IN F:       :PCPN:    SNOW:  WIND      :SUNSHINE: SKY     :PK WND
================================================================================
1   2   3   4   5  6A  6B    7    8   9   10  11  12  13   14  15   16   17  18
                                     12Z  AVG MX 2MIN
DY MAX MIN AVG DEP HDD CDD  WTR  SNW DPTH SPD SPD DIR MIN PSBL S-S WX    SPD DR
================================================================================

 1  52  37  45   2  20   0 0.01    M    M  8.6 17  30   M    M   6 1      26 200
 2  63  42  53  10  12   0 0.00    M    M  8.0 18 220   M    M   5 1      25 190
 3  49  35  42  -2  23   0 0.05    M    M 12.4 29 340   M    M   7 1      35 340
 4  58  34  46   2  19   0 0.00    M    M 13.2 24 340   M    M   3        31 350
 5  58  33  46   2  19   0 0.00    M    M 15.6 26 350   M    M   3        32 350
 6  61  29  45   1  20   0 0.00    M    M  5.5 10 130   M    M   2        16  60
 7  72  37  55  10  10   0 0.00    M    M 16.9 32 180   M    M   0        42 210
 8  84  47  66  21   0   1 0.00    M    M  4.6 17 360   M    M   0        20  10
 9  69  43  56  10   9   0 0.19    M    M 14.6 37 290   M    M   4 3      45 310
10  48  27  38  -8  27   0 0.01    M    0 15.4 36 340   M    M   4 1      41 320
11  70  25  48   2  17   0 0.00    M    M  6.9 25 200   M    M   0        33 180
12  76  40  58  12   7   0 0.00    M    M  9.5 25 180   M    M   1        32 200
13  74  43  59  12   6   0    T    M    M 10.2 29 190   M    M   3 12     36 190
14  74  54  64  17   1   0    M    M    M 11.7 24 160   M    M   7 3      32 160
15  78  49  64  16   1   0    T    M    M 13.2 29 310   M    M   5 3      34 290
16  70  39  55   7  10   0 0.00    M    M  8.2 17 160   M    M   2        24 150
17  71  42  57   9   8   0 0.00    M    M 10.0 24 180   M    M   6        30 180
18  74  52  63  15   2   0    T    M    M 10.4 25 350   M    M   3        33 200
19  60  44  52   3  13   0 0.03    M    M 13.6 26 100   M    M   7 13     39 100
20  70  40  55   6  10   0 0.00    M    M 12.6 26 340   M    M   0        31 340
21  56  36  46  -4  19   0 0.00    M    M  9.5 21  80   M    M   3        28  90
22  64  31  48  -2  17   0 0.00    M    M  4.0 12  50   M    M   1        16  50
23  72  27  50   0  15   0 0.00    M    M 15.6 35 190   M    M   0        47 180
24  70  48  59   8   6   0    T    M    M 12.1 25 180   M    M   1 3      37 180
25  49  34  42  -9  23   0 0.43    M    M 18.1 28 360   M    M  10 3      33 360
26  48  28  38 -14  27   0 0.00    M    M 17.2 30 340   M    M   7        39 340
27  54  25  40 -12  25   0    T    M    M  6.9 17 120   M    M   7        26 100
28  45  34  40 -12  25   0 0.66    M    M 14.2 25  40   M    M  10 1      31  60
================================================================================
SM 1789 1055       391   1  1.38    M    318.7          M      107
================================================================================
AV 63.9 37.7                              11.4 FASTST   M    M   4    MAX(MPH)
                                 MISC ---->  # 37 290               # 47  180
================================================================================
NOTES:
# LAST OF SEVERAL OCCURRENCES

COLUMN 17 PEAK WIND IN M.P.H.

PRELIMINARY LOCAL CLIMATOLOGICAL DATA (WS FORM: F-6) , PAGE 2

                                          STATION:  BROKEN BOW
                                          MONTH:    APRIL
                                          YEAR:     2017
                                          LATITUDE:   41 26 N
                                          LONGITUDE:  99 39 W

[TEMPERATURE DATA]      [PRECIPITATION DATA]       SYMBOLS USED IN COLUMN 16

AVERAGE MONTHLY: 50.8   TOTAL FOR MONTH:   1.38    1 = FOG OR MIST
DPTR FM NORMAL:   3.4   DPTR FM NORMAL:   -1.00    2 = FOG REDUCING VISIBILITY
HIGHEST:    84 ON  8    GRTST 24HR  0.66 ON 28-28      TO 1/4 MILE OR LESS
LOWEST:     25 ON 27,11                            3 = THUNDER
                        SNOW, ICE PELLETS, HAIL    4 = ICE PELLETS
                        TOTAL MONTH:    M          5 = HAIL
                        GRTST 24HR    M  ON   M    6 = FREEZING RAIN OR DRIZZLE
                        GRTST DEPTH:   0           7 = DUSTSTORM OR SANDSTORM:
                                                       VSBY 1/2 MILE OR LESS
                                                   8 = SMOKE OR HAZE
[NO. OF DAYS WITH]      [WEATHER - DAYS WITH]      9 = BLOWING SNOW
                                                   X = TORNADO
MAX 32 OR BELOW:   0    0.01 INCH OR MORE:   7
MAX 90 OR ABOVE:   0    0.10 INCH OR MORE:   3
MIN 32 OR BELOW:   7    0.50 INCH OR MORE:   1
MIN  0 OR BELOW:   0    1.00 INCH OR MORE:   0

[HDD (BASE 65) ]
TOTAL THIS MO.   391    CLEAR  (SCALE 0-3)  15
DPTR FM NORMAL  -102    PTCLDY (SCALE 4-7)  11
TOTAL FM JUL 1  5484    CLOUDY (SCALE 8-10)  2
DPTR FM NORMAL  -872

[CDD (BASE 65) ]
TOTAL THIS MO.     1
DPTR FM NORMAL     1    [PRESSURE DATA]
TOTAL FM JAN 1     1    HIGHEST SLP M ON M
DPTR FM NORMAL     1    LOWEST  SLP 29.35 ON 25

[REMARKS]
