486
CXUS55 KLBF 291200
CF6BBW
PRELIMINARY LOCAL CLIMATOLOGICAL DATA (WS FORM: F-6)

                                          STATION:   BROKEN BOW
                                          MONTH:     AUGUST
                                          YEAR:      2016
                                          LATITUDE:   41 26 N
                                          LONGITUDE:  99 39 W

  TEMPERATURE IN F:       :PCPN:    SNOW:  WIND      :SUNSHINE: SKY     :PK WND
================================================================================
1   2   3   4   5  6A  6B    7    8   9   10  11  12  13   14  15   16   17  18
                                     12Z  AVG MX 2MIN
DY MAX MIN AVG DEP HDD CDD  WTR  SNW DPTH SPD SPD DIR MIN PSBL S-S WX    SPD DR
================================================================================

 1  85  72  79   5   0  14 0.00    M    M  7.5 17 130   M    M   6 1      27 100
 2  86  64  75   1   0  10 0.00    M    M  4.6 12 100   M    M   1 1      15 110
 3  88  65  77   3   0  12 0.00    M    M  8.4 21 160   M    M   5 12     26 190
 4  79  61  70  -4   0   5 0.00    M    M 10.3 28  10   M    M   2 1      37  30
 5  72  58  65  -9   0   0    T    M    M  3.0  9  40   M    M   6        12  30
 6  73  62  68  -5   0   3 0.01    M    M  5.9 13 140   M    M  10 1      15 140
 7  74  58  66  -7   0   1 0.38    M    M  7.2 13 100   M    M   8 1      19 110
 8  81  56  69  -4   0   4 0.00    M    M  8.3 16 150   M    M   5 1      24 190
 9  88  64  76   3   0  11 0.00    M    M  8.9 20 140   M    M   4 1      26 130
10  89  66  78   5   0  13 0.00    M    M 10.0 23 160   M    M   1        29 160
11  87  66  77   4   0  12 0.03    M    M  5.5 29  10   M    M   2 13     42 360
12  85  57  71  -2   0   6    T    M    M  7.9 18 320   M    M   3        26 330
13  84  54  69  -3   0   4 0.00    M    M  4.0 21 340   M    M   0        26 330
14  84  55  70  -2   0   5 0.00    M    M  7.6 20 160   M    M   2        27 160
15  88  58  73   1   0   8    T    M    M  9.1 22 210   M    M   0 38     33 210
16  90  63  77   5   0  12 0.01    M    M  5.2 22 200   M    M   2 3      29 210
17  89  58  74   2   0   9 0.00    M    M  7.1 17 150   M    M   0 1      25 180
18  93  56  75   3   0  10 0.00    M    M  6.8 24 180   M    M   1 12     36 180
19  72  57  65  -7   0   0 0.06    M    M 11.8 24 350   M    M   5 1      28 340
20  74  45  60 -11   5   0 0.00    M    M 10.4 21 350   M    M   2        28 320
21  83  42  63  -8   2   0 0.00    M    M  8.5 22 160   M    M   0        31 210
22  89  61  75   4   0  10 0.00    M    M 15.3 29 180   M    M   0        41 200
23  87  57  72   1   0   7 0.00    M    M  9.2 17 170   M    M   2        26 190
24  79  51  65  -5   0   0 0.00    M    M  6.3 14 360   M    M   0        18  10
25  77  52  65  -5   0   0 0.00    M    M  5.3 16  10   M    M   0        20  10
26  72  47  60 -10   5   0 0.00    M    M  5.4 14 150   M    M   4 18     17 150
27  83  56  70   0   0   5 0.00    M    M  7.0 20 170   M    M   4 12     27 200
28  88  59  74   5   0   9 0.00    M    M  7.7 23 160   M    M   0 1      27 160
================================================================================
SM 2319 1620        12 170  0.49    M    214.2          M       75
================================================================================
AV 82.8 57.9                               7.6 FASTST   M    M   3    MAX(MPH)
                                 MISC ---->  # 29  10               # 42  360
================================================================================
NOTES:
# LAST OF SEVERAL OCCURRENCES

COLUMN 17 PEAK WIND IN M.P.H.

PRELIMINARY LOCAL CLIMATOLOGICAL DATA (WS FORM: F-6) , PAGE 2

                                          STATION:  BROKEN BOW
                                          MONTH:    AUGUST
                                          YEAR:     2016
                                          LATITUDE:   41 26 N
                                          LONGITUDE:  99 39 W

[TEMPERATURE DATA]      [PRECIPITATION DATA]       SYMBOLS USED IN COLUMN 16

AVERAGE MONTHLY: 70.3   TOTAL FOR MONTH:   0.49    1 = FOG OR MIST
DPTR FM NORMAL:  -1.7   DPTR FM NORMAL:   -1.53    2 = FOG REDUCING VISIBILITY
HIGHEST:    93 ON 18    GRTST 24HR  0.67 ON 31- 1      TO 1/4 MILE OR LESS
LOWEST:     42 ON 21                               3 = THUNDER
                        SNOW, ICE PELLETS, HAIL    4 = ICE PELLETS
                        TOTAL MONTH:    M          5 = HAIL
                        GRTST 24HR    M  ON   M    6 = FREEZING RAIN OR DRIZZLE
                        GRTST DEPTH:  M  ON   M    7 = DUSTSTORM OR SANDSTORM:
                                                       VSBY 1/2 MILE OR LESS
                                                   8 = SMOKE OR HAZE
[NO. OF DAYS WITH]      [WEATHER - DAYS WITH]      9 = BLOWING SNOW
                                                   X = TORNADO
MAX 32 OR BELOW:   0    0.01 INCH OR MORE:   5
MAX 90 OR ABOVE:   2    0.10 INCH OR MORE:   1
MIN 32 OR BELOW:   0    0.50 INCH OR MORE:   0
MIN  0 OR BELOW:   0    1.00 INCH OR MORE:   0

[HDD (BASE 65) ]
TOTAL THIS MO.    12    CLEAR  (SCALE 0-3)  18
DPTR FM NORMAL     7    PTCLDY (SCALE 4-7)   8
TOTAL FM JUL 1    22    CLOUDY (SCALE 8-10)  2
DPTR FM NORMAL    12

[CDD (BASE 65) ]
TOTAL THIS MO.   170
DPTR FM NORMAL   -38    [PRESSURE DATA]
TOTAL FM JAN 1   698    HIGHEST SLP M ON M
DPTR FM NORMAL    16    LOWEST  SLP 29.71 ON M

[REMARKS]
