000
CXUS55 KBOU 300800
CF6BDU
PRELIMINARY LOCAL CLIMATOLOGICAL DATA (WS FORM: F-6)

                                          STATION:   Boulder Airport
                                          MONTH:     AUGUST
                                          YEAR:      2014
                                          LATITUDE:   40  2 N
                                          LONGITUDE: 105 14 W

  TEMPERATURE IN F:       :PCPN:    SNOW:  WIND      :SUNSHINE: SKY     :PK WND
================================================================================
1   2   3   4   5  6A  6B    7    8   9   10  11  12  13   14  15   16   17  18
                                     12Z  AVG MX 2MIN
DY MAX MIN AVG DEP HDD CDD  WTR  SNW DPTH SPD SPD DIR MIN PSBL S-S WX    SPD DR
================================================================================

 1  81  55  68   M   0   3    M    M    M  3.5  7 230   M    M   1         M  M
 2  82  54  68   M   0   3    M    M    M  2.5  6 250   M    M   0         M  M
 3  86  61  74   M   0   9    M    M    M  1.9  7  80   M    M   0         M  M
 4  82  63  73   M   0   8    M    M    M  3.5 13 250   M    M   1        20 250
 5  79  63  71   M   0   6    M    M    M  3.5  9 360   M    M   5        16 250
 6  88  61  75   M   0  10    M    M    M  5.1 14 290   M    M   1        27 290
 7  81  61  71   M   0   6    M    M    M  3.5 10  10   M    M   1         M  M
 8  82  55  69   M   0   4    M    M    M  5.1 12 350   M    M   0         M  M
 9  88  59  74   M   0   9    M    M    M  3.9 15  60   M    M   1 3       M  M
10  77  61  69   M   0   4    M    M    M  3.4  9 230   M    M   1 3       M  M
11  84  55  70   M   0   5    M    M    M  2.8  8 250   M    M   0         M  M
12  90  55  73   M   0   8    M    M    M  2.8  8  60   M    M   0         M  M
13  90  59  75   M   0  10    M    M    M  4.4 13 250   M    M   1        18 190
14  82  64  73   M   0   8    M    M    M  3.1 21 260   M    M   4 3      28 260
15  88  59  74   M   0   9    M    M    M  2.5  6 230   M    M   3         M  M
16  91  68  80   M   0  15    M    M    M  4.8 10  30   M    M   0        16  30
17  93  63  78   M   0  13    M    M    M  5.1 13 260   M    M   0        25 260
18  86  59  73   M   0   8    M    M    M  3.6 13 180   M    M   0 3      21 180
19  88  59  74   M   0   9    M    M    M  3.7 20 240   M    M   2        35 240
20  90  61  76   M   0  11    M    M    M  4.8 17 220   M    M   3        23 220
21  86  55  71   M   0   6    M    M    M  3.6 10 280   M    M   3 3      20 280
22  72  61  67   M   0   2    M    M    M  2.1  7 130   M    M   7         M  M
23  79  57  68   M   0   3    M    M    M  5.4 21 240   M    M   3 3      31 240
24  84  54  69   M   0   4    M    M    M  6.8 22 270   M    M   0        31 230
25  77  55  66   M   0   1    M    M    M  3.9  9 200   M    M   3 3       M  M
26  72  55  64   M   1   0    M    M    M  4.8 14 240   M    M   8 3      21 260
27  73  55  64   M   1   0    M    M    M  2.5  8 270   M    M   6 3       M  M
28  66  52  59   M   6   0    M    M    M  3.1  7 220   M    M   4         M  M
29  81  50  66   M   0   1    M    M    M  5.0 16 270   M    M   3 3      22 270
================================================================================
SM 2398 1689         8 175    M     M    110.7          M       61
================================================================================
AV 82.7 58.2                               3.8 FASTST   M    M   2    MAX(MPH)
                                 MISC ---->    22   M               # 35  240
================================================================================
NOTES:
# LAST OF SEVERAL OCCURRENCES

COLUMN 17 PEAK WIND IN M.P.H.

PRELIMINARY LOCAL CLIMATOLOGICAL DATA (WS FORM: F-6) , PAGE 2

                                          STATION:  Boulder Airport
                                          MONTH:    AUGUST
                                          YEAR:     2014
                                          LATITUDE:   40  2 N
                                          LONGITUDE: 105 14 W

[TEMPERATURE DATA]      [PRECIPITATION DATA]       SYMBOLS USED IN COLUMN 16

AVERAGE MONTHLY: 70.5   TOTAL FOR MONTH:      M    1 = FOG OR MIST
DPTR FM NORMAL:     M   DPTR FM NORMAL:       M    2 = FOG REDUCING VISIBILITY
HIGHEST:    93 ON 17    GRTST 24HR    M  ON   M        TO 1/4 MILE OR LESS
LOWEST:     50 ON 29                               3 = THUNDER
                        SNOW, ICE PELLETS, HAIL    4 = ICE PELLETS
                        TOTAL MONTH:    M          5 = HAIL
                        GRTST 24HR    M  ON   M    6 = FREEZING RAIN OR DRIZZLE
                        GRTST DEPTH:  M  ON   M    7 = DUSTSTORM OR SANDSTORM:
                                                       VSBY 1/2 MILE OR LESS
                                                   8 = SMOKE OR HAZE
[NO. OF DAYS WITH]      [WEATHER - DAYS WITH]      9 = BLOWING SNOW
                                                   X = TORNADO
MAX 32 OR BELOW:   0    0.01 INCH OR MORE:   0
MAX 90 OR ABOVE:   5    0.10 INCH OR MORE:   0
MIN 32 OR BELOW:   0    0.50 INCH OR MORE:   0
MIN  0 OR BELOW:   0    1.00 INCH OR MORE:   0

[HDD (BASE 65) ]
TOTAL THIS MO.     8    CLEAR  (SCALE 0-3)  18
DPTR FM NORMAL     M    PTCLDY (SCALE 4-7)  11
TOTAL FM JUL 1    16    CLOUDY (SCALE 8-10)  0
DPTR FM NORMAL     M

[CDD (BASE 65) ]
TOTAL THIS MO.   175
DPTR FM NORMAL     M    [PRESSURE DATA]
TOTAL FM JAN 1   547    HIGHEST SLP M ON M
DPTR FM NORMAL     M    LOWEST  SLP M ON M

[REMARKS]
