000
CXUS53 KIWX 220800
CF6BEH
PRELIMINARY LOCAL CLIMATOLOGICAL DATA (WS FORM: F-6)

                                          STATION:   BENTON HARBOR
                                          MONTH:     OCTOBER
                                          YEAR:      2014
                                          LATITUDE:   42  7 N
                                          LONGITUDE:  86 26 W

  TEMPERATURE IN F:       :PCPN:    SNOW:  WIND      :SUNSHINE: SKY     :PK WND
================================================================================
1   2   3   4   5  6A  6B    7    8   9   10  11  12  13   14  15   16   17  18
                                     12Z  AVG MX 2MIN
DY MAX MIN AVG DEP HDD CDD  WTR  SNW DPTH SPD SPD DIR MIN PSBL S-S WX    SPD DR
================================================================================

 1  68  52  60   2   5   0 0.00  0.0    0  8.8 14 130   M    M   4        19 130
 2  72  57  65   7   0   0 0.97  0.0    0  7.9 14 170   M    M   9 13     20 130
 3  66  47  57   0   8   0 1.01  0.0    0 15.1 23 280   M    M  10 1      39 270
 4  48  37  43 -14  22   0 0.32  0.0    0 19.7 32 270   M    M  10 1      43 260
 5  55  42  49  -8  16   0 0.00  0.0    0 14.6 23 250   M    M   8        33 190
 6  59  45  52  -4  13   0 0.08  0.0    0 12.3 25 260   M    M   6 1      32 250
 7  63  44  54  -2  11   0 0.00  0.0    0  9.0 20 280   M    M   3 1      26 270
 8  60  52  56   0   9   0 0.00  0.0    0 13.1 25 270   M    M   1        34 280
 9  55  35  45 -10  20   0 0.00  0.0    0  3.6  9 290   M    M   0        18  99
10  56  32  44 -11  21   0 0.00  0.0    0  3.3 10  70   M    M   1 1      16  20
11  57  31  44 -10  21   0 0.00  0.0    0  2.3  9 340   M    M   0 1      15 290
12  63  35  49  -5  16   0    T  0.0    0  8.8 16 120   M    M   3        25 120
13  71  52  62   8   3   0 0.11  0.0    0  8.2 22 130   M    M   8 1      29 120
14  67  55  61   7   4   0 0.39  0.0    0  6.7 17 250   M    M   9 1      26 160
15  61  53  57   4   8   0 0.03  0.0    0  3.9 12 100   M    M  10 1      13 110
16  57  46  52  -1  13   0 0.00  0.0    0  5.8 14 230   M    M   9 12     19 230
17  60  49  55   2  10   0    T  0.0    0 13.4 23 300   M    M   6 1      34 290
18  50  37  44  -8  21   0 0.16  0.0    0  8.7 16 320   M    M  10 18     26 330
19  52  29  41 -11  24   0 0.00  0.0    0  5.2 14 240   M    M   2         M  M
20  55  46  51  -1  14   0 0.05  0.0    0  7.2 14 270   M    M   8 1      19 300
21  53  30  42  -9  23   0 0.14    M    0  4.4 13  10   M    M   7 1      23  20
================================================================================
SM 1248  906       282   0  3.26     0.0 182.0          M      124
================================================================================
AV 59.4 43.1                               8.7 FASTST   M    M   6    MAX(MPH)
                                 MISC ---->  # 32 270               # 43  260
================================================================================
NOTES:
# LAST OF SEVERAL OCCURRENCES

COLUMN 17 PEAK WIND IN M.P.H.

PRELIMINARY LOCAL CLIMATOLOGICAL DATA (WS FORM: F-6) , PAGE 2

                                          STATION:  BENTON HARBOR
                                          MONTH:    OCTOBER
                                          YEAR:     2014
                                          LATITUDE:   42  7 N
                                          LONGITUDE:  86 26 W

[TEMPERATURE DATA]      [PRECIPITATION DATA]       SYMBOLS USED IN COLUMN 16

AVERAGE MONTHLY: 51.3   TOTAL FOR MONTH:   3.26    1 = FOG OR MIST
DPTR FM NORMAL:  -3.3   DPTR FM NORMAL:    0.81    2 = FOG REDUCING VISIBILITY
HIGHEST:    72 ON  2    GRTST 24HR  1.84 ON  2- 3      TO 1/4 MILE OR LESS
LOWEST:     29 ON 19                               3 = THUNDER
                        SNOW, ICE PELLETS, HAIL    4 = ICE PELLETS
                        TOTAL MONTH:   0.0 INCH    5 = HAIL
                        GRTST 24HR     0.0         6 = FREEZING RAIN OR DRIZZLE
                        GRTST DEPTH:   0           7 = DUSTSTORM OR SANDSTORM:
                                                       VSBY 1/2 MILE OR LESS
                                                   8 = SMOKE OR HAZE
[NO. OF DAYS WITH]      [WEATHER - DAYS WITH]      9 = BLOWING SNOW
                                                   X = TORNADO
MAX 32 OR BELOW:   0    0.01 INCH OR MORE:  10
MAX 90 OR ABOVE:   0    0.10 INCH OR MORE:   7
MIN 32 OR BELOW:   4    0.50 INCH OR MORE:   2
MIN  0 OR BELOW:   0    1.00 INCH OR MORE:   1

[HDD (BASE 65) ]
TOTAL THIS MO.   282    CLEAR  (SCALE 0-3)   6
DPTR FM NORMAL    51    PTCLDY (SCALE 4-7)   7
TOTAL FM JUL 1   555    CLOUDY (SCALE 8-10)  8
DPTR FM NORMAL   175

[CDD (BASE 65) ]
TOTAL THIS MO.     0
DPTR FM NORMAL   -10    [PRESSURE DATA]
TOTAL FM JAN 1   442    HIGHEST SLP M ON M
DPTR FM NORMAL  -329    LOWEST  SLP 29.49 ON 14

[REMARKS]
