000
CXUS53 KIWX 300800
CF6BEH
PRELIMINARY LOCAL CLIMATOLOGICAL DATA (WS FORM: F-6)

                                          STATION:   BENTON HARBOR
                                          MONTH:     JULY
                                          YEAR:      2016
                                          LATITUDE:   42  7 N
                                          LONGITUDE:  86 26 W

  TEMPERATURE IN F:       :PCPN:    SNOW:  WIND      :SUNSHINE: SKY     :PK WND
================================================================================
1   2   3   4   5  6A  6B    7    8   9   10  11  12  13   14  15   16   17  18
                                     12Z  AVG MX 2MIN
DY MAX MIN AVG DEP HDD CDD  WTR  SNW DPTH SPD SPD DIR MIN PSBL S-S WX    SPD DR
================================================================================

 1  71  52  62 -10   3   0 0.31  0.0    0  6.1 17 270   M    M   6 1      23 310
 2  73  49  61 -11   4   0 0.00  0.0    0  2.7 12 290   M    M   0 1      14 300
 3  80  49  65  -7   0   0 0.00  0.0    0  4.2 13 120   M    M   1 18     17 100
 4  78  58  68  -5   0   3 0.01  0.0    0  4.9 12 120   M    M   9 18     15 120
 5  85  63  74   1   0   9 0.00  0.0    0  6.7 15 270   M    M   4 18     18 260
 6  87  70  79   6   0  14 0.12  0.0    0  7.2 20 250   M    M   1 3      25 250
 7  86  67  77   4   0  12 0.14  0.0    0  3.5 12 230   M    M   5 1      14 220
 8  89  64  77   4   0  12 0.01  0.0    0  5.9 20 230   M    M   4 128    29 220
 9  72  58  65  -8   0   0 0.00  0.0    0  6.1 15 300   M    M   5        24 300
10  81  53  67  -6   0   2 0.00  0.0    0  3.0  9 290   M    M   0 12     13 300
11  92  62  77   4   0  12 0.00  0.0    0  7.9 15 190   M    M   3        20 140
12  94  72  83  10   0  18 0.00  0.0    0  9.9 20 240   M    M   1        26 260
13  91  66  79   6   0  14 0.01  0.0    0  8.4 35 230   M    M   2 13     55 250
14  89  70  80   7   0  15 0.00  0.0    0 14.1 23 250   M    M   3 8      32 250
15  76  63  70  -3   0   5 0.00  0.0    0  7.3 15 280   M    M   6        20 280
16  75  53  64  -9   1   0 0.00  0.0    0  3.4 13 290   M    M   1 8      18 290
17  88  50  69  -4   0   4 0.22  0.0    0 11.2 31 240   M    M   2 13     43 230
18  80  63  72  -1   0   7 0.25  0.0    0  5.5 26 260   M    M   2 138    31 250
19  85  60  73   0   0   8 0.00  0.0    0  3.1 10 270   M    M   0 1      14 290
20  91  61  76   3   0  11 0.00  0.0    0  4.8 15 260   M    M   1 18     17 280
21  90  71  81   8   0  16 0.49  0.0    0  9.6 31 250   M    M   1 138    40 250
22  85  70  78   5   0  13 0.00  0.0    0  6.1 25 220   M    M   0        35 200
23  90  67  79   6   0  14 0.12  0.0    0  3.5 16 100   M    M   1 138    20 110
24  91  72  82  10   0  17 0.58  0.0    0  9.1 20 230   M    M   5 13     26 230
25  80  66  73   1   0   8 0.00  0.0    0  6.3 17 260   M    M   3 8      23 250
26  84  62  73   1   0   8 0.00  0.0    0  2.7 10 300   M    M   0 1      14 310
27  85  61  73   1   0   8 0.00  0.0    0  2.4 10 270   M    M   0 1      14 260
28  87  66  77   5   0  12 0.00  0.0    0  3.0 15 110   M    M   3 13     19 110
29  85  66  76   4   0  11 0.27  0.0    0  6.1 13 100   M    M   4 13     18 100
================================================================================
SM 2440 1804         8 253  2.53     0.0 174.7          M       73
================================================================================
AV 84.1 62.2                               6.0 FASTST   M    M   3    MAX(MPH)
                                 MISC ---->  # 35 230               # 55  250
================================================================================
NOTES:
# LAST OF SEVERAL OCCURRENCES

COLUMN 17 PEAK WIND IN M.P.H.

PRELIMINARY LOCAL CLIMATOLOGICAL DATA (WS FORM: F-6) , PAGE 2

                                          STATION:  BENTON HARBOR
                                          MONTH:    JULY
                                          YEAR:     2016
                                          LATITUDE:   42  7 N
                                          LONGITUDE:  86 26 W

[TEMPERATURE DATA]      [PRECIPITATION DATA]       SYMBOLS USED IN COLUMN 16

AVERAGE MONTHLY: 73.2   TOTAL FOR MONTH:   2.53    1 = FOG OR MIST
DPTR FM NORMAL:   0.5   DPTR FM NORMAL:   -0.62    2 = FOG REDUCING VISIBILITY
HIGHEST:    94 ON 12    GRTST 24HR  0.70 ON 23-24      TO 1/4 MILE OR LESS
LOWEST:     49 ON  3, 2                            3 = THUNDER
                        SNOW, ICE PELLETS, HAIL    4 = ICE PELLETS
                        TOTAL MONTH:   0.0 INCH    5 = HAIL
                        GRTST 24HR     0.0         6 = FREEZING RAIN OR DRIZZLE
                        GRTST DEPTH:   0           7 = DUSTSTORM OR SANDSTORM:
                                                       VSBY 1/2 MILE OR LESS
                                                   8 = SMOKE OR HAZE
[NO. OF DAYS WITH]      [WEATHER - DAYS WITH]      9 = BLOWING SNOW
                                                   X = TORNADO
MAX 32 OR BELOW:   0    0.01 INCH OR MORE:  12
MAX 90 OR ABOVE:   7    0.10 INCH OR MORE:   9
MIN 32 OR BELOW:   0    0.50 INCH OR MORE:   1
MIN  0 OR BELOW:   0    1.00 INCH OR MORE:   0

[HDD (BASE 65) ]
TOTAL THIS MO.     8    CLEAR  (SCALE 0-3)  19
DPTR FM NORMAL     6    PTCLDY (SCALE 4-7)   9
TOTAL FM JUL 1     8    CLOUDY (SCALE 8-10)  1
DPTR FM NORMAL     6

[CDD (BASE 65) ]
TOTAL THIS MO.   253
DPTR FM NORMAL    21    [PRESSURE DATA]
TOTAL FM JAN 1   468    HIGHEST SLP M ON M
DPTR FM NORMAL    17    LOWEST  SLP 29.70 ON 13

[REMARKS]
