000
CXUS55 KCTP 250700
CF6BFD
PRELIMINARY LOCAL CLIMATOLOGICAL DATA (WS FORM: F-6)

                                          STATION:   BRADFORD
                                          MONTH:     SEPTEMBER
                                          YEAR:      2017
                                          LATITUDE:   41 47 N
                                          LONGITUDE:  78 38 W

  TEMPERATURE IN F:       :PCPN:    SNOW:  WIND      :SUNSHINE: SKY     :PK WND
================================================================================
1   2   3   4   5  6A  6B    7    8   9   10  11  12  13   14  15   16   17  18
                                     12Z  AVG MX 2MIN
DY MAX MIN AVG DEP HDD CDD  WTR  SNW DPTH SPD SPD DIR MIN PSBL S-S WX    SPD DR
================================================================================

 1  62  39  51 -10  14   0 0.00    M    M  3.2 12  20   M    M   0        16  70
 2  59  43  51 -10  14   0 0.18    M    M  9.1 21 140   M    M   5 1      28 150
 3  60  52  56  -5   9   0 0.49    M    M  6.1 16 290   M    M   9 1      21 280
 4  74  53  64   3   1   0 0.00    M    M  8.0 17 200   M    M   3 13     28 190
 5  71  52  62   2   3   0 0.47    M    M  5.8 22 280   M    M   9 123    31 320
 6  64  48  56  -4   9   0 0.19    M    M  2.5 10 210   M    M   7 12     14 230
 7  58  44  51  -9  14   0 0.07    M    M  5.6 15 300   M    M   7 1      22 260
 8  59  45  52  -7  13   0 0.14    M    M  6.5 20 340   M    M   8 13     26 350
 9  61  41  51  -8  14   0 0.00    M    M  4.0 14 340   M    M   7 12     18 360
10  65  34  50  -9  15   0 0.00    M    M  2.8 12 340   M    M   1 1      18  60
11  72  33  53  -5  12   0 0.00    M    M  2.5 10 110   M    M   1 12     15 130
12  77  42  60   2   5   0 0.00    M    M  2.1 10 120   M    M   0 1      13 120
13  77  49  63   5   2   0 0.00    M    M  3.3 10 210   M    M   5 3      14 210
14  65  59  62   5   3   0 0.56    M    M  5.2 10 290   M    M  10 1      13 280
15  78  52  65   8   0   0 0.00    M    M  3.3  9  40   M    M   5 12     13  30
16  78  53  66   9   0   1 0.00    M    M  1.8 10 100   M    M   3 12     14  90
17  80  53  67  11   0   2 0.00    M    M  2.2  8 220   M    M   6 1      12 120
18  77  60  69  13   0   4 0.21    M    M  0.3  6 320   M    M   8 1       9 310
19  79  54  67  11   0   2 0.00    M    M  2.3  9 130   M    M   4 12     13 140
20  80  50  65  10   0   0 0.00    M    M  2.0 12 340   M    M   0 1      15  20
21  81  48  65  10   0   0 0.00    M    M  1.6  8 350   M    M   3 12     10 360
22  79  49  64  10   1   0 0.00    M    M  2.8 13  70   M    M   1 12     16  50
23  84  48  66  12   0   1 0.00    M    M  2.8 15 330   M    M   0 1      19 330
24  86  55  71  17   0   6 0.00    M    M  2.8 14  40   M    M   0 1      19  60
================================================================================
SM 1726 1156       129  16  2.31    M     88.6          M      102
================================================================================
AV 71.9 48.2                               3.7 FASTST   M    M   4    MAX(MPH)
                                 MISC ---->  # 22 280               # 31  320
================================================================================
NOTES:
# LAST OF SEVERAL OCCURRENCES

COLUMN 17 PEAK WIND IN M.P.H.

PRELIMINARY LOCAL CLIMATOLOGICAL DATA (WS FORM: F-6) , PAGE 2

                                          STATION:  BRADFORD
                                          MONTH:    SEPTEMBER
                                          YEAR:     2017
                                          LATITUDE:   41 47 N
                                          LONGITUDE:  78 38 W

[TEMPERATURE DATA]      [PRECIPITATION DATA]       SYMBOLS USED IN COLUMN 16

AVERAGE MONTHLY: 60.0   TOTAL FOR MONTH:   2.31    1 = FOG OR MIST
DPTR FM NORMAL:   2.3   DPTR FM NORMAL:   -0.83    2 = FOG REDUCING VISIBILITY
HIGHEST:    86 ON 24    GRTST 24HR  0.56 ON 14-14      TO 1/4 MILE OR LESS
LOWEST:     33 ON 11                               3 = THUNDER
                        SNOW, ICE PELLETS, HAIL    4 = ICE PELLETS
                        TOTAL MONTH:    M          5 = HAIL
                        GRTST 24HR    M  ON   M    6 = FREEZING RAIN OR DRIZZLE
                        GRTST DEPTH:  M  ON   M    7 = DUSTSTORM OR SANDSTORM:
                                                       VSBY 1/2 MILE OR LESS
                                                   8 = SMOKE OR HAZE
[NO. OF DAYS WITH]      [WEATHER - DAYS WITH]      9 = BLOWING SNOW
                                                   X = TORNADO
MAX 32 OR BELOW:   0    0.01 INCH OR MORE:   8
MAX 90 OR ABOVE:   0    0.10 INCH OR MORE:   7
MIN 32 OR BELOW:   0    0.50 INCH OR MORE:   1
MIN  0 OR BELOW:   0    1.00 INCH OR MORE:   0

[HDD (BASE 65) ]
TOTAL THIS MO.   129    CLEAR  (SCALE 0-3)  10
DPTR FM NORMAL    33    PTCLDY (SCALE 4-7)  11
TOTAL FM JUL 1   238    CLOUDY (SCALE 8-10)  3
DPTR FM NORMAL   -11

[CDD (BASE 65) ]
TOTAL THIS MO.    16
DPTR FM NORMAL     3    [PRESSURE DATA]
TOTAL FM JAN 1   240    HIGHEST SLP M ON M
DPTR FM NORMAL    50    LOWEST  SLP 29.70 ON  5

[REMARKS]
