000
CXUS54 KAMA 191015
CF6BGD
PRELIMINARY LOCAL CLIMATOLOGICAL DATA (WS FORM: F-6)

                                          STATION:   BORGER
                                          MONTH:     DECEMBER
                                          YEAR:      2014
                                          LATITUDE:   35 42 N
                                          LONGITUDE: 101 24 W

  TEMPERATURE IN F:       :PCPN:    SNOW:  WIND      :SUNSHINE: SKY     :PK WND
================================================================================
1   2   3   4   5  6A  6B    7    8   9   10  11  12  13   14  15   16   17  18
                                     12Z  AVG MX 2MIN
DY MAX MIN AVG DEP HDD CDD  WTR  SNW DPTH SPD SPD DIR MIN PSBL S-S WX    SPD DR
================================================================================

 1  33  15  24 -18  41   0 0.00  0.0    0 10.2 23  10   M    M   0        27 360
 2  61  24  43   1  22   0 0.00  0.0    0  7.6 15 180   M    M   0        22 190
 3  47  33  40  -1  25   0 0.00  0.0    0  7.7 17  40   M    M   2 1      22  30
 4  56  36  46   5  19   0 0.09  0.0    0  5.1 15 190   M    M   7 1      19 190
 5  63  42  53  12  12   0 0.00  0.0    0  7.2 16 350   M    M   5 1      19 350
 6  53  34  44   4  21   0 0.00  0.0    0  4.6 17 170   M    M   0        23 170
 7  66  42  54  14  11   0 0.00  0.0    0  9.9 20 230   M    M   2        25 230
 8  67  34  51  11  14   0 0.00  0.0    0  8.1 17 180   M    M   0        23 160
 9  65  35  50  11  15   0 0.00  0.0    0  7.0 15 170   M    M   0        22 170
10  56  39  48   9  17   0 0.00  0.0    0  4.6 12 190   M    M   4 18     16 180
11  62  35  49  10  16   0 0.00  0.0    0  4.9 13 150   M    M   5 128    18 150
12  68  44  56  17   9   0 0.00  0.0    0 10.4 23 170   M    M   5 128    31 160
13  71  50  61  23   4   0 0.00  0.0    0 15.6 23 170   M    M   2 18     35 170
14  60  41  51  13  14   0 0.04  0.0    0 20.7 39 240   M    M   5 1      50 240
15  50  32  41   3  24   0 0.00  0.0    0 12.6 25 340   M    M   0        32 320
16  53  25  39   1  26   0 0.00  0.0    0  7.2 16 160   M    M   1        22 170
17  43  37  40   2  25   0    T  0.0    0 12.3 21 170   M    M   9 1      26 150
18  40  33  37  -1  28   0 0.00  0.0    0  5.9 12 330   M    M  10 1      16 330
================================================================================
SM 1014  631       343   0  0.13     0.0 161.6          M       57
================================================================================
AV 56.3 35.1                               9.0 FASTST   M    M   3    MAX(MPH)
                                 MISC ---->  # 39 240               # 50  240
================================================================================
NOTES:
# LAST OF SEVERAL OCCURRENCES

COLUMN 17 PEAK WIND IN M.P.H.

PRELIMINARY LOCAL CLIMATOLOGICAL DATA (WS FORM: F-6) , PAGE 2

                                          STATION:  BORGER
                                          MONTH:    DECEMBER
                                          YEAR:     2014
                                          LATITUDE:   35 42 N
                                          LONGITUDE: 101 24 W

[TEMPERATURE DATA]      [PRECIPITATION DATA]       SYMBOLS USED IN COLUMN 16

AVERAGE MONTHLY: 45.7   TOTAL FOR MONTH:   0.13    1 = FOG OR MIST
DPTR FM NORMAL:   6.2   DPTR FM NORMAL:   -0.20    2 = FOG REDUCING VISIBILITY
HIGHEST:    71 ON 13    GRTST 24HR  0.09 ON  4- 4      TO 1/4 MILE OR LESS
LOWEST:     15 ON  1                               3 = THUNDER
                        SNOW, ICE PELLETS, HAIL    4 = ICE PELLETS
                        TOTAL MONTH:   0.0 INCH    5 = HAIL
                        GRTST 24HR     0.0         6 = FREEZING RAIN OR DRIZZLE
                        GRTST DEPTH:   0           7 = DUSTSTORM OR SANDSTORM:
                                                       VSBY 1/2 MILE OR LESS
                                                   8 = SMOKE OR HAZE
[NO. OF DAYS WITH]      [WEATHER - DAYS WITH]      9 = BLOWING SNOW
                                                   X = TORNADO
MAX 32 OR BELOW:   0    0.01 INCH OR MORE:   2
MAX 90 OR ABOVE:   0    0.10 INCH OR MORE:   0
MIN 32 OR BELOW:   4    0.50 INCH OR MORE:   0
MIN  0 OR BELOW:   0    1.00 INCH OR MORE:   0

[HDD (BASE 65) ]
TOTAL THIS MO.   343    CLEAR  (SCALE 0-3)  10
DPTR FM NORMAL  -116    PTCLDY (SCALE 4-7)   6
TOTAL FM JUL 1  1028    CLOUDY (SCALE 8-10)  2
DPTR FM NORMAL  -148

[CDD (BASE 65) ]
TOTAL THIS MO.     0
DPTR FM NORMAL     0    [PRESSURE DATA]
TOTAL FM JAN 1  2053    HIGHEST SLP M ON M
DPTR FM NORMAL   214    LOWEST  SLP 29.47 ON 14

[REMARKS]
