000
CXUS51 KCAR 210600
CF6BGR
PRELIMINARY LOCAL CLIMATOLOGICAL DATA (WS FORM: F-6)

                                          STATION:   BANGOR ME
                                          MONTH:     FEBRUARY
                                          YEAR:      2018
                                          LATITUDE:   44 47 N
                                          LONGITUDE:  68 49 W

  TEMPERATURE IN F:       :PCPN:    SNOW:  WIND      :SUNSHINE: SKY     :PK WND
================================================================================
1   2   3   4   5  6A  6B    7    8   9   10  11  12  13   14  15   16   17  18
                                     12Z  AVG MX 2MIN
DY MAX MIN AVG DEP HDD CDD  WTR  SNW DPTH SPD SPD DIR MIN PSBL S-S WX    SPD DR
================================================================================

 1  34  21  28  10  37   0 0.07  0.7    3  5.5 13 200   M    M   9 1      18 190
 2  33   2  18   0  47   0 0.22  1.9    4 12.7 29 320   M    M   6 1689   36 320
 3  13  -4   5 -13  60   0 0.00  0.0    5  5.9 13 210   M    M   1        18 250
 4  42   4  23   5  42   0 0.51  0.2    5  9.9 23 170   M    M  10 189    35 180
 5  42  14  28  10  37   0 0.41  0.0    1  9.2 26 310   M    M   6 1      34 310
 6  29  11  20   2  45   0    T    T    1  4.7 15 180   M    M   5        19 180
 7  24   7  16  -3  49   0 0.52  6.6    7  6.1 23  30   M    M   7 124    28 300
 8  24  -2  11  -8  54   0    T  0.1    7 11.5 22 320   M    M   3        28 320
 9  26 -10   8 -11  57   0 0.00  0.0    7  2.8 15 270   M    M   7 1      20 230
10  31  18  25   6  40   0 0.39  5.2   11  2.7  8  10   M    M  10 126    10 350
11  34  30  32  12  33   0 0.24    T   12  7.8 16  10   M    M  10 1246   20 360
12  35  20  28   8  37   0 0.00  0.0    7  8.5 20 310   M    M   6 1      31 300
13  24   4  14  -6  51   0 0.00  0.0    7  7.1 18 320   M    M   2        23 320
14  41   9  25   5  40   0 0.00  0.0    7  5.6 14 200   M    M   5 1      20 210
15  43  12  28   7  37   0 0.00  0.0    6  4.0 16 180   M    M   4 12     21 170
16  43  20  32  11  33   0 0.02    T    5  8.9 36 310   M    M   9 12     47 310
17  27  13  20  -1  45   0    T    T    4  6.6 23 330   M    M   5 1      26 320
18  37  10  24   2  41   0 0.17  2.0    6  7.5 22 320   M    M   7 1      28 330
19  41   6  24   2  41   0 0.04  0.0    6  7.8 24 180   M    M   5 1      32 170
20  41  34  38  16  27   0 0.18  0.0    3  2.0 14  50   M    M  10 12     15  50
================================================================================
SM  664  219       853   0  2.77    16.7 136.8          M      127
================================================================================
AV 33.2 11.0                               6.8 FASTST   M    M   6    MAX(MPH)
                                 MISC ---->  # 36 310               # 47  310
================================================================================
NOTES:
# LAST OF SEVERAL OCCURRENCES

COLUMN 17 PEAK WIND IN M.P.H.

PRELIMINARY LOCAL CLIMATOLOGICAL DATA (WS FORM: F-6) , PAGE 2

                                          STATION:  BANGOR ME
                                          MONTH:    FEBRUARY
                                          YEAR:     2018
                                          LATITUDE:   44 47 N
                                          LONGITUDE:  68 49 W

[TEMPERATURE DATA]      [PRECIPITATION DATA]       SYMBOLS USED IN COLUMN 16

AVERAGE MONTHLY: 22.1   TOTAL FOR MONTH:   2.77    1 = FOG OR MIST
DPTR FM NORMAL:   2.4   DPTR FM NORMAL:    1.01    2 = FOG REDUCING VISIBILITY
HIGHEST:    43 ON 16,15 GRTST 24HR  0.52 ON  7- 7      TO 1/4 MILE OR LESS
LOWEST:    -10 ON  9                               3 = THUNDER
                        SNOW, ICE PELLETS, HAIL    4 = ICE PELLETS
                        TOTAL MONTH:  16.7 INCHES  5 = HAIL
                        GRTST 24HR   6.6 ON  7- 7  6 = FREEZING RAIN OR DRIZZLE
                        GRTST DEPTH:  12 ON 11     7 = DUSTSTORM OR SANDSTORM:
                                                       VSBY 1/2 MILE OR LESS
                                                   8 = SMOKE OR HAZE
[NO. OF DAYS WITH]      [WEATHER - DAYS WITH]      9 = BLOWING SNOW
                                                   X = TORNADO
MAX 32 OR BELOW:   8    0.01 INCH OR MORE:  11
MAX 90 OR ABOVE:   0    0.10 INCH OR MORE:   8
MIN 32 OR BELOW:  19    0.50 INCH OR MORE:   2
MIN  0 OR BELOW:   3    1.00 INCH OR MORE:   0

[HDD (BASE 65) ]
TOTAL THIS MO.   853    CLEAR  (SCALE 0-3)   3
DPTR FM NORMAL   -53    PTCLDY (SCALE 4-7)  11
TOTAL FM JUL 1  4978    CLOUDY (SCALE 8-10)  6
DPTR FM NORMAL  -335

[CDD (BASE 65) ]
TOTAL THIS MO.     0
DPTR FM NORMAL     0    [PRESSURE DATA]
TOTAL FM JAN 1     0    HIGHEST SLP M ON M
DPTR FM NORMAL     0    LOWEST  SLP 29.42 ON  5

[REMARKS]
