000
CXUS51 KCAR 190600
CF6BGR
PRELIMINARY LOCAL CLIMATOLOGICAL DATA (WS FORM: F-6)

                                          STATION:   BANGOR ME
                                          MONTH:     OCTOBER
                                          YEAR:      2017
                                          LATITUDE:   44 47 N
                                          LONGITUDE:  68 49 W

  TEMPERATURE IN F:       :PCPN:    SNOW:  WIND      :SUNSHINE: SKY     :PK WND
================================================================================
1   2   3   4   5  6A  6B    7    8   9   10  11  12  13   14  15   16   17  18
                                     12Z  AVG MX 2MIN
DY MAX MIN AVG DEP HDD CDD  WTR  SNW DPTH SPD SPD DIR MIN PSBL S-S WX    SPD DR
================================================================================

 1  67  33  50  -3  15   0 0.00  0.0    0  5.1 14 270   M    M   0 1      19 270
 2  68  35  52   0  13   0 0.00  0.0    0  5.7 18  20   M    M   1        24  40
 3  66  30  48  -4  17   0 0.00  0.0    0  6.0 17 180   M    M   2 1      24 200
 4  79  49  64  12   1   0    T  0.0    0  9.2 17 190   M    M   4 8      23 200
 5  74  51  63  12   2   0 0.00  0.0    0  7.7 20 310   M    M   4        26 240
 6  67  44  56   5   9   0    T  0.0    0  3.6 12 250   M    M   6        17 250
 7  70  39  55   5  10   0    T  0.0    0  7.5 20 180   M    M   8 1      25 190
 8  74  59  67  17   0   2 0.27  0.0    0  9.2 22 200   M    M   8 12     30 210
 9  67  55  61  11   4   0 0.66  0.0    0  4.2 16 170   M    M   9 12     22 190
10  76  59  68  19   0   3    T  0.0    0  8.8 28 320   M    M   4 1      33 330
11  68  41  55   6  10   0 0.00  0.0    0  8.2 17 320   M    M   6        21 330
12  62  34  48   0  17   0 0.00  0.0    0  2.3 10  10   M    M   1 1      15  10
13  61  31  46  -2  19   0 0.00  0.0    0  6.3 18 180   M    M   3        23 170
14  70  55  63  15   2   0 0.00  0.0    0  6.6 14 200   M    M   9        18 200
15  69  57  63  16   2   0 0.00  0.0    0 10.3 21 200   M    M   9 1      27 200
16  70  40  55   8  10   0 0.00  0.0    0 13.1 25 320   M    M   8        31 320
17  55  30  43  -4  22   0 0.00  0.0    0  5.8 13 200   M    M   3        21 320
18  68  41  55   9  10   0 0.00  0.0    0  6.5 18 320   M    M   3        25 310
================================================================================
SM 1231  783       163   5  0.93     0.0 126.1          M       88
================================================================================
AV 68.4 43.5                               7.0 FASTST   M    M   5    MAX(MPH)
                                 MISC ---->  # 28 320               # 33  330
================================================================================
NOTES:
# LAST OF SEVERAL OCCURRENCES

COLUMN 17 PEAK WIND IN M.P.H.

PRELIMINARY LOCAL CLIMATOLOGICAL DATA (WS FORM: F-6) , PAGE 2

                                          STATION:  BANGOR ME
                                          MONTH:    OCTOBER
                                          YEAR:     2017
                                          LATITUDE:   44 47 N
                                          LONGITUDE:  68 49 W

[TEMPERATURE DATA]      [PRECIPITATION DATA]       SYMBOLS USED IN COLUMN 16

AVERAGE MONTHLY: 55.9   TOTAL FOR MONTH:   0.93    1 = FOG OR MIST
DPTR FM NORMAL:   6.5   DPTR FM NORMAL:   -1.51    2 = FOG REDUCING VISIBILITY
HIGHEST:    79 ON  4    GRTST 24HR  0.66 ON  9- 9      TO 1/4 MILE OR LESS
LOWEST:     30 ON 17, 3                            3 = THUNDER
                        SNOW, ICE PELLETS, HAIL    4 = ICE PELLETS
                        TOTAL MONTH:   0.0 INCH    5 = HAIL
                        GRTST 24HR     0.0         6 = FREEZING RAIN OR DRIZZLE
                        GRTST DEPTH:   0           7 = DUSTSTORM OR SANDSTORM:
                                                       VSBY 1/2 MILE OR LESS
                                                   8 = SMOKE OR HAZE
[NO. OF DAYS WITH]      [WEATHER - DAYS WITH]      9 = BLOWING SNOW
                                                   X = TORNADO
MAX 32 OR BELOW:   0    0.01 INCH OR MORE:   2
MAX 90 OR ABOVE:   0    0.10 INCH OR MORE:   2
MIN 32 OR BELOW:   3    0.50 INCH OR MORE:   1
MIN  0 OR BELOW:   0    1.00 INCH OR MORE:   0

[HDD (BASE 65) ]
TOTAL THIS MO.   163    CLEAR  (SCALE 0-3)   7
DPTR FM NORMAL  -118    PTCLDY (SCALE 4-7)   8
TOTAL FM JUL 1   280    CLOUDY (SCALE 8-10)  3
DPTR FM NORMAL  -273

[CDD (BASE 65) ]
TOTAL THIS MO.     5
DPTR FM NORMAL     5    [PRESSURE DATA]
TOTAL FM JAN 1   367    HIGHEST SLP M ON M
DPTR FM NORMAL    50    LOWEST  SLP 29.34 ON 15

[REMARKS]
