000
CXUS54 KBMX 291216
CF6BHM
PRELIMINARY LOCAL CLIMATOLOGICAL DATA (WS FORM: F-6)

                                          STATION:   BIRMINGHAM
                                          MONTH:     JUNE
                                          YEAR:      2015
                                          LATITUDE:   33 34 N
                                          LONGITUDE:  86 45 W

  TEMPERATURE IN F:       :PCPN:    SNOW:  WIND      :SUNSHINE: SKY     :PK WND
================================================================================
1   2   3   4   5  6A  6B    7    8   9   10  11  12  13   14  15   16   17  18
                                     12Z  AVG MX 2MIN
DY MAX MIN AVG DEP HDD CDD  WTR  SNW DPTH SPD SPD DIR MIN PSBL S-S WX    SPD DR
================================================================================

 1  81  66  74  -1   0   9 0.00  0.0    0  3.9 14 200   M    M   7 13     16 220
 2  82  63  73  -2   0   8 0.00  0.0    0  4.2 16 350   M    M   5 12     18 360
 3  82  61  72  -3   0   7 0.00  0.0    0  4.1 15 350   M    M   4        19 360
 4  84  65  75   0   0  10 0.00  0.0    0  4.7 13  40   M    M   4        16  40
 5  88  66  77   1   0  12 0.00  0.0    0  3.3 10 340   M    M   2        17 340
 6  90  66  78   2   0  13 0.00  0.0    0  3.2 13 350   M    M   3 8      17  10
 7  91  67  79   3   0  14 0.00  0.0    0  3.4 13 180   M    M   1        16 180
 8  91  74  83   7   0  18 0.00  0.0    0  9.1 18 190   M    M   6 3      25 220
 9  87  68  78   2   0  13 0.98  0.0    0  6.3 17  60   M    M   7 138    24  60
10  88  67  78   1   0  13 0.00  0.0    0  3.5 12 210   M    M   4 138    13 210
11  86  71  79   2   0  14 0.07  0.0    0  4.4 15  60   M    M   5 13     20  50
12  86  72  79   2   0  14    T  0.0    0  7.1 21 190   M    M   7 1      26 210
13  90  70  80   3   0  15 0.14  0.0    0  4.4 33 210   M    M   4 3      44 200
14  91  71  81   3   0  16 0.00  0.0    0  4.1 13 220   M    M   5        17 200
15  94  73  84   6   0  19 0.00  0.0    0  3.5 13 150   M    M   2        16 190
16  95  73  84   6   0  19 0.00  0.0    0  3.6 12 170   M    M   1        21 240
17  96  73  85   7   0  20 0.00  0.0    0  4.5 16 190   M    M   2        21 180
18  94  75  85   7   0  20 0.00  0.0    0  5.8 20 220   M    M   5        25 220
19  94  77  86   8   0  21 0.00  0.0    0 12.0 21 190   M    M   3        28 200
20  91  76  84   5   0  19 0.27  0.0    0  9.4 29 260   M    M   5 38     32 260
21  95  75  85   6   0  20 0.00  0.0    0  6.5 16 250   M    M   3        20 260
22  97  73  85   6   0  20 0.00  0.0    0  3.4 28  40   M    M   5 38     34  30
23  97  75  86   7   0  21 0.00  0.0    0  5.2 16 280   M    M   3 3      21 330
24  98  77  88   9   0  23 0.00  0.0    0  4.5 18 340   M    M   7 3      20 340
25  95  72  84   4   0  19 0.10  0.0    0  2.2 20  40   M    M   4 138    27  50
26  91  74  83   3   0  18    T  0.0    0  6.2 23 240   M    M   5 3      28 220
27  87  72  80   0   0  15 0.03  0.0    0  8.5 21 310   M    M   7 13     26 320
28  87  66  77  -3   0  12 0.00  0.0    0  4.9 14 320   M    M   2        22 320
================================================================================
SM 2528 1978         0 442  1.59     0.0 145.9          M      118
================================================================================
AV 90.3 70.6                               5.2 FASTST   M    M   4    MAX(MPH)
                                 MISC ---->  # 33 210               # 44  200
================================================================================
NOTES:
# LAST OF SEVERAL OCCURRENCES

COLUMN 17 PEAK WIND IN M.P.H.

PRELIMINARY LOCAL CLIMATOLOGICAL DATA (WS FORM: F-6) , PAGE 2

                                          STATION:  BIRMINGHAM
                                          MONTH:    JUNE
                                          YEAR:     2015
                                          LATITUDE:   33 34 N
                                          LONGITUDE:  86 45 W

[TEMPERATURE DATA]      [PRECIPITATION DATA]       SYMBOLS USED IN COLUMN 16

AVERAGE MONTHLY: 80.5   TOTAL FOR MONTH:   1.59    1 = FOG OR MIST
DPTR FM NORMAL:   2.9   DPTR FM NORMAL:   -2.47    2 = FOG REDUCING VISIBILITY
HIGHEST:    98 ON 24    GRTST 24HR  0.98 ON  9- 9      TO 1/4 MILE OR LESS
LOWEST:     61 ON  3                               3 = THUNDER
                        SNOW, ICE PELLETS, HAIL    4 = ICE PELLETS
                        TOTAL MONTH:   0.0 INCH    5 = HAIL
                        GRTST 24HR     0.0         6 = FREEZING RAIN OR DRIZZLE
                        GRTST DEPTH:   0           7 = DUSTSTORM OR SANDSTORM:
                                                       VSBY 1/2 MILE OR LESS
                                                   8 = SMOKE OR HAZE
[NO. OF DAYS WITH]      [WEATHER - DAYS WITH]      9 = BLOWING SNOW
                                                   X = TORNADO
MAX 32 OR BELOW:   0    0.01 INCH OR MORE:   6
MAX 90 OR ABOVE:  17    0.10 INCH OR MORE:   4
MIN 32 OR BELOW:   0    0.50 INCH OR MORE:   1
MIN  0 OR BELOW:   0    1.00 INCH OR MORE:   0

[HDD (BASE 65) ]
TOTAL THIS MO.     0    CLEAR  (SCALE 0-3)   9
DPTR FM NORMAL     0    PTCLDY (SCALE 4-7)  19
TOTAL FM JUL 1  2790    CLOUDY (SCALE 8-10)  0
DPTR FM NORMAL   114

[CDD (BASE 65) ]
TOTAL THIS MO.   442
DPTR FM NORMAL    89    [PRESSURE DATA]
TOTAL FM JAN 1   777    HIGHEST SLP M ON M
DPTR FM NORMAL   142    LOWEST  SLP 29.83 ON  9

[REMARKS]
