000
CXUS55 KBYZ 281055
CF6BIL
PRELIMINARY LOCAL CLIMATOLOGICAL DATA (WS FORM: F-6)

                                          STATION:   BILLINGS MT
                                          MONTH:     MAY
                                          YEAR:      2017
                                          LATITUDE:   45 47 N
                                          LONGITUDE: 108 32 W

  TEMPERATURE IN F:       :PCPN:    SNOW:  WIND      :SUNSHINE: SKY     :PK WND
================================================================================
1   2   3   4   5  6A  6B    7    8   9   10  11  12  13   14  15   16   17  18
                                     12Z  AVG MX 2MIN
DY MAX MIN AVG DEP HDD CDD  WTR  SNW DPTH SPD SPD DIR MIN PSBL S-S WX    SPD DR
================================================================================

 1  58  44  51   0  14   0    T  0.0    0 14.8 29 320   M    M   7        36 320
 2  57  41  49  -2  16   0 0.01    T    0 11.9 28 350   M    M   7 5      36 360
 3  66  37  52   0  13   0    T  0.0    0 10.4 21 240   M    M   4        25 250
 4  79  48  64  12   1   0 0.00  0.0    0  9.7 18 240   M    M   1        22 240
 5  85  52  69  17   0   4 0.00  0.0    0  8.3 20 120   M    M   1        25 120
 6  84  53  69  16   0   4 0.00  0.0    0  6.2 18 320   M    M   5        22 310
 7  74  48  61   8   4   0 0.34  0.0    0  9.3 24 340   M    M   8 13     30 340
 8  63  46  55   2  10   0    T  0.0    0  6.7 16 330   M    M   5        22 350
 9  68  45  57   3   8   0 0.00  0.0    0  4.6 14  60   M    M   5        17  40
10  71  45  58   4   7   0 0.00  0.0    0  6.9 14 100   M    M   1        19 150
11  79  47  63   9   2   0 0.00  0.0    0  5.8 14 120   M    M   3        18 110
12  87  53  70  16   0   5 0.00  0.0    0  6.6 24 300   M    M   4        31 310
13  62  40  51  -4  14   0 0.12  0.0    0 10.9 33 320   M    M   6 1      42 320
14  64  37  51  -4  14   0 0.00  0.0    0 10.1 17  50   M    M   4        23  50
15  62  46  54  -1  11   0 0.00  0.0    0  8.9 20 340   M    M   7        25 340
16  63  43  53  -3  12   0 0.06  0.0    0  7.5 20 330   M    M   6 3      24 330
17  51  45  48  -8  17   0 1.02  0.0    0 14.3 26  80   M    M  10 1      38  80
18  52  41  47  -9  18   0    T  0.0    0 10.2 22  50   M    M   8 1      28  60
19  59  35  47  -9  18   0 0.00  0.0    0  5.9 16 130   M    M   5 8      20 130
20  67  39  53  -4  12   0 0.03  0.0    0  7.6 25 320   M    M   5 3      30 320
21  69  45  57   0   8   0    T  0.0    0 11.0 23 300   M    M   5        34 290
22  70  51  61   4   4   0    T  0.0    0  9.9 29 330   M    M   6        36 340
23  73  43  58   0   7   0 0.00  0.0    0  8.3 16 150   M    M   3        22 160
24  82  47  65   7   0   0    T  0.0    0 15.2 30 340   M    M   4        37 350
25  62  44  53  -5  12   0    T  0.0    0 16.7 28 290   M    M   5        37 280
26  64  40  52  -6  13   0    T  0.0    0  6.3 14 240   M    M   5        17 240
27  76  43  60   1   5   0    T  0.0    0 14.1 25 300   M    M   5        32 310
================================================================================
SM 1847 1198       240  13  1.58    T    258.1          M      135
================================================================================
AV 68.4 44.4                               9.6 FASTST   M    M   5    MAX(MPH)
                                 MISC ---->  # 33 320               # 42  320
================================================================================
NOTES:
# LAST OF SEVERAL OCCURRENCES

COLUMN 17 PEAK WIND IN M.P.H.

PRELIMINARY LOCAL CLIMATOLOGICAL DATA (WS FORM: F-6) , PAGE 2

                                          STATION:  BILLINGS MT
                                          MONTH:    MAY
                                          YEAR:     2017
                                          LATITUDE:   45 47 N
                                          LONGITUDE: 108 32 W

[TEMPERATURE DATA]      [PRECIPITATION DATA]       SYMBOLS USED IN COLUMN 16

AVERAGE MONTHLY: 56.4   TOTAL FOR MONTH:   1.58    1 = FOG OR MIST
DPTR FM NORMAL:   1.4   DPTR FM NORMAL:   -0.30    2 = FOG REDUCING VISIBILITY
HIGHEST:    87 ON 12    GRTST 24HR  1.02 ON 17-17      TO 1/4 MILE OR LESS
LOWEST:     35 ON 19                               3 = THUNDER
                        SNOW, ICE PELLETS, HAIL    4 = ICE PELLETS
                        TOTAL MONTH:    T          5 = HAIL
                        GRTST 24HR    T  ON  2- 2  6 = FREEZING RAIN OR DRIZZLE
                        GRTST DEPTH:   0           7 = DUSTSTORM OR SANDSTORM:
                                                       VSBY 1/2 MILE OR LESS
                                                   8 = SMOKE OR HAZE
[NO. OF DAYS WITH]      [WEATHER - DAYS WITH]      9 = BLOWING SNOW
                                                   X = TORNADO
MAX 32 OR BELOW:   0    0.01 INCH OR MORE:   6
MAX 90 OR ABOVE:   0    0.10 INCH OR MORE:   3
MIN 32 OR BELOW:   0    0.50 INCH OR MORE:   1
MIN  0 OR BELOW:   0    1.00 INCH OR MORE:   1

[HDD (BASE 65) ]
TOTAL THIS MO.   240    CLEAR  (SCALE 0-3)   4
DPTR FM NORMAL   -43    PTCLDY (SCALE 4-7)  22
TOTAL FM JUL 1  6557    CLOUDY (SCALE 8-10)  1
DPTR FM NORMAL  -103

[CDD (BASE 65) ]
TOTAL THIS MO.    13
DPTR FM NORMAL     4    [PRESSURE DATA]
TOTAL FM JAN 1    13    HIGHEST SLP M ON M
DPTR FM NORMAL     3    LOWEST  SLP 29.18 ON 24

[REMARKS]
