000
CXUS55 KBYZ 301055
CF6BIL
PRELIMINARY LOCAL CLIMATOLOGICAL DATA (WS FORM: F-6)

                                          STATION:   BILLINGS MT
                                          MONTH:     AUGUST
                                          YEAR:      2015
                                          LATITUDE:   45 47 N
                                          LONGITUDE: 108 32 W

  TEMPERATURE IN F:       :PCPN:    SNOW:  WIND      :SUNSHINE: SKY     :PK WND
================================================================================
1   2   3   4   5  6A  6B    7    8   9   10  11  12  13   14  15   16   17  18
                                     12Z  AVG MX 2MIN
DY MAX MIN AVG DEP HDD CDD  WTR  SNW DPTH SPD SPD DIR MIN PSBL S-S WX    SPD DR
================================================================================

 1  99  60  80   6   0  15 0.00  0.0    0 11.7 23 290   M    M   3        30 320
 2  87  62  75   1   0  10 0.00  0.0    0  9.2 17  60   M    M   4        23  70
 3  92  61  77   3   0  12 0.00  0.0    0  9.1 17 100   M    M   6        24 110
 4  79  63  71  -3   0   6    T  0.0    0 10.0 24 310   M    M   7        34 270
 5  88  58  73  -1   0   8 0.27  0.0    0  8.2 51 280   M    M   6 3      62 280
 6  85  57  71  -3   0   6 0.01  0.0    0 11.5 29 210   M    M   5 38     39 210
 7  83  54  69  -5   0   4 0.00  0.0    0  6.9 13  30   M    M   4        18  30
 8  68  56  62 -12   3   0 0.18  0.0    0  7.7 21 250   M    M   8 1      25 240
 9  83  56  70  -3   0   5 0.00  0.0    0  5.7 14 320   M    M   3        19 330
10  91  57  74   1   0   9 0.00  0.0    0  6.2 16 140   M    M   1        24 110
11  96  59  78   5   0  13 0.00  0.0    0  5.5 14 120   M    M   2        20 130
12  92  66  79   6   0  14 0.00  0.0    0  9.3 33 280   M    M   6        39 270
13  96  64  80   7   0  15 0.00  0.0    0  9.5 20 220   M    M   3        23 230
14  99  67  83  11   0  18 0.00  0.0    0 10.0 26 210   M    M   6        35 220
15  91  62  77   5   0  12 0.00  0.0    0 13.8 23  40   M    M   4 8      30  40
16  71  52  62 -10   3   0 0.00  0.0    0 11.4 18  30   M    M   3        23  50
17  63  50  57 -15   8   0 0.21  0.0    0  9.2 26 360   M    M   7 1      34 360
18  63  47  55 -17  10   0 0.13  0.0    0  9.1 21 360   M    M   6 12     25 360
19  77  46  62  -9   3   0 0.00  0.0    0 11.3 21 250   M    M   2        26 250
20  86  59  73   2   0   8 0.00  0.0    0 11.5 23 230   M    M   6 8      26 240
21  90  55  73   2   0   8 0.04  0.0    0 12.3 35 330   M    M   6 38     45 330
22  65  44  55 -15  10   0 0.05  0.0    0 16.1 33 320   M    M   5 3      42 330
23  79  40  60 -10   5   0 0.00  0.0    0  5.8 12  60   M    M   0        14 240
24  87  51  69  -1   0   4 0.00  0.0    0  6.3 16 230   M    M   2        18 230
25  92  57  75   6   0  10 0.02  0.0    0  8.3 20 240   M    M   3 3      27 250
26  89  59  74   5   0   9 0.00  0.0    0  9.2 22 250   M    M   6        27 240
27  87  69  78   9   0  13 0.00  0.0    0 17.8 25 220   M    M   8 8      33 250
28  89  63  76   8   0  11 0.00  0.0    0 11.3 23 240   M    M   6 8      29 240
29  92  63  78  10   0  13 0.00  0.0    0  6.9 17 240   M    M   7        20 230
================================================================================
SM 2459 1657        42 223  0.91     0.0 280.8          M      135
================================================================================
AV 84.8 57.1                               9.7 FASTST   M    M   5    MAX(MPH)
                                 MISC ---->  # 51 280               # 62  280
================================================================================
NOTES:
# LAST OF SEVERAL OCCURRENCES

COLUMN 17 PEAK WIND IN M.P.H.

PRELIMINARY LOCAL CLIMATOLOGICAL DATA (WS FORM: F-6) , PAGE 2

                                          STATION:  BILLINGS MT
                                          MONTH:    AUGUST
                                          YEAR:     2015
                                          LATITUDE:   45 47 N
                                          LONGITUDE: 108 32 W

[TEMPERATURE DATA]      [PRECIPITATION DATA]       SYMBOLS USED IN COLUMN 16

AVERAGE MONTHLY: 71.0   TOTAL FOR MONTH:   0.91    1 = FOG OR MIST
DPTR FM NORMAL:  -0.9   DPTR FM NORMAL:    0.22    2 = FOG REDUCING VISIBILITY
HIGHEST:    99 ON 14, 1 GRTST 24HR  0.34 ON 17-18      TO 1/4 MILE OR LESS
LOWEST:     40 ON 23                               3 = THUNDER
                        SNOW, ICE PELLETS, HAIL    4 = ICE PELLETS
                        TOTAL MONTH:   0.0 INCH    5 = HAIL
                        GRTST 24HR     0.0         6 = FREEZING RAIN OR DRIZZLE
                        GRTST DEPTH:   0           7 = DUSTSTORM OR SANDSTORM:
                                                       VSBY 1/2 MILE OR LESS
                                                   8 = SMOKE OR HAZE
[NO. OF DAYS WITH]      [WEATHER - DAYS WITH]      9 = BLOWING SNOW
                                                   X = TORNADO
MAX 32 OR BELOW:   0    0.01 INCH OR MORE:   8
MAX 90 OR ABOVE:  11    0.10 INCH OR MORE:   4
MIN 32 OR BELOW:   0    0.50 INCH OR MORE:   0
MIN  0 OR BELOW:   0    1.00 INCH OR MORE:   0

[HDD (BASE 65) ]
TOTAL THIS MO.    42    CLEAR  (SCALE 0-3)   9
DPTR FM NORMAL    26    PTCLDY (SCALE 4-7)  19
TOTAL FM JUL 1    43    CLOUDY (SCALE 8-10)  1
DPTR FM NORMAL    12

[CDD (BASE 65) ]
TOTAL THIS MO.   223
DPTR FM NORMAL     9    [PRESSURE DATA]
TOTAL FM JAN 1   640    HIGHEST SLP  0.00 ON M
DPTR FM NORMAL    68    LOWEST  SLP  0.00 ON M

[REMARKS]
