000
CXUS55 KPSR 291005
CF6BLH
PRELIMINARY LOCAL CLIMATOLOGICAL DATA (WS FORM: F-6)

                                          STATION:   BLYTHE CA
                                          MONTH:     AUGUST
                                          YEAR:      2015
                                          LATITUDE:   33 37 N
                                          LONGITUDE: 114 43 W

  TEMPERATURE IN F:       :PCPN:    SNOW:  WIND      :SUNSHINE: SKY     :PK WND
================================================================================
1   2   3   4   5  6A  6B    7    8   9   10  11  12  13   14  15   16   17  18
                                     12Z  AVG MX 2MIN
DY MAX MIN AVG DEP HDD CDD  WTR  SNW DPTH SPD SPD DIR MIN PSBL S-S WX    SPD DR
================================================================================

 1 104  85  95   1   0  30 0.00  0.0    0  8.2 21  50   M    M   0        25  60
 2 112  83  98   4   0  33 0.00  0.0    0  4.8 12 200   M    M   1        18 180
 3 111  84  98   4   0  33 0.00  0.0    0  9.4 17 200   M    M   0        21 160
 4 113  79  96   2   0  31 0.00  0.0    0  8.3 20 170   M    M   1        27 170
 5 115  80  98   4   0  33 0.00  0.0    0  9.4 17 200   M    M   1        30 200
 6 107  87  97   3   0  32    T  0.0    0  9.4 23 230   M    M   0 3      29 240
 7 109  84  97   3   0  32 0.00  0.0    0 10.0 23 250   M    M   0        28 220
 8 106  76  91  -3   0  26 0.00  0.0    0  6.4 16 170   M    M   0        21 160
 9 108  80  94   0   0  29 0.00  0.0    0  8.7 17 180   M    M   0        23 180
10 107  78  93  -1   0  28 0.00  0.0    0  7.9 18 210   M    M   0        25 200
11 108  80  94   0   0  29 0.00  0.0    0  8.8 18 180   M    M   0        23 200
12 109  87  98   4   0  33 0.00  0.0    0  6.6 16 110   M    M   1        19 110
13 114  87 101   7   0  36 0.00  0.0    0  5.7 15 240   M    M   2        19 160
14 116  88 102   8   0  37 0.00  0.0    0  5.1 21 110   M    M   3 3      25 110
15 116  90 103   9   0  38 0.00  0.0    0  6.2 14 240   M    M   4        18 200
16 116  89 103   9   0  38 0.00  0.0    0 11.6 25 180   M    M   3        29 190
17 112  88 100   6   0  35 0.00  0.0    0 16.1 30 190   M    M   2 8      36 190
18 111  83  97   4   0  32 0.00  0.0    0 13.0 22 160   M    M   1        28 210
19 109  83  96   3   0  31 0.00  0.0    0 12.5 18 170   M    M   1        23 180
20 106  83  95   2   0  30 0.00  0.0    0 13.4 22 170   M    M   0        29 160
21 106  82  94   1   0  29 0.00  0.0    0 13.2 26 170   M    M   0        33 170
22 107  81  94   1   0  29 0.00  0.0    0 12.0 20 190   M    M   1        25 170
23 108  77  93   0   0  28 0.00  0.0    0  8.5 17 170   M    M   1        22 170
24 110  81  96   3   0  31 0.00  0.0    0  8.4 16 170   M    M   2        20 170
25  97  86  92  -1   0  27    T  0.0    0  8.2 23 200   M    M   0        28 190
26 107  81  94   2   0  29 0.00  0.0    0  4.5 14 140   M    M   2        17 170
27 111  85  98   6   0  33    T  0.0    0  5.6 26 200   M    M   0 3      32 200
28 110  86  98   6   0  33 0.00  0.0    0  6.3 15 240   M    M   0        19 240
================================================================================
SM 3065 2333         0 885    T      0.0 248.2          M       26
================================================================================
AV109.5 83.3                               8.9 FASTST   M    M   1    MAX(MPH)
                                 MISC ---->  # 30 190               # 36  190
================================================================================
NOTES:
# LAST OF SEVERAL OCCURRENCES

COLUMN 17 PEAK WIND IN M.P.H.

PRELIMINARY LOCAL CLIMATOLOGICAL DATA (WS FORM: F-6) , PAGE 2

                                          STATION:  BLYTHE CA
                                          MONTH:    AUGUST
                                          YEAR:     2015
                                          LATITUDE:   33 37 N
                                          LONGITUDE: 114 43 W

[TEMPERATURE DATA]      [PRECIPITATION DATA]       SYMBOLS USED IN COLUMN 16

AVERAGE MONTHLY: 96.4   TOTAL FOR MONTH:      T    1 = FOG OR MIST
DPTR FM NORMAL:   2.9   DPTR FM NORMAL:   -0.49    2 = FOG REDUCING VISIBILITY
HIGHEST:   116 ON 16,15 GRTST 24HR    T  ON 27-27      TO 1/4 MILE OR LESS
LOWEST:     76 ON  8                               3 = THUNDER
                        SNOW, ICE PELLETS, HAIL    4 = ICE PELLETS
                        TOTAL MONTH:   0.0 INCH    5 = HAIL
                        GRTST 24HR     0.0         6 = FREEZING RAIN OR DRIZZLE
                        GRTST DEPTH:   0           7 = DUSTSTORM OR SANDSTORM:
                                                       VSBY 1/2 MILE OR LESS
                                                   8 = SMOKE OR HAZE
[NO. OF DAYS WITH]      [WEATHER - DAYS WITH]      9 = BLOWING SNOW
                                                   X = TORNADO
MAX 32 OR BELOW:   0    0.01 INCH OR MORE:   0
MAX 90 OR ABOVE:  28    0.10 INCH OR MORE:   0
MIN 32 OR BELOW:   0    0.50 INCH OR MORE:   0
MIN  0 OR BELOW:   0    1.00 INCH OR MORE:   0

[HDD (BASE 65) ]
TOTAL THIS MO.     0    CLEAR  (SCALE 0-3)  27
DPTR FM NORMAL     0    PTCLDY (SCALE 4-7)   1
TOTAL FM JUL 1     0    CLOUDY (SCALE 8-10)  0
DPTR FM NORMAL     0

[CDD (BASE 65) ]
TOTAL THIS MO.   885
DPTR FM NORMAL    87    [PRESSURE DATA]
TOTAL FM JAN 1  3372    HIGHEST SLP M ON M
DPTR FM NORMAL   196    LOWEST  SLP 29.61 ON 18

[REMARKS]
