000
CXUS55 KSEW 280930
CF6BLI
PRELIMINARY LOCAL CLIMATOLOGICAL DATA (WS FORM: F-6)

                                          STATION:   BELLINGHAM WA AIRPORT
                                          MONTH:     FEBRUARY
                                          YEAR:      2015
                                          LATITUDE:   48 47 N
                                          LONGITUDE: 122 32 W

  TEMPERATURE IN F:       :PCPN:    SNOW:  WIND      :SUNSHINE: SKY     :PK WND
================================================================================
1   2   3   4   5  6A  6B    7    8   9   10  11  12  13   14  15   16   17  18
                                     12Z  AVG MX 2MIN
DY MAX MIN AVG DEP HDD CDD  WTR  SNW DPTH SPD SPD DIR MIN PSBL S-S WX    SPD DR
================================================================================

 1  50  40  45   5  20   0 0.09  0.0    0  5.6 17 170   M    M  10 1      28 150
 2  50  43  47   7  18   0 0.17  0.0    0  4.3 15 170   M    M  10 1      22 170
 3  50  43  47   7  18   0 0.09  0.0    0  1.3  9 150   M    M  10 12     13 140
 4  47  36  42   2  23   0 0.16  0.0    0  3.8 10  10   M    M   9 12     14  20
 5  60  44  52  12  13   0 0.32  0.0    0 16.8 32 150   M    M  10        46 140
 6  60  53  57  17   8   0 0.14  0.0    0 20.9 30 140   M    M   8        51 150
 7  58  50  54  14  11   0 0.53  0.0    0  9.0 21 150   M    M  10 1      31 160
 8  61  50  56  16   9   0 0.09  0.0    0  9.6 18 150   M    M   6 1      28 150
 9  56  48  52  12  13   0 0.15  0.0    0  4.8 15 150   M    M  10 1      20 170
10  53  44  49   9  16   0 0.24  0.0    0  5.1 14 170   M    M   8 1      22 140
11  55  42  49   9  16   0 0.00  0.0    0  1.7  8  10   M    M   5        10  30
12  53  46  50   9  15   0 0.12  0.0    0  3.6 13  30   M    M  10 1      15  20
13  59  48  54  13  11   0 0.11  0.0    0  3.0  9 140   M    M   7 1      13 260
14  53  38  46   5  19   0    T  0.0    0  1.7 12 290   M    M   6 12     18 280
15  55  32  44   3  21   0 0.00  0.0    0  3.1 12 350   M    M   2 1      15 310
16  58  35  47   6  18   0 0.00  0.0    0 12.1 23  20   M    M   0        32  20
17  59  33  46   5  19   0 0.00  0.0    0  3.0  9 170   M    M   0        14  10
18  55  34  45   4  20   0 0.03  0.0    0  4.0 16 160   M    M   5        22 160
19  50  47  49   8  16   0    T  0.0    0  6.0 12 170   M    M   9        16 170
20  52  36  44   3  21   0 0.02  0.0    0  2.0  8 250   M    M   8 1      10 260
21  57  32  45   4  20   0 0.00  0.0    0  9.4 28  30   M    M   2 12     39  10
22  53  28  41   0  24   0 0.00  0.0    0  1.9  9  30   M    M   0        12  30
23  53  29  41   0  24   0 0.00  0.0    0  0.8  9 170   M    M   0        13 160
24  51  30  41   0  24   0 0.00  0.0    0  3.2 14 170   M    M   1        18 170
25  48  34  41  -1  24   0 0.08  0.0    0  0.7  6 120   M    M   8 1       8 170
26  52  43  48   6  17   0 0.03  0.0    0  2.8 12  30   M    M  10 1      17  70
27  53  43  48   6  17   0 0.11  0.0    0 10.4 28  20   M    M   7        40  30
================================================================================
SM 1461 1081       475   0  2.48     0.0 150.6          M      171
================================================================================
AV 54.1 40.0                               5.6 FASTST   M    M   6    MAX(MPH)
                                 MISC ---->  # 32 150               # 51  150
================================================================================
NOTES:
# LAST OF SEVERAL OCCURRENCES

COLUMN 17 PEAK WIND IN M.P.H.

PRELIMINARY LOCAL CLIMATOLOGICAL DATA (WS FORM: F-6) , PAGE 2

                                          STATION:  BELLINGHAM WA AIRPORT
                                          MONTH:    FEBRUARY
                                          YEAR:     2015
                                          LATITUDE:   48 47 N
                                          LONGITUDE: 122 32 W

[TEMPERATURE DATA]      [PRECIPITATION DATA]       SYMBOLS USED IN COLUMN 16

AVERAGE MONTHLY: 47.1   TOTAL FOR MONTH:   2.48    1 = FOG OR MIST
DPTR FM NORMAL:   6.4   DPTR FM NORMAL:   -0.44    2 = FOG REDUCING VISIBILITY
HIGHEST:    61 ON  8    GRTST 24HR  0.60 ON  6- 7      TO 1/4 MILE OR LESS
LOWEST:     28 ON 22                               3 = THUNDER
                        SNOW, ICE PELLETS, HAIL    4 = ICE PELLETS
                        TOTAL MONTH:   0.0 INCH    5 = HAIL
                        GRTST 24HR     0.0         6 = FREEZING RAIN OR DRIZZLE
                        GRTST DEPTH:   0           7 = DUSTSTORM OR SANDSTORM:
                                                       VSBY 1/2 MILE OR LESS
                                                   8 = SMOKE OR HAZE
[NO. OF DAYS WITH]      [WEATHER - DAYS WITH]      9 = BLOWING SNOW
                                                   X = TORNADO
MAX 32 OR BELOW:   0    0.01 INCH OR MORE:  17
MAX 90 OR ABOVE:   0    0.10 INCH OR MORE:  10
MIN 32 OR BELOW:   5    0.50 INCH OR MORE:   1
MIN  0 OR BELOW:   0    1.00 INCH OR MORE:   0

[HDD (BASE 65) ]
TOTAL THIS MO.   475    CLEAR  (SCALE 0-3)   7
DPTR FM NORMAL  -181    PTCLDY (SCALE 4-7)   9
TOTAL FM JUL 1  2911    CLOUDY (SCALE 8-10) 11
DPTR FM NORMAL  -937

[CDD (BASE 65) ]
TOTAL THIS MO.     0
DPTR FM NORMAL     0    [PRESSURE DATA]
TOTAL FM JAN 1     0    HIGHEST SLP M ON M
DPTR FM NORMAL     0    LOWEST  SLP 29.19 ON  6

[REMARKS]
