000
CXUS53 KIND 300730
CF6BMG
PRELIMINARY LOCAL CLIMATOLOGICAL DATA (WS FORM: F-6)

                                          STATION:   BLOOMINGTON IN
                                          MONTH:     JUNE
                                          YEAR:      2015
                                          LATITUDE:   39  7 N
                                          LONGITUDE:  86 37 W

  TEMPERATURE IN F:       :PCPN:    SNOW:  WIND      :SUNSHINE: SKY     :PK WND
================================================================================
1   2   3   4   5  6A  6B    7    8   9   10  11  12  13   14  15   16   17  18
                                     12Z  AVG MX 2MIN
DY MAX MIN AVG DEP HDD CDD  WTR  SNW DPTH SPD SPD DIR MIN PSBL S-S WX    SPD DR
================================================================================

 1  61  52  57 -11   8   0    T    M    M  9.2 15 100   M    M  10        20 100
 2  72  54  63  -5   2   0 0.00    M    M  7.0 14  90   M    M   6        17 100
 3  68  47  58 -10   7   0 0.00    M    M  1.4  8 100   M    M   5 18     11 120
 4  80  50  65  -4   0   0 0.00    M    M  2.0 10 230   M    M   2 18     14 240
 5  86  59  73   4   0   8    T    M    M  4.1 16  40   M    M   3 13     23  40
 6  80  59  70   1   0   5 0.00    M    M  5.0 12  80   M    M   3 1      15  50
 7  89  61  75   5   0  10 0.00    M    M  9.5 22 220   M    M   1 18     33 210
 8  80  66  73   3   0   8 1.11    M    M  9.5 22 300   M    M   5 13     30 300
 9  84  65  75   5   0  10 0.00    M    M  3.2 14 290   M    M   0 1      18 280
10  89  63  76   6   0  11 0.00    M    M  7.3 16 210   M    M   0 1      20 210
11  90  66  78   7   0  13 0.00    M    M  5.2 14 240   M    M   0        18 220
12  89  73  81  10   0  16 0.07    M    M  9.2 18 240   M    M   2 3      26 220
13  87  72  80   9   0  15 0.00    M    M  9.1 17 230   M    M   2 3      22 230
14  88  73  81   9   0  16 0.23    M    M  8.0 20 270   M    M   3 13     28 280
15  87  70  79   7   0  14 0.01    M    M  7.6 22 240   M    M   4 1      31 240
16  82  72  77   5   0  12 0.56    M    M  3.6  7 360   M    M   8 1       M  M
17  80  71  76   4   0  11 0.34    M    M  6.4 15 240   M    M   6 1      22 240
18  84  69  77   5   0  12 0.40    M    M  5.5 13 310   M    M   3 13     20 330
19  78  68  73   0   0   8 3.52    M    M  6.9 15 150   M    M   8 13     19 160
20  82  70  76   3   0  11 0.15    M    M  7.3 14 240   M    M   8 1      20 240
21  80  66  73   0   0   8 0.38    M    M  5.0 17 300   M    M   2 13     27 290
22  86  69  78   5   0  13 0.00    M    M  9.0 15 250   M    M   1        21 220
23  86  64  75   2   0  10 0.00    M    M  6.5 20 210   M    M   3        27 210
24  82  60  71  -2   0   6 0.00    M    M  2.9 10 150   M    M   1        14 150
25  82  65  74   0   0   9 0.95    M    M  4.8 24 360   M    M   6 13     30  10
26  76  68  72  -2   0   7 1.36    M    M  5.0 14 230   M    M   7 123    20 220
27  74  57  66  -8   0   1 0.02    M    M  8.1 18  10   M    M   7 1      27 360
28  78  54  66  -8   0   1 0.02    M    M  4.3 13 260   M    M   3        15 210
29  78  64  71  -3   0   6 1.16    M    M  7.0 15 280   M    M   7 13     22 260
================================================================================
SM 2358 1847        17 241 10.28    M    179.6          M      116
================================================================================
AV 81.3 63.7                               6.2 FASTST   M    M   4    MAX(MPH)
                                 MISC ---->  # 24 360               # 33  210
================================================================================
NOTES:
# LAST OF SEVERAL OCCURRENCES

COLUMN 17 PEAK WIND IN M.P.H.

PRELIMINARY LOCAL CLIMATOLOGICAL DATA (WS FORM: F-6) , PAGE 2

                                          STATION:  BLOOMINGTON IN
                                          MONTH:    JUNE
                                          YEAR:     2015
                                          LATITUDE:   39  7 N
                                          LONGITUDE:  86 37 W

[TEMPERATURE DATA]      [PRECIPITATION DATA]       SYMBOLS USED IN COLUMN 16

AVERAGE MONTHLY: 72.5   TOTAL FOR MONTH:  10.28    1 = FOG OR MIST
DPTR FM NORMAL:   1.1   DPTR FM NORMAL:    5.54    2 = FOG REDUCING VISIBILITY
HIGHEST:    90 ON 11    GRTST 24HR  3.65 ON 18-19      TO 1/4 MILE OR LESS
LOWEST:     47 ON  3                               3 = THUNDER
                        SNOW, ICE PELLETS, HAIL    4 = ICE PELLETS
                        TOTAL MONTH:    M          5 = HAIL
                        GRTST 24HR    M  ON   M    6 = FREEZING RAIN OR DRIZZLE
                        GRTST DEPTH:  M  ON   M    7 = DUSTSTORM OR SANDSTORM:
                                                       VSBY 1/2 MILE OR LESS
                                                   8 = SMOKE OR HAZE
[NO. OF DAYS WITH]      [WEATHER - DAYS WITH]      9 = BLOWING SNOW
                                                   X = TORNADO
MAX 32 OR BELOW:   0    0.01 INCH OR MORE:  15
MAX 90 OR ABOVE:   1    0.10 INCH OR MORE:  11
MIN 32 OR BELOW:   0    0.50 INCH OR MORE:   6
MIN  0 OR BELOW:   0    1.00 INCH OR MORE:   4

[HDD (BASE 65) ]
TOTAL THIS MO.    17    CLEAR  (SCALE 0-3)  14
DPTR FM NORMAL     4    PTCLDY (SCALE 4-7)  12
TOTAL FM JUL 1  5706    CLOUDY (SCALE 8-10)  3
DPTR FM NORMAL   442

[CDD (BASE 65) ]
TOTAL THIS MO.   241
DPTR FM NORMAL    41    [PRESSURE DATA]
TOTAL FM JAN 1   368    HIGHEST SLP M ON M
DPTR FM NORMAL    86    LOWEST  SLP 29.67 ON  8

[REMARKS]
