000
CXUS53 KIND 280730
CF6BMG
PRELIMINARY LOCAL CLIMATOLOGICAL DATA (WS FORM: F-6)

                                          STATION:   BLOOMINGTON IN
                                          MONTH:     MARCH
                                          YEAR:      2015
                                          LATITUDE:   39  7 N
                                          LONGITUDE:  86 37 W

  TEMPERATURE IN F:       :PCPN:    SNOW:  WIND      :SUNSHINE: SKY     :PK WND
================================================================================
1   2   3   4   5  6A  6B    7    8   9   10  11  12  13   14  15   16   17  18
                                     12Z  AVG MX 2MIN
DY MAX MIN AVG DEP HDD CDD  WTR  SNW DPTH SPD SPD DIR MIN PSBL S-S WX    SPD DR
================================================================================

 1  33  24  29  -8  36   0 0.41    M    M  4.4 13 300   M    M   9 1      17 320
 2  38  13  26 -12  39   0 0.00    M    M  4.1 12 300   M    M   1 18     15 310
 3  45  27  36  -2  29   0 0.50    M    M  9.9 20 240   M    M   9 18     29 220
 4  39  19  29  -9  36   0 0.37    M    M  6.7 17 350   M    M  10 18     23 360
 5  26   7  17 -22  48   0    T    M    M  7.6 17 360   M    M   4        21 360
 6  30  -1  15 -24  50   0 0.00    M    M  7.4 17 200   M    M   0 18     21 200
 7  45  25  35  -4  30   0 0.00    M    M 12.6 23 230   M    M   1        30 230
 8  51  24  38  -2  27   0 0.00    M    M  3.5 14 240   M    M   0 18     18 240
 9  48  31  40   0  25   0 0.00    M    M  3.2 15 250   M    M   7 18     22 260
10  50  40  45   4  20   0 0.51    M    M  2.8  9  90   M    M  10 12     11  70
11  66  38  52  11  13   0 0.00    M    M  2.4 12  10   M    M   5 128    15 360
12  62  35  49   8  16   0 0.00    M    M  8.5 20 120   M    M   0 18     26 110
13  54  44  49   7  16   0 1.12    M    M  6.3 13 150   M    M  10 1      15 150
14  63  48  56  14   9   0 0.35    M    M  5.8 15  10   M    M   5 1      20  20
15  65  32  49   7  16   0 0.00    M    M  5.0 13 230   M    M   0        17 230
16  73  51  62  19   3   0 0.00    M    M 12.1 21 230   M    M   0        27 230
17  62  33  48   5  17   0 0.00    M    M 14.8 26  10   M    M   1        34  30
18  49  25  37  -7  28   0 0.00    M    M  6.8 18  90   M    M   1        22 100
19  50  42  46   2  19   0    T    M    M  8.8 18 110   M    M  10        23 110
20  50  40  45   1  20   0    T    M    M  3.8 10 270   M    M  10 1      14 270
21  67  33  50   5  15   0 0.00    M    M  7.6 15 250   M    M   1 18     23 280
22  57  38  48   3  17   0 0.00    M    M  9.5 17  30   M    M   0        22  40
23  49  32  41  -5  24   0    T    M    M  9.2 17  30   M    M   6        22 110
24  43  30  37  -9  28   0 0.12    M    M  9.5 22 120   M    M   7 18     26 120
25  58  43  51   5  14   0 0.47    M    M  7.8 23 250   M    M   6 13     31 260
26  47  34  41  -6  24   0 0.70    M    M  6.2 16  10   M    M   8 13     19  10
27  36  22  29 -18  36   0    T    M    M  8.9 20  10   M    M   6        23  20
================================================================================
SM 1356  829       655   0  4.55    M    195.2          M      127
================================================================================
AV 50.2 30.7                               7.2 FASTST   M    M   5    MAX(MPH)
                                 MISC ---->  # 26  10               # 34   30
================================================================================
NOTES:
# LAST OF SEVERAL OCCURRENCES

COLUMN 17 PEAK WIND IN M.P.H.

PRELIMINARY LOCAL CLIMATOLOGICAL DATA (WS FORM: F-6) , PAGE 2

                                          STATION:  BLOOMINGTON IN
                                          MONTH:    MARCH
                                          YEAR:     2015
                                          LATITUDE:   39  7 N
                                          LONGITUDE:  86 37 W

[TEMPERATURE DATA]      [PRECIPITATION DATA]       SYMBOLS USED IN COLUMN 16

AVERAGE MONTHLY: 40.5   TOTAL FOR MONTH:   4.55    1 = FOG OR MIST
DPTR FM NORMAL:  -1.6   DPTR FM NORMAL:    1.38    2 = FOG REDUCING VISIBILITY
HIGHEST:    73 ON 16    GRTST 24HR  1.12 ON 13-13      TO 1/4 MILE OR LESS
LOWEST:     -1 ON  6                               3 = THUNDER
                        SNOW, ICE PELLETS, HAIL    4 = ICE PELLETS
                        TOTAL MONTH:    M          5 = HAIL
                        GRTST 24HR    M  ON   M    6 = FREEZING RAIN OR DRIZZLE
                        GRTST DEPTH:  M  ON   M    7 = DUSTSTORM OR SANDSTORM:
                                                       VSBY 1/2 MILE OR LESS
                                                   8 = SMOKE OR HAZE
[NO. OF DAYS WITH]      [WEATHER - DAYS WITH]      9 = BLOWING SNOW
                                                   X = TORNADO
MAX 32 OR BELOW:   2    0.01 INCH OR MORE:   9
MAX 90 OR ABOVE:   0    0.10 INCH OR MORE:   9
MIN 32 OR BELOW:  14    0.50 INCH OR MORE:   4
MIN  0 OR BELOW:   1    1.00 INCH OR MORE:   1

[HDD (BASE 65) ]
TOTAL THIS MO.   655    CLEAR  (SCALE 0-3)  11
DPTR FM NORMAL    36    PTCLDY (SCALE 4-7)   9
TOTAL FM JUL 1  5226    CLOUDY (SCALE 8-10)  7
DPTR FM NORMAL   539

[CDD (BASE 65) ]
TOTAL THIS MO.     0
DPTR FM NORMAL     0    [PRESSURE DATA]
TOTAL FM JAN 1     0    HIGHEST SLP M ON M
DPTR FM NORMAL     0    LOWEST  SLP 29.74 ON  3

[REMARKS]
