000
CXUS54 KEWX 280910
CF6BMQ
PRELIMINARY LOCAL CLIMATOLOGICAL DATA (WS FORM: F-6)

                                          STATION:   BURNET
                                          MONTH:     AUGUST
                                          YEAR:      2014
                                          LATITUDE:   30 43 N
                                          LONGITUDE:  98 14 W

  TEMPERATURE IN F:       :PCPN:    SNOW:  WIND      :SUNSHINE: SKY     :PK WND
================================================================================
1   2   3   4   5  6A  6B    7    8   9   10  11  12  13   14  15   16   17  18
                                     12Z  AVG MX 2MIN
DY MAX MIN AVG DEP HDD CDD  WTR  SNW DPTH SPD SPD DIR MIN PSBL S-S WX    SPD DR
================================================================================

 1  87  68  78  -6   0  13 0.00    M    M  6.8 16  50   M    M   2        23  20
 2  89  65  77  -7   0  12 0.00    M    M  5.5 13  50   M    M   2        20  50
 3  92  69  81  -3   0  16 0.00    M    M  7.6 16  50   M    M   2        23  30
 4  94  71  83  -1   0  18 0.00    M    M  6.3 14  50   M    M   2 18     20  90
 5  96  72  84   0   0  19 0.00    M    M  4.1 14  80   M    M   1        19  70
 6  98  74  86   2   0  21 0.00    M    M  5.2 14  90   M    M   1        19  90
 7 100  76  88   4   0  23 0.00    M    M  7.9 16 180   M    M   0 8      21 180
 8 101  75  88   4   0  23 0.00    M    M  8.2 15 200   M    M   0        21 140
 9  98  75  87   3   0  22 0.00    M    M  7.4 15 190   M    M   0        22 210
10 100  75  88   4   0  23 0.00    M    M  6.3 14 230   M    M   0        18 220
11  97  73  85   1   0  20 0.56    M    M  4.7 21 180   M    M   2 13     29 190
12  96  71  84   0   0  19 0.00    M    M  4.7 15  60   M    M   2        21  70
13  95  67  81  -3   0  16 0.00    M    M  4.6 15  40   M    M   0        20  50
14  95  69  82  -2   0  17 0.00    M    M  3.3 15  40   M    M   0        20  60
15  98  73  86   2   0  21 0.00    M    M  5.2 14 140   M    M   0        19 180
16  99  76  88   4   0  23 0.00    M    M  7.7 15 190   M    M   1        23 190
17  95  78  87   3   0  22 0.00    M    M  7.3 16 210   M    M   3 3      22 170
18  96  76  86   2   0  21 0.04    M    M  7.4 18 290   M    M   3 3      23 290
19  92  71  82  -2   0  17 0.01    M    M  7.1 18 140   M    M   2 1      27 150
20  97  75  86   3   0  21 0.00    M    M 10.1 20 190   M    M   2 8      29 180
21  99  78  89   6   0  24 0.00    M    M 11.4 21 190   M    M   2        28 180
22 100  75  88   5   0  23 0.00    M    M  9.8 17 210   M    M   1        26 180
23  98  72  85   2   0  20 0.00    M    M  7.9 16 200   M    M   0        20 130
24  99  75  87   4   0  22 0.00    M    M  6.7 15 220   M    M   1        24 180
25  99  74  87   4   0  22 0.00    M    M  5.2 12 100   M    M   0        16 100
26  98  74  86   3   0  21 0.08    M    M  3.4 14  60   M    M   2 3      19  50
27  95  73  84   2   0  19 0.00    M    M  4.6 14 100   M    M   2        17  60
================================================================================
SM 2603 1970         0 538  0.69    M    176.4          M       33
================================================================================
AV 96.4 73.0                               6.5 FASTST   M    M   1    MAX(MPH)
                                 MISC ---->  # 21 180               # 29  190
================================================================================
NOTES:
# LAST OF SEVERAL OCCURRENCES

COLUMN 17 PEAK WIND IN M.P.H.

PRELIMINARY LOCAL CLIMATOLOGICAL DATA (WS FORM: F-6) , PAGE 2

                                          STATION:  BURNET
                                          MONTH:    AUGUST
                                          YEAR:     2014
                                          LATITUDE:   30 43 N
                                          LONGITUDE:  98 14 W

[TEMPERATURE DATA]      [PRECIPITATION DATA]       SYMBOLS USED IN COLUMN 16

AVERAGE MONTHLY: 84.7   TOTAL FOR MONTH:   0.69    1 = FOG OR MIST
DPTR FM NORMAL:   1.0   DPTR FM NORMAL:   -0.70    2 = FOG REDUCING VISIBILITY
HIGHEST:   101 ON  8    GRTST 24HR  0.56 ON 11-11      TO 1/4 MILE OR LESS
LOWEST:     65 ON  2                               3 = THUNDER
                        SNOW, ICE PELLETS, HAIL    4 = ICE PELLETS
                        TOTAL MONTH:    M          5 = HAIL
                        GRTST 24HR    M  ON   M    6 = FREEZING RAIN OR DRIZZLE
                        GRTST DEPTH:  M  ON   M    7 = DUSTSTORM OR SANDSTORM:
                                                       VSBY 1/2 MILE OR LESS
                                                   8 = SMOKE OR HAZE
[NO. OF DAYS WITH]      [WEATHER - DAYS WITH]      9 = BLOWING SNOW
                                                   X = TORNADO
MAX 32 OR BELOW:   0    0.01 INCH OR MORE:   4
MAX 90 OR ABOVE:  25    0.10 INCH OR MORE:   1
MIN 32 OR BELOW:   0    0.50 INCH OR MORE:   1
MIN  0 OR BELOW:   0    1.00 INCH OR MORE:   0

[HDD (BASE 65) ]
TOTAL THIS MO.     0    CLEAR  (SCALE 0-3)  27
DPTR FM NORMAL     0    PTCLDY (SCALE 4-7)   0
TOTAL FM JUL 1     0    CLOUDY (SCALE 8-10)  0
DPTR FM NORMAL     0

[CDD (BASE 65) ]
TOTAL THIS MO.   538
DPTR FM NORMAL    34    [PRESSURE DATA]
TOTAL FM JAN 1  2003    HIGHEST SLP M ON M
DPTR FM NORMAL    36    LOWEST  SLP 29.75 ON 19

[REMARKS]
