000
CXUS55 KOHX 301010
CF6BNA
PRELIMINARY LOCAL CLIMATOLOGICAL DATA (WS FORM: F-6)

                                          STATION:   NASHVILLE
                                          MONTH:     JANUARY
                                          YEAR:      2015
                                          LATITUDE:   36  7 N
                                          LONGITUDE:  86 41 W

  TEMPERATURE IN F:       :PCPN:    SNOW:  WIND      :SUNSHINE: SKY     :PK WND
================================================================================
1   2   3   4   5  6A  6B    7    8   9   10  11  12  13   14  15   16   17  18
                                     12Z  AVG MX 2MIN
DY MAX MIN AVG DEP HDD CDD  WTR  SNW DPTH SPD SPD DIR MIN PSBL S-S WX    SPD DR
================================================================================

 1  41  22  32  -6  33   0 0.00  0.0    0  1.9  8 190   M    M   9 1      14 100
 2  44  38  41   3  24   0 0.08  0.0    0  2.2  8 100   M    M  10 18     10 100
 3  63  44  54  16  11   0 0.58  0.0    0 11.2 25 180   M    M  10 18     32 180
 4  63  28  46   8  19   0 0.04  0.0    0 11.4 21 340   M    M   9 1      30 280
 5  33  20  27 -11  38   0 0.00  0.0    0  6.5 16 320   M    M   3        20 350
 6  43  23  33  -5  32   0 0.00  0.0    0  6.7 15 320   M    M   3        20 200
 7  27   7  17 -20  48   0    T  0.1    0 12.9 25 340   M    M   6        35 340
 8  30   4  17 -20  48   0 0.00  0.0    0  9.3 22 190   M    M   5        28 180
 9  35  17  26 -11  39   0 0.00  0.0    0  7.7 16 320   M    M   4        24 280
10  36  10  23 -14  42   0 0.00  0.0    0  2.5  9 120   M    M   2        13 110
11  44  27  36  -1  29   0 0.02  0.0    0  2.3  8 160   M    M  10 1      13 150
12  47  34  41   4  24   0 0.94  0.0    0  7.4 21  10   M    M  10 1      25  10
13  34  29  32  -5  33   0 0.00  0.0    0 11.3 18  20   M    M  10 18     28  70
14  38  27  33  -4  32   0    T  0.0    0  3.6  8  20   M    M   7 1      20 320
15  40  27  34  -3  31   0 0.00  0.0    0  0.8  8 290   M    M   8 1      14 270
16  55  23  39   2  26   0 0.00  0.0    0  2.8  8 170   M    M   0 1      17 310
17  59  28  44   7  21   0 0.00  0.0    0 10.0 23 190   M    M   1        30 200
18  60  36  48  11  17   0    T  0.0    0  7.6 20 270   M    M   3        30 260
19  67  33  50  12  15   0 0.00  0.0    0  4.5 13 250   M    M   4        22 190
20  64  41  53  15  12   0 0.00  0.0    0  5.0 13 320   M    M   6        18 320
21  59  32  46   8  19   0 0.00  0.0    0  4.2 13 350   M    M   4        20 330
22  45  33  39   1  26   0 0.00  0.0    0  6.1 12  50   M    M   8        15  50
23  38  33  36  -2  29   0 0.44  0.2    0  8.4 14 350   M    M  10 16     21 340
24  50  28  39   1  26   0 0.04  0.6    T  6.6 14 310   M    M   3 16     20 310
25  57  31  44   6  21   0 0.07  0.0    0  9.5 23 180   M    M   8 1      28 190
26  44  33  39   1  26   0 0.01    T    0  9.0 22 310   M    M  10 158    31 320
27  42  32  37  -1  28   0 0.00  0.0    0  7.1 15 360   M    M  10        21  40
28  51  30  41   3  24   0 0.00  0.0    0  7.3 13 160   M    M   6        16 160
29  67  40  54  16  11   0    T  0.0    0 14.6 26 190   M    M   8        35 190
================================================================================
SM 1376  810       784   0  2.22     0.9 200.4          M      187
================================================================================
AV 47.4 27.9                               6.9 FASTST   M    M   6    MAX(MPH)
                                 MISC ---->  # 26 190               # 35  340
================================================================================
NOTES:
# LAST OF SEVERAL OCCURRENCES

COLUMN 17 PEAK WIND IN M.P.H.

PRELIMINARY LOCAL CLIMATOLOGICAL DATA (WS FORM: F-6) , PAGE 2

                                          STATION:  NASHVILLE
                                          MONTH:    JANUARY
                                          YEAR:     2015
                                          LATITUDE:   36  7 N
                                          LONGITUDE:  86 41 W

[TEMPERATURE DATA]      [PRECIPITATION DATA]       SYMBOLS USED IN COLUMN 16

AVERAGE MONTHLY: 37.7   TOTAL FOR MONTH:   2.22    1 = FOG OR MIST
DPTR FM NORMAL:   0.1   DPTR FM NORMAL:   -1.26    2 = FOG REDUCING VISIBILITY
HIGHEST:    67 ON 29,19 GRTST 24HR  0.95 ON 11-12      TO 1/4 MILE OR LESS
LOWEST:      4 ON  8                               3 = THUNDER
                        SNOW, ICE PELLETS, HAIL    4 = ICE PELLETS
                        TOTAL MONTH:   0.9 INCH    5 = HAIL
                        GRTST 24HR   0.6 ON   M    6 = FREEZING RAIN OR DRIZZLE
                        GRTST DEPTH:   T           7 = DUSTSTORM OR SANDSTORM:
                                                       VSBY 1/2 MILE OR LESS
                                                   8 = SMOKE OR HAZE
[NO. OF DAYS WITH]      [WEATHER - DAYS WITH]      9 = BLOWING SNOW
                                                   X = TORNADO
MAX 32 OR BELOW:   2    0.01 INCH OR MORE:   9
MAX 90 OR ABOVE:   0    0.10 INCH OR MORE:   3
MIN 32 OR BELOW:  19    0.50 INCH OR MORE:   2
MIN  0 OR BELOW:   0    1.00 INCH OR MORE:   0

[HDD (BASE 65) ]
TOTAL THIS MO.   784    CLEAR  (SCALE 0-3)   6
DPTR FM NORMAL   -13    PTCLDY (SCALE 4-7)  12
TOTAL FM JUL 1  2229    CLOUDY (SCALE 8-10) 11
DPTR FM NORMAL    -5

[CDD (BASE 65) ]
TOTAL THIS MO.     0
DPTR FM NORMAL     0    [PRESSURE DATA]
TOTAL FM JAN 1     0    HIGHEST SLP  0.00 ON 18
DPTR FM NORMAL     0    LOWEST  SLP 29.66 ON 25

[REMARKS]
