000
CXUS55 KOHX 311010
CF6BNA
PRELIMINARY LOCAL CLIMATOLOGICAL DATA (WS FORM: F-6)

                                          STATION:   NASHVILLE
                                          MONTH:     OCTOBER
                                          YEAR:      2014
                                          LATITUDE:   36  7 N
                                          LONGITUDE:  86 41 W

  TEMPERATURE IN F:       :PCPN:    SNOW:  WIND      :SUNSHINE: SKY     :PK WND
================================================================================
1   2   3   4   5  6A  6B    7    8   9   10  11  12  13   14  15   16   17  18
                                     12Z  AVG MX 2MIN
DY MAX MIN AVG DEP HDD CDD  WTR  SNW DPTH SPD SPD DIR MIN PSBL S-S WX    SPD DR
================================================================================

 1  88  57  73   7   0   8 0.00  0.0    0  2.5 10 190   M    M   3        15 190
 2  90  62  76  11   0  11 0.00  0.0    0 10.4 21 180   M    M   5        28 170
 3  78  49  64  -1   1   0 0.42  0.0    0 10.2 24 330   M    M   6 13     36 340
 4  61  39  50 -14  15   0 0.00  0.0    0  6.9 20 290   M    M   4        26 300
 5  74  37  56  -8   9   0 0.00  0.0    0  9.2 22 190   M    M   3        31 200
 6  76  59  68   4   0   3 0.15  0.0    0  9.1 22 210   M    M   6 1358   31 200
 7  79  58  69   6   0   4 0.49  0.0    0  7.5 21 220   M    M   6 13     35 250
 8  84  59  72   9   0   7 1.09  0.0    0  2.2 18 330   M    M   5 13     31  20
 9  81  58  70   8   0   5 0.01  0.0    0  3.9 17 350   M    M   7        26 350
10  71  66  69   7   0   4 2.62  0.0    0  4.9 18 320   M    M   9 13     24 310
11  67  58  63   1   2   0 0.13  0.0    0  6.4 10  40   M    M  10 1      13  40
12  77  58  68   6   0   3 0.02  0.0    0  6.0 16 180   M    M  10 12     20 180
13  81  64  73  12   0   8 2.06  0.0    0 15.2 28 170   M    M   9 13     37 160
14  69  56  63   2   2   0 0.45  0.0    0 10.4 24 140   M    M   9 1      33 140
15  57  54  56  -4   9   0 0.16  0.0    0  5.7 15 280   M    M  10 1      20 280
16  62  47  55  -5  10   0 0.00  0.0    0  5.2 10 280   M    M   7 1      18 260
17  80  47  64   4   1   0 0.00  0.0    0  6.9 14 330   M    M   1 1      23 230
18  66  48  57  -3   8   0 0.00  0.0    0  6.9 16 310   M    M   4        23 330
19  66  44  55  -4  10   0 0.00  0.0    0  3.5 10  90   M    M   4        13  70
20  69  42  56  -3   9   0 0.00  0.0    0  3.7 10 270   M    M   4 18     15 250
21  73  46  60   1   5   0 0.00  0.0    0  5.5 16 320   M    M   1 1      21 310
22  64  44  54  -4  11   0 0.00  0.0    0  7.1 16  60   M    M   0        18  60
23  67  40  54  -4  11   0 0.00  0.0    0  4.2 14  80   M    M   5 1      17  70
24  72  45  59   1   6   0 0.00  0.0    0  2.6  8 310   M    M   4 1      12 300
25  81  44  63   6   2   0 0.00  0.0    0  3.5 12 280   M    M   3 1      17 250
26  82  53  68  11   0   3 0.00  0.0    0  3.3  9 100   M    M   2 12     12  90
27  84  57  71  14   0   6 0.00  0.0    0  6.6 16 190   M    M   4 1      21 190
28  76  53  65   9   0   0 0.54  0.0    0  8.4 15  10   M    M   8 1      21 210
29  69  46  58   2   7   0 0.27  0.0    0  4.1 14 320   M    M   4 1      18 330
30  64  39  52  -4  13   0 0.00  0.0    0  1.4  8 350   M    M   2 18     14 340
================================================================================
SM 2208 1529       131  62  8.41     0.0 183.4          M      155
================================================================================
AV 73.6 51.0                               6.1 FASTST   M    M   5    MAX(MPH)
                                 MISC ---->  # 28 170               # 37  160
================================================================================
NOTES:
# LAST OF SEVERAL OCCURRENCES

COLUMN 17 PEAK WIND IN M.P.H.

PRELIMINARY LOCAL CLIMATOLOGICAL DATA (WS FORM: F-6) , PAGE 2

                                          STATION:  NASHVILLE
                                          MONTH:    OCTOBER
                                          YEAR:     2014
                                          LATITUDE:   36  7 N
                                          LONGITUDE:  86 41 W

[TEMPERATURE DATA]      [PRECIPITATION DATA]       SYMBOLS USED IN COLUMN 16

AVERAGE MONTHLY: 62.3   TOTAL FOR MONTH:   8.41    1 = FOG OR MIST
DPTR FM NORMAL:   1.8   DPTR FM NORMAL:    5.48    2 = FOG REDUCING VISIBILITY
HIGHEST:    90 ON  2    GRTST 24HR  2.62 ON  9-10      TO 1/4 MILE OR LESS
LOWEST:     37 ON  5                               3 = THUNDER
                        SNOW, ICE PELLETS, HAIL    4 = ICE PELLETS
                        TOTAL MONTH:   0.0 INCH    5 = HAIL
                        GRTST 24HR     0.0         6 = FREEZING RAIN OR DRIZZLE
                        GRTST DEPTH:   0           7 = DUSTSTORM OR SANDSTORM:
                                                       VSBY 1/2 MILE OR LESS
                                                   8 = SMOKE OR HAZE
[NO. OF DAYS WITH]      [WEATHER - DAYS WITH]      9 = BLOWING SNOW
                                                   X = TORNADO
MAX 32 OR BELOW:   0    0.01 INCH OR MORE:  13
MAX 90 OR ABOVE:   1    0.10 INCH OR MORE:  11
MIN 32 OR BELOW:   0    0.50 INCH OR MORE:   4
MIN  0 OR BELOW:   0    1.00 INCH OR MORE:   3

[HDD (BASE 65) ]
TOTAL THIS MO.   131    CLEAR  (SCALE 0-3)   6
DPTR FM NORMAL   -51    PTCLDY (SCALE 4-7)  17
TOTAL FM JUL 1   134    CLOUDY (SCALE 8-10)  7
DPTR FM NORMAL   -72

[CDD (BASE 65) ]
TOTAL THIS MO.    62
DPTR FM NORMAL    14    [PRESSURE DATA]
TOTAL FM JAN 1  1803    HIGHEST SLP  0.00 ON  5
DPTR FM NORMAL   161    LOWEST  SLP 29.65 ON 14

[REMARKS]
