000
CXUS56 KBOI 011002
CF6BNO
PRELIMINARY LOCAL CLIMATOLOGICAL DATA (WS FORM: F-6)

                                          STATION:   BURNS OR
                                          MONTH:     JANUARY
                                          YEAR:      2015
                                          LATITUDE:   43 34 N
                                          LONGITUDE: 118 57 W

  TEMPERATURE IN F:       :PCPN:    SNOW:  WIND      :SUNSHINE: SKY     :PK WND
================================================================================
1   2   3   4   5  6A  6B    7    8   9   10  11  12  13   14  15   16   17  18
                                     12Z  AVG MX 2MIN
DY MAX MIN AVG DEP HDD CDD  WTR  SNW DPTH SPD SPD DIR MIN PSBL S-S WX    SPD DR
================================================================================

 1  18  -6   6 -18  59   0 0.00    M    M  3.0  9 280   M    M   0         9 280
 2  24  -1  12 -12  53   0 0.00    M    M  2.9  8  40   M    M   1         9 290
 3  32   2  17  -7  48   0 0.00    M    M  3.0  7 270   M    M   3        10 300
 4  36  22  29   5  36   0 0.00    M    M  1.5  7 240   M    M   9         7 250
 5  43  33  38  14  27   0 0.00    M    M  2.6 10 190   M    M   8        11 190
 6  45  27  36  12  29   0 0.00    M    M  2.5  7 270   M    M   0         8 260
 7  49  24  37  13  28   0 0.00    M    M  2.8  8 270   M    M   0         9 270
 8  44  23  34  10  31   0 0.00    M    M  2.6  7 110   M    M   3 12      8 150
 9  31  25  28   4  37   0 0.00    M    M  2.6 10  60   M    M   8 12     13  90
10  37  29  33   9  32   0 0.00    M    M  1.2  7  60   M    M  10 12      7  50
11  32  30  31   7  34   0 0.05    M    M  1.0  6  30   M    M  10 12      7 260
12  42  24  33   9  32   0    T    M    M  4.6 14 280   M    M   8 12     17 260
13  42  22  32   7  33   0 0.00    M    M  3.2 10 300   M    M   1        11 300
14  37  18  28   3  37   0 0.00    M    M  6.0 15  60   M    M   0        19  60
15  32  22  27   2  38   0 0.02    M    M  7.7 21  50   M    M   8 1      26  50
16  48  26  37  12  28   0 0.15    M    M  5.3 16 230   M    M   5 1      20 230
17  39  27  33   8  32   0 0.17    M    M  2.5  8 320   M    M   7 1       9 320
18  50  26  38  13  27   0 0.01    M    M  7.8 22 250   M    M   5        27 240
19  43  22  33   8  32   0 0.00    M    M  4.6 10 290   M    M   1        11 160
20  42  22  32   7  33   0 0.00    M    M  4.4  9  40   M    M   0         M  M
21  39  16  28   3  37   0 0.00    M    M  3.5  9 110   M    M   0        13 110
22  31  19  25   0  40   0 0.00    M    M  2.1  7  50   M    M   5        10  90
23  45  28  37  12  28   0 0.00    M    M  2.5  9 280   M    M   6         9 270
24  56  26  41  16  24   0 0.00    M    M  3.0  9 280   M    M   1        10 160
25  57  27  42  16  23   0 0.00    M    M  2.9 12 300   M    M   0        14 300
26  44  26  35   9  30   0 0.00    M    M  4.1 10  90   M    M   0 12     14 100
27  37  28  33   7  32   0 0.00    M    M  1.9  8 210   M    M   9 12     10  90
28  51  28  40  14  25   0 0.00    M    M  3.3  8  20   M    M   5 12     11 150
29  44  25  35   9  30   0 0.00    M    M  9.6 22  40   M    M   0        26  40
30  41  24  33   7  32   0 0.00    M    M  5.4 12 170   M    M   3 1      13 250
31  43  24  34   8  31   0 0.00    M    M  1.3  8  30   M    M   6 12      9  30
================================================================================
SM 1254  688      1038   0  0.40    M    111.4          M      122
================================================================================
AV 40.5 22.2                               3.6 FASTST   M    M   4    MAX(MPH)
                                 MISC ---->  # 22 250               # 27  240
================================================================================
NOTES:
# LAST OF SEVERAL OCCURRENCES

COLUMN 17 PEAK WIND IN M.P.H.

PRELIMINARY LOCAL CLIMATOLOGICAL DATA (WS FORM: F-6) , PAGE 2

                                          STATION:  BURNS OR
                                          MONTH:    JANUARY
                                          YEAR:     2015
                                          LATITUDE:   43 34 N
                                          LONGITUDE: 118 57 W

[TEMPERATURE DATA]      [PRECIPITATION DATA]       SYMBOLS USED IN COLUMN 16

AVERAGE MONTHLY: 31.3   TOTAL FOR MONTH:   0.40    1 = FOG OR MIST
DPTR FM NORMAL:   6.5   DPTR FM NORMAL:   -0.79    2 = FOG REDUCING VISIBILITY
HIGHEST:    57 ON 25    GRTST 24HR  0.18 ON 17-18      TO 1/4 MILE OR LESS
LOWEST:     -6 ON  1                               3 = THUNDER
                        SNOW, ICE PELLETS, HAIL    4 = ICE PELLETS
                        TOTAL MONTH:    M          5 = HAIL
                        GRTST 24HR    M  ON   M    6 = FREEZING RAIN OR DRIZZLE
                        GRTST DEPTH:  M  ON   M    7 = DUSTSTORM OR SANDSTORM:
                                                       VSBY 1/2 MILE OR LESS
                                                   8 = SMOKE OR HAZE
[NO. OF DAYS WITH]      [WEATHER - DAYS WITH]      9 = BLOWING SNOW
                                                   X = TORNADO
MAX 32 OR BELOW:   7    0.01 INCH OR MORE:   5
MAX 90 OR ABOVE:   0    0.10 INCH OR MORE:   2
MIN 32 OR BELOW:  30    0.50 INCH OR MORE:   0
MIN  0 OR BELOW:   2    1.00 INCH OR MORE:   0

[HDD (BASE 65) ]
TOTAL THIS MO.  1038    CLEAR  (SCALE 0-3)  15
DPTR FM NORMAL  -208    PTCLDY (SCALE 4-7)  10
TOTAL FM JUL 1  3777    CLOUDY (SCALE 8-10)  6
DPTR FM NORMAL  -736

[CDD (BASE 65) ]
TOTAL THIS MO.     0
DPTR FM NORMAL     0    [PRESSURE DATA]
TOTAL FM JAN 1     0    HIGHEST SLP 30.65 ON 23
DPTR FM NORMAL     0    LOWEST  SLP 30.05 ON 10

[REMARKS]
#FINAL-01-15#
