000
CXUS51 KBOX 271200
CF6BOS
PRELIMINARY LOCAL CLIMATOLOGICAL DATA (WS FORM: F-6)

                                          STATION:   BOSTON MA
                                          MONTH:     AUGUST
                                          YEAR:      2015
                                          LATITUDE:   42 22 N
                                          LONGITUDE:  71  2 W

  TEMPERATURE IN F:       :PCPN:    SNOW:  WIND      :SUNSHINE: SKY     :PK WND
================================================================================
1   2   3   4   5  6A  6B    7    8   9   10  11  12  13   14  15   16   17  18
                                     12Z  AVG MX 2MIN
DY MAX MIN AVG DEP HDD CDD  WTR  SNW DPTH SPD SPD DIR MIN PSBL S-S WX    SPD DR
================================================================================

 1  90  68  79   5   0  14    T  0.0    M 10.4 26 290   M    M   4        35 270
 2  88  68  78   4   0  13 0.00  0.0    M 11.3 20 230   M    M   2        26 240
 3  90  68  79   5   0  14 0.00  0.0    M 12.8 23 200   M    M   3 3      30 220
 4  89  66  78   5   0  13 0.49  0.0    M  9.4 38 250   M    M   5 1235   51 250
 5  85  65  75   2   0  10 0.00  0.0    M 10.5 23 260   M    M   4        29 260
 6  82  65  74   1   0   9 0.00  0.0    M  9.1 18 300   M    M   4        22 290
 7  73  64  69  -4   0   4 0.00  0.0    M  7.9 16  80   M    M   3        20 100
 8  76  61  69  -4   0   4 0.00  0.0    M  6.2 14  90   M    M   5         M  M
 9  73  62  68  -5   0   3 0.00  0.0    M  8.8 20  30   M    M   6        26  30
10  83  63  73   0   0   8 0.00  0.0    M 10.2 21 190   M    M   4        24 190
11  72  64  68  -5   0   3 0.83  0.0    M  9.7 21 180   M    M   8 1      24 190
12  85  68  77   4   0  12 0.00  0.0    M  8.9 15 250   M    M   4        21 260
13  82  66  74   1   0   9 0.00  0.0    M  8.1 17 110   M    M   3        18 110
14  86  63  75   2   0  10 0.00  0.0    M  9.1 17 190   M    M   2        23 230
15  91  68  80   7   0  15 0.08  0.0    M  7.6 20 260   M    M   7 3      25 310
16  90  67  79   7   0  14 0.00  0.0    M  6.7 17 100   M    M   3        22  90
17  91  71  81   9   0  16 0.00  0.0    M  7.8 15 110   M    M   3        21 260
18  87  71  79   7   0  14 0.14  0.0    M  8.1 29 250   M    M   5 38     38 250
19  88  71  80   8   0  15 0.00  0.0    M  8.7 18 180   M    M   3        22 180
20  78  68  73   1   0   8 0.00  0.0    M 10.8 22  90   M    M   5 1      25  90
21  83  67  75   3   0  10 0.63  0.0    M  5.8 14 330   M    M   9 1238   20 300
22  73  67  70  -2   0   5    T  0.0    M  7.0 15  40   M    M   9 1      18  20
23  71  67  69  -2   0   4 0.02  0.0    M  8.0 14  50   M    M   9 1      25 140
24  75  68  72   1   0   7    T  0.0    M  6.0 14 110   M    M   8 1      16 120
25  81  67  74   3   0   9 0.00  0.0    M  8.6 17 180   M    M   7 12     21 180
26  85  69  77   6   0  12    T  0.0    M  7.8 16 280   M    M   5 1      22 270
================================================================================
SM 2147 1732         0 255  2.19     0.0 225.3          M      130
================================================================================
AV 82.6 66.6                               8.7 FASTST   M    M   5    MAX(MPH)
                                 MISC ---->  # 38 250               # 51  250
================================================================================
NOTES:
# LAST OF SEVERAL OCCURRENCES

COLUMN 17 PEAK WIND IN M.P.H.

PRELIMINARY LOCAL CLIMATOLOGICAL DATA (WS FORM: F-6) , PAGE 2

                                          STATION:  BOSTON MA
                                          MONTH:    AUGUST
                                          YEAR:     2015
                                          LATITUDE:   42 22 N
                                          LONGITUDE:  71  2 W

[TEMPERATURE DATA]      [PRECIPITATION DATA]       SYMBOLS USED IN COLUMN 16

AVERAGE MONTHLY: 74.6   TOTAL FOR MONTH:   2.19    1 = FOG OR MIST
DPTR FM NORMAL:   2.1   DPTR FM NORMAL:   -0.68    2 = FOG REDUCING VISIBILITY
HIGHEST:    91 ON 17,15 GRTST 24HR  0.83 ON 11-11      TO 1/4 MILE OR LESS
LOWEST:     61 ON  8                               3 = THUNDER
                        SNOW, ICE PELLETS, HAIL    4 = ICE PELLETS
                        TOTAL MONTH:   0.0 INCH    5 = HAIL
                        GRTST 24HR     0.0         6 = FREEZING RAIN OR DRIZZLE
                        GRTST DEPTH:  M  ON   M    7 = DUSTSTORM OR SANDSTORM:
                                                       VSBY 1/2 MILE OR LESS
                                                   8 = SMOKE OR HAZE
[NO. OF DAYS WITH]      [WEATHER - DAYS WITH]      9 = BLOWING SNOW
                                                   X = TORNADO
MAX 32 OR BELOW:   0    0.01 INCH OR MORE:   6
MAX 90 OR ABOVE:   5    0.10 INCH OR MORE:   4
MIN 32 OR BELOW:   0    0.50 INCH OR MORE:   2
MIN  0 OR BELOW:   0    1.00 INCH OR MORE:   0

[HDD (BASE 65) ]
TOTAL THIS MO.     0    CLEAR  (SCALE 0-3)   5
DPTR FM NORMAL     0    PTCLDY (SCALE 4-7)  17
TOTAL FM JUL 1     1    CLOUDY (SCALE 8-10)  4
DPTR FM NORMAL    -5

[CDD (BASE 65) ]
TOTAL THIS MO.   255
DPTR FM NORMAL    56    [PRESSURE DATA]
TOTAL FM JAN 1   698    HIGHEST SLP M ON M
DPTR FM NORMAL    67    LOWEST  SLP 29.70 ON  1

[REMARKS]
