000
CXUS55 KRIW 280945
CF6BPI
PRELIMINARY LOCAL CLIMATOLOGICAL DATA (WS FORM: F-6)

                                          STATION:   BIG PINEY  WY
                                          MONTH:     APRIL
                                          YEAR:      2016
                                          LATITUDE:   42 34 N
                                          LONGITUDE: 110  6 W

  TEMPERATURE IN F:       :PCPN:    SNOW:  WIND      :SUNSHINE: SKY     :PK WND
================================================================================
1   2   3   4   5  6A  6B    7    8   9   10  11  12  13   14  15   16   17  18
                                     12Z  AVG MX 2MIN
DY MAX MIN AVG DEP HDD CDD  WTR  SNW DPTH SPD SPD DIR MIN PSBL S-S WX    SPD DR
================================================================================

 1  51  15  33   0  32   0 0.00  0.0    M  6.0 17 350   M    M   4 12     24 350
 2  55  18  37   3  28   0 0.00  0.0    M  5.4 17 350   M    M   0        22 350
 3  59  22  41   7  24   0    T    M    M  6.4 20  20   M    M   3        26  20
 4  60  23  42   8  23   0 0.04    M    M  7.3 35 280   M    M   3 123    42 250
 5  45  22  34   0  31   0 0.00  0.0    M 13.3 29 340   M    M   2        39 350
 6  58  21  40   5  25   0 0.00  0.0    M 13.1 32 330   M    M   0        40 330
 7  65  23  44   9  21   0 0.00  0.0    M 10.7 25  20   M    M   0        32  30
 8  66  20  43   8  22   0 0.00  0.0    M  5.0 15 190   M    M   0        20 190
 9  67  21  44   8  21   0    T    M    M  7.1 23 310   M    M   4        28 270
10  56  34  45   9  20   0 0.21    M    M  6.7 20  20   M    M   9 13     24  30
11  59  34  47  11  18   0 0.02    M    M  4.6 20 280   M    M   8        25 280
12  62  26  44   8  21   0    T    M    M  6.0 24 280   M    M   3        30 290
13  52  29  41   5  24   0 0.08    M    M  5.0 18 220   M    M   7 1      24 210
14  49  22  36  -1  29   0 0.09    M    M  9.9 26 330   M    M   7 138    37 300
15  48  20  34  -3  31   0 0.00  0.0    M 13.7 28 360   M    M   2        43  30
16  52  19  36  -1  29   0 0.00  0.0    M  7.3 20  30   M    M   2        26 350
17  45  17  31  -7  34   0 0.00  0.0    M  5.7 17 100   M    M   3        22 100
18  47  15  31  -7  34   0    T    M    M  3.7 10 350   M    M   6        14 250
19  48  30  39   1  26   0 0.38    M    M  4.7 13 170   M    M  10 1      17 170
20  63  33  48  10  17   0 0.04    M    M  4.2 10 180   M    M   4 12     15 110
21  66  29  48  10  17   0 0.00  0.0    M  6.5 15 220   M    M   1        20 190
22  71  33  52  13  13   0 0.00  0.0    M  8.1 24 250   M    M   3 8      32 240
23  54  35  45   6  20   0 0.02    M    M 10.7 33 230   M    M   6 1      39 280
24  55  36  46   7  19   0 0.00  0.0    M 12.6 24 320   M    M   8        39 340
25  51  29  40   0  25   0 0.14    M    M  6.2 28 140   M    M   8 13     34 130
26  40  28  34  -6  31   0 0.04    M    M  9.8 25 200   M    M   9 1      30 200
27  49  24  37  -3  28   0    T    M    M  4.0 22 160   M    M  10 12     28 160
================================================================================
SM 1493  678       663   0  1.06     0.0 203.7          M      122
================================================================================
AV 55.3 25.1                               7.5 FASTST   M    M   5    MAX(MPH)
                                 MISC ---->  # 35 280               # 43   30
================================================================================
NOTES:
# LAST OF SEVERAL OCCURRENCES

COLUMN 17 PEAK WIND IN M.P.H.

PRELIMINARY LOCAL CLIMATOLOGICAL DATA (WS FORM: F-6) , PAGE 2

                                          STATION:  BIG PINEY  WY
                                          MONTH:    APRIL
                                          YEAR:     2016
                                          LATITUDE:   42 34 N
                                          LONGITUDE: 110  6 W

[TEMPERATURE DATA]      [PRECIPITATION DATA]       SYMBOLS USED IN COLUMN 16

AVERAGE MONTHLY: 40.2   TOTAL FOR MONTH:   1.06    1 = FOG OR MIST
DPTR FM NORMAL:   3.5   DPTR FM NORMAL:    0.60    2 = FOG REDUCING VISIBILITY
HIGHEST:    71 ON 22    GRTST 24HR  0.42 ON 19-20      TO 1/4 MILE OR LESS
LOWEST:     15 ON 18, 1                            3 = THUNDER
                        SNOW, ICE PELLETS, HAIL    4 = ICE PELLETS
                        TOTAL MONTH:   0.0 INCH    5 = HAIL
                        GRTST 24HR     0.0         6 = FREEZING RAIN OR DRIZZLE
                        GRTST DEPTH:  M  ON   M    7 = DUSTSTORM OR SANDSTORM:
                                                       VSBY 1/2 MILE OR LESS
                                                   8 = SMOKE OR HAZE
[NO. OF DAYS WITH]      [WEATHER - DAYS WITH]      9 = BLOWING SNOW
                                                   X = TORNADO
MAX 32 OR BELOW:   0    0.01 INCH OR MORE:  10
MAX 90 OR ABOVE:   0    0.10 INCH OR MORE:   3
MIN 32 OR BELOW:  21    0.50 INCH OR MORE:   0
MIN  0 OR BELOW:   0    1.00 INCH OR MORE:   0

[HDD (BASE 65) ]
TOTAL THIS MO.   663    CLEAR  (SCALE 0-3)  12
DPTR FM NORMAL  -100    PTCLDY (SCALE 4-7)  11
TOTAL FM JUL 1  8581    CLOUDY (SCALE 8-10)  4
DPTR FM NORMAL  -877

[CDD (BASE 65) ]
TOTAL THIS MO.     0
DPTR FM NORMAL     0    [PRESSURE DATA]
TOTAL FM JAN 1     0    HIGHEST SLP M ON M
DPTR FM NORMAL     0    LOWEST  SLP 29.50 ON 23

[REMARKS]
