000
CXUS54 KLZK 291130
CF6BPK
PRELIMINARY LOCAL CLIMATOLOGICAL DATA (WS FORM: F-6)

                                          STATION:   Mountain Home Airport
                                          MONTH:     JULY
                                          YEAR:      2015
                                          LATITUDE:   36 22 N
                                          LONGITUDE:  92 28 W

  TEMPERATURE IN F:       :PCPN:    SNOW:  WIND      :SUNSHINE: SKY     :PK WND
================================================================================
1   2   3   4   5  6A  6B    7    8   9   10  11  12  13   14  15   16   17  18
                                     12Z  AVG MX 2MIN
DY MAX MIN AVG DEP HDD CDD  WTR  SNW DPTH SPD SPD DIR MIN PSBL S-S WX    SPD DR
================================================================================

 1  84  68  76  -2   0  11 0.15  0.0    0  5.1 12 170   M    M   2 13     19  70
 2  85  68  77  -1   0  12 1.53  0.0    0  3.4 15 190   M    M   6 13     27  50
 3  85  67  76  -2   0  11 0.63  0.0    0  2.3 13 130   M    M   4 13     24  30
 4  83  67  75  -3   0  10 0.00  0.0    0  3.1  9 140   M    M   4 18     12 140
 5  86  69  78   0   0  13 0.00  0.0    0  4.1 12 160   M    M   6 13     16 160
 6  86  69  78  -1   0  13 0.00  0.0    0  6.0 14 200   M    M   3 18     19 190
 7  78  71  75  -4   0  10 0.25  0.0    0  4.3 10 340   M    M   6 138    16 200
 8  86  69  78  -1   0  13 0.71  0.0    0  5.9 17 220   M    M   5 138    30 220
 9  86  70  78  -1   0  13 0.10  0.0    0  3.5 14 330   M    M   6 13     26 300
10  90  68  79   0   0  14 0.00  0.0    0  2.8 10 220   M    M   1        13 220
11  90  70  80   1   0  15 0.00  0.0    0  4.0 10 200   M    M   1 1      14 220
12  91  73  82   3   0  17 0.00  0.0    0  4.4  9 210   M    M   0 18     13 200
13  93  73  83   4   0  18 0.00  0.0    0  4.9 10 210   M    M   0        15 210
14  91  76  84   5   0  19    T  0.0    0  2.3  9 330   M    M   1 3      17 360
15  93  70  82   3   0  17 0.79  0.0    0  1.8 23  40   M    M   2 123    35  40
16  91  70  81   2   0  16 0.00  0.0    0  4.1 12 180   M    M   1        15 190
17  91  71  81   2   0  16 0.00  0.0    0  4.7 10 230   M    M   0 1      14 210
18  91  72  82   3   0  17 0.00  0.0    0  4.0 10 200   M    M   1 1      13 170
19  93  74  84   5   0  19 0.00  0.0    0  3.5  9 230   M    M   0        12 220
20  91  72  82   3   0  17 0.13  0.0    0  4.2 13 290   M    M   1 13     24 310
21  86  71  79   0   0  14    T  0.0    0  2.1 10 330   M    M   6 123    17 300
22  82  70  76  -3   0  11    T  0.0    0  3.8 12 240   M    M   8 123    19 240
23  89  73  81   2   0  16 0.02  0.0    0  1.5 12 190   M    M   3 138    15 190
24  94  69  82   3   0  17    T  0.0    0  2.6 20  30   M    M   4 138    35  40
25  93  69  81   2   0  16 0.00  0.0    0  1.1  6 180   M    M   1 128     8  70
26  93  74  84   5   0  19 0.00  0.0    0  2.9  9 170   M    M   0 18     12 140
27  94  75  85   6   0  20    T  0.0    0  2.9 14 160   M    M   1 138    19 170
28  94  72  83   4   0  18 0.00  0.0    0  2.3  9 190   M    M   0 1      12 200
================================================================================
SM 2489 1980         0 422  4.31     0.0  97.6          M       73
================================================================================
AV 88.9 70.7                               3.5 FASTST   M    M   3    MAX(MPH)
                                 MISC ---->  # 23  40               # 35   40
================================================================================
NOTES:
# LAST OF SEVERAL OCCURRENCES

COLUMN 17 PEAK WIND IN M.P.H.

PRELIMINARY LOCAL CLIMATOLOGICAL DATA (WS FORM: F-6) , PAGE 2

                                          STATION:  Mountain Home Airport
                                          MONTH:    JULY
                                          YEAR:     2015
                                          LATITUDE:   36 22 N
                                          LONGITUDE:  92 28 W

[TEMPERATURE DATA]      [PRECIPITATION DATA]       SYMBOLS USED IN COLUMN 16

AVERAGE MONTHLY: 79.8   TOTAL FOR MONTH:   4.31    1 = FOG OR MIST
DPTR FM NORMAL:   1.0   DPTR FM NORMAL:    1.38    2 = FOG REDUCING VISIBILITY
HIGHEST:    94 ON 28,27 GRTST 24HR  1.53 ON  2- 2      TO 1/4 MILE OR LESS
LOWEST:     67 ON  4, 3                            3 = THUNDER
                        SNOW, ICE PELLETS, HAIL    4 = ICE PELLETS
                        TOTAL MONTH:   0.0 INCH    5 = HAIL
                        GRTST 24HR     0.0         6 = FREEZING RAIN OR DRIZZLE
                        GRTST DEPTH:   0           7 = DUSTSTORM OR SANDSTORM:
                                                       VSBY 1/2 MILE OR LESS
                                                   8 = SMOKE OR HAZE
[NO. OF DAYS WITH]      [WEATHER - DAYS WITH]      9 = BLOWING SNOW
                                                   X = TORNADO
MAX 32 OR BELOW:   0    0.01 INCH OR MORE:   9
MAX 90 OR ABOVE:  16    0.10 INCH OR MORE:   8
MIN 32 OR BELOW:   0    0.50 INCH OR MORE:   4
MIN  0 OR BELOW:   0    1.00 INCH OR MORE:   1

[HDD (BASE 65) ]
TOTAL THIS MO.     0    CLEAR  (SCALE 0-3)  17
DPTR FM NORMAL     0    PTCLDY (SCALE 4-7)  10
TOTAL FM JUL 1     0    CLOUDY (SCALE 8-10)  1
DPTR FM NORMAL     0

[CDD (BASE 65) ]
TOTAL THIS MO.   422
DPTR FM NORMAL    35    [PRESSURE DATA]
TOTAL FM JAN 1   932    HIGHEST SLP M ON M
DPTR FM NORMAL    85    LOWEST  SLP 29.74 ON 14

[REMARKS]
