000
CXUS55 KDVN 281100
CF6BRL
PRELIMINARY LOCAL CLIMATOLOGICAL DATA (WS FORM: F-6)

                                          STATION:   BURLINGTON IA
                                          MONTH:     AUGUST
                                          YEAR:      2016
                                          LATITUDE:   40 46 N
                                          LONGITUDE:  91  7 W

  TEMPERATURE IN F:       :PCPN:    SNOW:  WIND      :SUNSHINE: SKY     :PK WND
================================================================================
1   2   3   4   5  6A  6B    7    8   9   10  11  12  13   14  15   16   17  18
                                     12Z  AVG MX 2MIN
DY MAX MIN AVG DEP HDD CDD  WTR  SNW DPTH SPD SPD DIR MIN PSBL S-S WX    SPD DR
================================================================================

 1  81  70  76   0   0  11 0.00    M    M  4.8 12 220   M    M   4 18     15 220
 2  82  70  76   0   0  11 0.19    M    M  4.3 12 190   M    M   3 1      17 170
 3  88  69  79   3   0  14 0.00    M    M  3.5  8 150   M    M   4 12     10 130
 4  90  69  80   4   0  15 1.96    M    M  7.8 37  40   M    M   1 123    43  40
 5  82  67  75  -1   0  10 0.13    M    M  7.7 17 180   M    M   5 13     24 220
 6  80  62  71  -5   0   6 0.00    M    M  6.5 12 360   M    M   1        16  30
 7  81  59  70  -6   0   5 0.00    M    M  4.8 10  30   M    M   1        13  50
 8  83  66  75  -1   0  10 0.00    M    M  4.7 12 170   M    M   1        17 150
 9  85  67  76   0   0  11 0.01    M    M  4.4 10 190   M    M   5 1      13 180
10  90  70  80   4   0  15 0.00    M    M  5.9 13 160   M    M   1 1      17 170
11  89  75  82   6   0  17 0.38    M    M  8.8 15 210   M    M   1 13     20 220
12  83  71  77   1   0  12 1.05    M    M  5.8 24  30   M    M   8 13     32  20
13  82  67  75  -1   0  10 0.00    M    M  8.1 16 330   M    M   4        22 340
14  83  63  73  -3   0   8 0.00    M    M  3.3 15 350   M    M   3        19 340
15  80  66  73  -2   0   8 0.00    M    M  7.4 17  30   M    M   6 1      22  30
16  84  64  74  -1   0   9 0.00    M    M  4.0  9 180   M    M   1 18     13 320
17  86  67  77   2   0  12 0.00    M    M  6.2 15 210   M    M   3 1      19 240
18  87  70  79   4   0  14 0.00    M    M  6.7 14 200   M    M   2 18     19 190
19  87  69  78   3   0  13 0.00    M    M  7.0 15 180   M    M   1 13     21 170
20  77  60  69  -6   0   4 0.33    M    M  7.0 20 310   M    M   5 13     34 310
21  75  56  66  -9   0   1 0.00    M    M  5.5 14 320   M    M   1 1      18 320
22  80  54  67  -8   0   2 0.00    M    M  5.8 14 170   M    M   1 1      18 170
23  81  59  70  -4   0   5 0.00    M    M 11.4 20 150   M    M   5        26 150
24  86  71  79   5   0  14 0.49    M    M  7.4 18 180   M    M   5 13     35 190
25  81  68  75   1   0  10 0.22    M    M  5.6 12  10   M    M   5 13     14 320
26  79  66  73  -1   0   8 0.13    M    M  6.9 14  80   M    M   6 138    19 110
27  85  68  77   3   0  12 0.14    M    M  5.5 13 250   M    M   3 13     18 230
================================================================================
SM 2247 1783         0 267  5.03    M    166.8          M       86
================================================================================
AV 83.2 66.0                               6.2 FASTST   M    M   3    MAX(MPH)
                                 MISC ---->  # 37  40               # 43   40
================================================================================
NOTES:
# LAST OF SEVERAL OCCURRENCES

COLUMN 17 PEAK WIND IN M.P.H.

PRELIMINARY LOCAL CLIMATOLOGICAL DATA (WS FORM: F-6) , PAGE 2

                                          STATION:  BURLINGTON IA
                                          MONTH:    AUGUST
                                          YEAR:     2016
                                          LATITUDE:   40 46 N
                                          LONGITUDE:  91  7 W

[TEMPERATURE DATA]      [PRECIPITATION DATA]       SYMBOLS USED IN COLUMN 16

AVERAGE MONTHLY: 74.6   TOTAL FOR MONTH:   5.03    1 = FOG OR MIST
DPTR FM NORMAL:  -0.7   DPTR FM NORMAL:    1.34    2 = FOG REDUCING VISIBILITY
HIGHEST:    90 ON 10, 4 GRTST 24HR  2.09 ON  4- 5      TO 1/4 MILE OR LESS
LOWEST:     54 ON 22                               3 = THUNDER
                        SNOW, ICE PELLETS, HAIL    4 = ICE PELLETS
                        TOTAL MONTH:    M          5 = HAIL
                        GRTST 24HR    M  ON   M    6 = FREEZING RAIN OR DRIZZLE
                        GRTST DEPTH:  M  ON   M    7 = DUSTSTORM OR SANDSTORM:
                                                       VSBY 1/2 MILE OR LESS
                                                   8 = SMOKE OR HAZE
[NO. OF DAYS WITH]      [WEATHER - DAYS WITH]      9 = BLOWING SNOW
                                                   X = TORNADO
MAX 32 OR BELOW:   0    0.01 INCH OR MORE:  11
MAX 90 OR ABOVE:   2    0.10 INCH OR MORE:  10
MIN 32 OR BELOW:   0    0.50 INCH OR MORE:   2
MIN  0 OR BELOW:   0    1.00 INCH OR MORE:   2

[HDD (BASE 65) ]
TOTAL THIS MO.     0    CLEAR  (SCALE 0-3)  14
DPTR FM NORMAL     0    PTCLDY (SCALE 4-7)  12
TOTAL FM JUL 1     6    CLOUDY (SCALE 8-10)  1
DPTR FM NORMAL     5

[CDD (BASE 65) ]
TOTAL THIS MO.   267
DPTR FM NORMAL   -13    [PRESSURE DATA]
TOTAL FM JAN 1   984    HIGHEST SLP M ON M
DPTR FM NORMAL   -25    LOWEST  SLP 29.63 ON 20

[REMARKS]
