000
CXUS53 KGRR 271017
CF6BTL
PRELIMINARY LOCAL CLIMATOLOGICAL DATA (WS FORM: F-6)

                                          STATION:   BATTLE CREEK MI
                                          MONTH:     AUGUST
                                          YEAR:      2015
                                          LATITUDE:   42 17 N
                                          LONGITUDE:  85 14 W

  TEMPERATURE IN F:       :PCPN:    SNOW:  WIND      :SUNSHINE: SKY     :PK WND
================================================================================
1   2   3   4   5  6A  6B    7    8   9   10  11  12  13   14  15   16   17  18
                                     12Z  AVG MX 2MIN
DY MAX MIN AVG DEP HDD CDD  WTR  SNW DPTH SPD SPD DIR MIN PSBL S-S WX    SPD DR
================================================================================

 1  84  61  73   3   0   8 0.00    M    M  8.6 21 280   M    M   1        27 260
 2  92  64  78   8   0  13 0.75    M    M 15.1 35 350   M    M   1 13     45 360
 3   M   M   M   M   M   M    M    M    M   M   M   M   M    M   M         M  M
 4   M   M   M   M   M   M    M    M    M   M   M   M   M    M   M         M  M
 5   M   M   M   M   M   M    M    M    M   M   M   M   M    M   M         M  M
 6   M   M   M   M   M   M    M    M    M   M   M   M   M    M   M         M  M
 7   M   M   M   M   M   M    M    M    M   M   M   M   M    M   M         M  M
 8  81  67  74   4   0   9    T    M    M  6.9 13 130   M    M   8        17 150
 9  81  68  75   5   0  10 0.00    M    M  4.6 10 250   M    M   6 8      12 130
10  80  68  74   4   0   9    M    M    M  4.7 23 350   M    M   7 138    27 350
11  82  63  73   3   0   8 0.00    M    M  8.9 18 320   M    M   2 1      23 320
12  77  57  67  -3   0   2 0.00    M    M  6.7 13 360   M    M   2        17 320
13  84  60  72   2   0   7 0.01    M    M  8.9 17 250   M    M   1        23 250
14  86  68  77   7   0  12 0.23    M    M  9.2 16 310   M    M   5 13     20 300
15  85  64  75   5   0  10    T    M    M  5.2 12 160   M    M   1 3      13 170
16  88  69  79   9   0  14 0.00    M    M  6.6 14 260   M    M   2        18 250
17  88  67  78   9   0  13 0.21    M    M  7.1 25 230   M    M   2 138    30 230
18  82  66  74   5   0   9 0.09    M    M  7.6 15 190   M    M   3 1      20 170
19  85  64  75   6   0  10 0.12    M    M 12.1 23 220   M    M   5 1      29 240
20  71  57  64  -5   1   0 0.11    M    M 12.2 26 240   M    M   7 1      33 250
21  79  56  68  -1   0   3 0.00    M    M  4.2 14 200   M    M   3        16 200
22  81  59  70   1   0   5 0.00    M    M  6.3 15 160   M    M   2        20 170
23  81  57  69   0   0   4 0.38    M    M  9.4 23 200   M    M   4 13     30 200
24  73  57  65  -4   0   0 0.00    M    M 11.5 26 250   M    M   6        32 280
25  63  56  60  -8   5   0 0.00    M    M  8.0 16 280   M    M  10        21 320
26  67  54  61  -7   4   0 0.02    M    M  5.5 13 310   M    M   9 1      17 320
================================================================================
SM 1690 1302        10 146  1.92    M    169.3          M       87
================================================================================
AV 80.5 62.0                               8.1 FASTST   M    M   4    MAX(MPH)
                                 MISC ---->  # 35 350               # 45  360
================================================================================
NOTES:
# LAST OF SEVERAL OCCURRENCES

COLUMN 17 PEAK WIND IN M.P.H.

PRELIMINARY LOCAL CLIMATOLOGICAL DATA (WS FORM: F-6) , PAGE 2

                                          STATION:  BATTLE CREEK MI
                                          MONTH:    AUGUST
                                          YEAR:     2015
                                          LATITUDE:   42 17 N
                                          LONGITUDE:  85 14 W

[TEMPERATURE DATA]      [PRECIPITATION DATA]       SYMBOLS USED IN COLUMN 16

AVERAGE MONTHLY: 71.2   TOTAL FOR MONTH:   1.92    1 = FOG OR MIST
DPTR FM NORMAL:   1.7   DPTR FM NORMAL:   -0.98    2 = FOG REDUCING VISIBILITY
HIGHEST:    92 ON  2    GRTST 24HR  0.75 ON  2- 2      TO 1/4 MILE OR LESS
LOWEST:     54 ON 26                               3 = THUNDER
                        SNOW, ICE PELLETS, HAIL    4 = ICE PELLETS
                        TOTAL MONTH:    M          5 = HAIL
                        GRTST 24HR    M  ON   M    6 = FREEZING RAIN OR DRIZZLE
                        GRTST DEPTH:  M  ON   M    7 = DUSTSTORM OR SANDSTORM:
                                                       VSBY 1/2 MILE OR LESS
                                                   8 = SMOKE OR HAZE
[NO. OF DAYS WITH]      [WEATHER - DAYS WITH]      9 = BLOWING SNOW
                                                   X = TORNADO
MAX 32 OR BELOW:   0    0.01 INCH OR MORE:   9
MAX 90 OR ABOVE:   1    0.10 INCH OR MORE:   6
MIN 32 OR BELOW:   0    0.50 INCH OR MORE:   1
MIN  0 OR BELOW:   0    1.00 INCH OR MORE:   0

[HDD (BASE 65) ]
TOTAL THIS MO.    10    CLEAR  (SCALE 0-3)  11
DPTR FM NORMAL   -16    PTCLDY (SCALE 4-7)   7
TOTAL FM JUL 1    17    CLOUDY (SCALE 8-10)  3
DPTR FM NORMAL   -24

[CDD (BASE 65) ]
TOTAL THIS MO.   146
DPTR FM NORMAL     6    [PRESSURE DATA]
TOTAL FM JAN 1   563    HIGHEST SLP M ON M
DPTR FM NORMAL    62    LOWEST  SLP 29.56 ON  2

[REMARKS]
