082
CXUS55 KMSO 240900
CF6BTM
PRELIMINARY LOCAL CLIMATOLOGICAL DATA (WS FORM: F-6)

                                          STATION:   BUTTE MT
                                          MONTH:     OCTOBER
                                          YEAR:      2017
                                          LATITUDE:   45 57 N
                                          LONGITUDE: 112 30 W

  TEMPERATURE IN F:       :PCPN:    SNOW:  WIND      :SUNSHINE: SKY     :PK WND
================================================================================
1   2   3   4   5  6A  6B    7    8   9   10  11  12  13   14  15   16   17  18
                                     12Z  AVG MX 2MIN
DY MAX MIN AVG DEP HDD CDD  WTR  SNW DPTH SPD SPD DIR MIN PSBL S-S WX    SPD DR
================================================================================

 1  47  27  37  -9  28   0 0.02    M    M  2.9 23 310   M    M   6 1      27 310
 2  42  25  34 -12  31   0 0.02    M    M  6.6 20  20   M    M  10 18     26  20
 3  39  25  32 -13  33   0 0.04    M    M  3.4 14 150   M    M   7 1      16 150
 4  41  21  31 -14  34   0 0.00    M    M  2.5  8 190   M    M   5        10 180
 5  51  33  42  -2  23   0    T    M    M  2.1  7 130   M    M   8         9  40
 6  61  26  44   0  21   0 0.00    M    M  4.8 15 240   M    M   2        24 260
 7  56  35  46   2  19   0    T    M    M 11.9 28 250   M    M   7        38 280
 8  42  27  35  -9  30   0 0.03    M    M  4.1 16 310   M    M   7 1      22 320
 9  51  20  36  -7  29   0 0.00    M    M  3.5 17 310   M    M   2 12     21 310
10  58  22  40  -3  25   0 0.00    M    M  5.9 22 170   M    M   0        27 190
11  54  26  40  -2  25   0    T    M    M  5.6 23 310   M    M   5        30 340
12  43  23  33  -9  32   0    T    M    M  5.3 17 230   M    M   6 1      25 270
13  39  26  33  -9  32   0 0.01    M    M  4.1 22 330   M    M   8 18     26 330
14  44  27  36  -6  29   0 0.00    M    M  7.3 17 310   M    M   7        24 290
15  59  31  45   4  20   0 0.00    M    M  4.1 12 230   M    M   2        14 230
16  65  25  45   4  20   0 0.00    M    M  3.9 14 230   M    M   0        20 250
17  68  26  47   7  18   0 0.00    M    M  9.4 26 260   M    M   0        41 230
18  62  33  48   8  17   0 0.00    M    M  5.8 23 250   M    M   2        32 260
19  71  31  51  11  14   0 0.00    M    M 10.7 26 170   M    M   0        32 170
20  57  31  44   4  21   0 0.03    M    M  8.3 31 290   M    M   6 1      42 290
21  42  31  37  -2  28   0 0.00    M    M  4.9 15 240   M    M   7        24 250
22  52  38  45   6  20   0    T    M    M 10.7 25 260   M    M   7        36 260
23  50  29  40   2  25   0 0.00    M    M  7.0 18 320   M    M   2        24 310
================================================================================
SM 1194  638       574   0  0.15    M    134.8          M      106
================================================================================
AV 51.9 27.7                               5.9 FASTST   M    M   5    MAX(MPH)
                                 MISC ---->  # 31 290               # 42  290
================================================================================
NOTES:
# LAST OF SEVERAL OCCURRENCES

COLUMN 17 PEAK WIND IN M.P.H.

PRELIMINARY LOCAL CLIMATOLOGICAL DATA (WS FORM: F-6) , PAGE 2

                                          STATION:  BUTTE MT
                                          MONTH:    OCTOBER
                                          YEAR:     2017
                                          LATITUDE:   45 57 N
                                          LONGITUDE: 112 30 W

[TEMPERATURE DATA]      [PRECIPITATION DATA]       SYMBOLS USED IN COLUMN 16

AVERAGE MONTHLY: 39.8   TOTAL FOR MONTH:   0.15    1 = FOG OR MIST
DPTR FM NORMAL:  -2.3   DPTR FM NORMAL:   -0.46    2 = FOG REDUCING VISIBILITY
HIGHEST:    71 ON 19    GRTST 24HR  0.09 ON 30- 1      TO 1/4 MILE OR LESS
LOWEST:     20 ON  9                               3 = THUNDER
                        SNOW, ICE PELLETS, HAIL    4 = ICE PELLETS
                        TOTAL MONTH:    M          5 = HAIL
                        GRTST 24HR    M  ON   M    6 = FREEZING RAIN OR DRIZZLE
                        GRTST DEPTH:  M  ON   M    7 = DUSTSTORM OR SANDSTORM:
                                                       VSBY 1/2 MILE OR LESS
                                                   8 = SMOKE OR HAZE
[NO. OF DAYS WITH]      [WEATHER - DAYS WITH]      9 = BLOWING SNOW
                                                   X = TORNADO
MAX 32 OR BELOW:   0    0.01 INCH OR MORE:   6
MAX 90 OR ABOVE:   0    0.10 INCH OR MORE:   0
MIN 32 OR BELOW:  19    0.50 INCH OR MORE:   0
MIN  0 OR BELOW:   0    1.00 INCH OR MORE:   0

[HDD (BASE 65) ]
TOTAL THIS MO.   574    CLEAR  (SCALE 0-3)   9
DPTR FM NORMAL    51    PTCLDY (SCALE 4-7)  13
TOTAL FM JUL 1  1055    CLOUDY (SCALE 8-10)  1
DPTR FM NORMAL   -89

[CDD (BASE 65) ]
TOTAL THIS MO.     0
DPTR FM NORMAL     0    [PRESSURE DATA]
TOTAL FM JAN 1   129    HIGHEST SLP M ON M
DPTR FM NORMAL    48    LOWEST  SLP 29.33 ON 20

[REMARKS]
