000
CXUS55 KMSO 290800
CF6BTM
PRELIMINARY LOCAL CLIMATOLOGICAL DATA (WS FORM: F-6)

                                          STATION:   BUTTE MT
                                          MONTH:     DECEMBER
                                          YEAR:      2014
                                          LATITUDE:   45 57 N
                                          LONGITUDE: 112 30 W

  TEMPERATURE IN F:       :PCPN:    SNOW:  WIND      :SUNSHINE: SKY     :PK WND
================================================================================
1   2   3   4   5  6A  6B    7    8   9   10  11  12  13   14  15   16   17  18
                                     12Z  AVG MX 2MIN
DY MAX MIN AVG DEP HDD CDD  WTR  SNW DPTH SPD SPD DIR MIN PSBL S-S WX    SPD DR
================================================================================

 1  34  -5  15  -5  50   0 0.00    M    M  4.6 17 250   M    M   4        27 250
 2  34   9  22   2  43   0 0.00    M    M  4.4  9 310   M    M   1        12 330
 3  34   9  22   3  43   0 0.00    M    M  1.8  8 140   M    M   4         8 140
 4  41  28  35  16  30   0    T    M    M  2.7 10  20   M    M  10 1      12  20
 5  46  25  36  18  29   0 0.00    M    M  3.1 12 210   M    M   6        14 220
 6  43  20  32  14  33   0    T    M    M  5.6 21 260   M    M   3        30 270
 7  44  26  35  17  30   0 0.00    M    M  3.5 16 270   M    M   2        26 280
 8  45  18  32  14  33   0 0.00    M    M  1.5  9 160   M    M   2        10 180
 9  48  20  34  16  31   0 0.00    M    M  3.5 12 290   M    M   2        15 270
10  42  25  34  17  31   0 0.00    M    M  2.5  9 200   M    M   2        11 140
11  49  29  39  22  26   0 0.00    M    M  8.0 24 190   M    M   1        32 160
12  53  35  44  27  21   0 0.00    M    M 13.3 33 180   M    M   0        40 180
13  47  28  38  21  27   0 0.18    M    M  8.8 23 320   M    M   8 12     29 310
14  28  16  22   5  43   0 0.01    M    M  4.8 13  10   M    M  10 18     16  10
15  26   0  13  -4  52   0 0.00    M    M  1.9  8 120   M    M   5 1       9 150
16  25   0  13  -4  52   0 0.01    M    M  1.2  9 150   M    M   7 1      10 150
17  36   7  22   5  43   0    T    M    M  1.2  7 190   M    M   6 1       9 180
18  26   5  16  -1  49   0    T    M    M  0.8  7 180   M    M   8         9 110
19  36  13  25   8  40   0    T    M    M  2.3 12 310   M    M   7 1      18 250
20  35  17  26   9  39   0    T    M    M  3.1 15 180   M    M   8        21 240
21  38  30  34  17  31   0 0.08    M    M  8.2 22 290   M    M  10 1      29 310
22  32  23  28  11  37   0 0.11    M    M  6.9 22 310   M    M   9 1      29 320
23  29   5  17   0  48   0 0.00    M    M  2.4 10  10   M    M   8        11  10
24  37  27  32  15  33   0 0.13    M    M  6.8 20 320   M    M   7 18     26 300
25  27   6  17   0  48   0    T    M    M  7.7 22  10   M    M   9        27  10
26  24  -2  11  -6  54   0    T    M    M  2.0  8 160   M    M   9 1      10 300
27  25  -8   9  -8  56   0    T    M    M  3.1 14 240   M    M   6        18 250
28  26   6  16  -1  49   0 0.02    M    M  6.0 15  10   M    M   9 128    20  30
================================================================================
SM 1010  412      1101   0  0.54    M    121.7          M      163
================================================================================
AV 36.1 14.7                               4.3 FASTST   M    M   6    MAX(MPH)
                                 MISC ---->  # 33 180               # 40  180
================================================================================
NOTES:
# LAST OF SEVERAL OCCURRENCES

COLUMN 17 PEAK WIND IN M.P.H.

PRELIMINARY LOCAL CLIMATOLOGICAL DATA (WS FORM: F-6) , PAGE 2

                                          STATION:  BUTTE MT
                                          MONTH:    DECEMBER
                                          YEAR:     2014
                                          LATITUDE:   45 57 N
                                          LONGITUDE: 112 30 W

[TEMPERATURE DATA]      [PRECIPITATION DATA]       SYMBOLS USED IN COLUMN 16

AVERAGE MONTHLY: 25.4   TOTAL FOR MONTH:   0.54    1 = FOG OR MIST
DPTR FM NORMAL:   7.9   DPTR FM NORMAL:    0.08    2 = FOG REDUCING VISIBILITY
HIGHEST:    53 ON 12    GRTST 24HR  0.18 ON 13-13      TO 1/4 MILE OR LESS
LOWEST:     -8 ON 27                               3 = THUNDER
                        SNOW, ICE PELLETS, HAIL    4 = ICE PELLETS
                        TOTAL MONTH:    M          5 = HAIL
                        GRTST 24HR    M  ON   M    6 = FREEZING RAIN OR DRIZZLE
                        GRTST DEPTH:  M  ON   M    7 = DUSTSTORM OR SANDSTORM:
                                                       VSBY 1/2 MILE OR LESS
                                                   8 = SMOKE OR HAZE
[NO. OF DAYS WITH]      [WEATHER - DAYS WITH]      9 = BLOWING SNOW
                                                   X = TORNADO
MAX 32 OR BELOW:  10    0.01 INCH OR MORE:   7
MAX 90 OR ABOVE:   0    0.10 INCH OR MORE:   3
MIN 32 OR BELOW:  27    0.50 INCH OR MORE:   0
MIN  0 OR BELOW:   5    1.00 INCH OR MORE:   0

[HDD (BASE 65) ]
TOTAL THIS MO.  1101    CLEAR  (SCALE 0-3)   7
DPTR FM NORMAL  -228    PTCLDY (SCALE 4-7)  14
TOTAL FM JUL 1  3431    CLOUDY (SCALE 8-10)  7
DPTR FM NORMAL  -388

[CDD (BASE 65) ]
TOTAL THIS MO.     0
DPTR FM NORMAL     0    [PRESSURE DATA]
TOTAL FM JAN 1    78    HIGHEST SLP M ON M
DPTR FM NORMAL    -3    LOWEST  SLP 29.56 ON 24

[REMARKS]
