779
CXUS55 KLIX 231000
CF6BTR
PRELIMINARY LOCAL CLIMATOLOGICAL DATA (WS FORM: F-6)

                                          STATION:   BATON ROUGE  ASOS
                                          MONTH:     NOVEMBER
                                          YEAR:      2017
                                          LATITUDE:   30 31 N
                                          LONGITUDE:  91  9 W

  TEMPERATURE IN F:       :PCPN:    SNOW:  WIND      :SUNSHINE: SKY     :PK WND
================================================================================
1   2   3   4   5  6A  6B    7    8   9   10  11  12  13   14  15   16   17  18
                                     12Z  AVG MX 2MIN
DY MAX MIN AVG DEP HDD CDD  WTR  SNW DPTH SPD SPD DIR MIN PSBL S-S WX    SPD DR
================================================================================

 1  69  60  65   0   0   0 1.76  0.0    0  6.6 21 130   M    M   8 13     26 140
 2  84  68  76  12   0  11 0.00  0.0    0  8.8 20 190   M    M   5 1      23 190
 3  85  67  76  12   0  11 0.00  0.0    0  4.6 13 210   M    M   6 12     15 210
 4  84  65  75  11   0  10 0.00  0.0    0  4.1 10 180   M    M   6 12     12 180
 5  84  65  75  11   0  10 0.00  0.0    0  7.7 16 190   M    M   5 1      19 190
 6  85  69  77  14   0  12 0.00  0.0    0  6.6 15 220   M    M   5 1      18 210
 7  84  68  76  13   0  11 0.00  0.0    0  4.9 12 220   M    M   4 128    15 230
 8  71  57  64   1   1   0 0.00  0.0    0  6.8 13 350   M    M   9 18     16  10
 9  60  49  55  -7  10   0 0.03    M    0  5.7 12  20   M    M   7 1      17  10
10  70  45  58  -4   7   0 0.00  0.0    0  6.4 16  50   M    M   0        20  60
11  74  43  59  -3   6   0 0.00  0.0    0  5.2 12 120   M    M   0        15 100
12  79  55  67   6   0   2 0.00  0.0    0  6.3 13  40   M    M   2        17  80
13  75  56  66   5   0   1 0.00  0.0    0  6.9 15  40   M    M   2 1      20  20
14  73  50  62   1   3   0 0.00  0.0    0  4.1  9  50   M    M   0 18     17  20
15  76  49  63   3   2   0 0.00  0.0    0  2.9 10 110   M    M   0 1      14 110
16  77  53  65   5   0   0 0.00  0.0    0  1.6  7  70   M    M   5 128     9  90
17  79  54  67   7   0   2 0.00  0.0    0  7.0 15 190   M    M   2 18     20 170
18  82  57  70  10   0   5 0.04  0.0    0 12.7 26 330   M    M   4 1      37 310
19  63  39  51  -8  14   0 0.00  0.0    0  8.6 21 360   M    M   0        27 360
20  62  36  49 -10  16   0 0.00  0.0    0  3.1 10 100   M    M   0        13 100
21  68  41  55  -4  10   0 0.09    M    0  5.3 14  10   M    M   6 1      18  20
22  66  43  55  -3  10   0 0.00  0.0    0  8.5 17  20   M    M   2        22  30
================================================================================
SM 1650 1189        79  75  1.92     0.0 134.4          M       78
================================================================================
AV 75.0 54.1                               6.1 FASTST   M    M   4    MAX(MPH)
                                 MISC ---->  # 26 330               # 37  310
================================================================================
NOTES:
# LAST OF SEVERAL OCCURRENCES

COLUMN 17 PEAK WIND IN M.P.H.

PRELIMINARY LOCAL CLIMATOLOGICAL DATA (WS FORM: F-6) , PAGE 2

                                          STATION:  BATON ROUGE  ASOS
                                          MONTH:    NOVEMBER
                                          YEAR:     2017
                                          LATITUDE:   30 31 N
                                          LONGITUDE:  91  9 W

[TEMPERATURE DATA]      [PRECIPITATION DATA]       SYMBOLS USED IN COLUMN 16

AVERAGE MONTHLY: 64.5   TOTAL FOR MONTH:   1.92    1 = FOG OR MIST
DPTR FM NORMAL:   3.0   DPTR FM NORMAL:   -1.06    2 = FOG REDUCING VISIBILITY
HIGHEST:    85 ON  6, 3 GRTST 24HR  1.76 ON  1- 1      TO 1/4 MILE OR LESS
LOWEST:     36 ON 20                               3 = THUNDER
                        SNOW, ICE PELLETS, HAIL    4 = ICE PELLETS
                        TOTAL MONTH:   0.0 INCH    5 = HAIL
                        GRTST 24HR     0.0         6 = FREEZING RAIN OR DRIZZLE
                        GRTST DEPTH:   0           7 = DUSTSTORM OR SANDSTORM:
                                                       VSBY 1/2 MILE OR LESS
                                                   8 = SMOKE OR HAZE
[NO. OF DAYS WITH]      [WEATHER - DAYS WITH]      9 = BLOWING SNOW
                                                   X = TORNADO
MAX 32 OR BELOW:   0    0.01 INCH OR MORE:   4
MAX 90 OR ABOVE:   0    0.10 INCH OR MORE:   1
MIN 32 OR BELOW:   0    0.50 INCH OR MORE:   1
MIN  0 OR BELOW:   0    1.00 INCH OR MORE:   1

[HDD (BASE 65) ]
TOTAL THIS MO.    79    CLEAR  (SCALE 0-3)  10
DPTR FM NORMAL   -41    PTCLDY (SCALE 4-7)  10
TOTAL FM JUL 1   136    CLOUDY (SCALE 8-10)  2
DPTR FM NORMAL   -30

[CDD (BASE 65) ]
TOTAL THIS MO.    75
DPTR FM NORMAL    34    [PRESSURE DATA]
TOTAL FM JAN 1  2972    HIGHEST SLP M ON M
DPTR FM NORMAL   181    LOWEST  SLP 29.80 ON 18

[REMARKS]
