000
CXUS51 KBUF 181205
CF6BUF
PRELIMINARY LOCAL CLIMATOLOGICAL DATA (WS FORM: F-6)

                                          STATION:   BUFFALO NY
                                          MONTH:     JANUARY
                                          YEAR:      2018
                                          LATITUDE:   42 55 N
                                          LONGITUDE:  78 44 W

  TEMPERATURE IN F:       :PCPN:    SNOW:  WIND      :SUNSHINE: SKY     :PK WND
================================================================================
1   2   3   4   5  6A  6B    7    8   9   10  11  12  13   14  15   16   17  18
                                     12Z  AVG MX 2MIN
DY MAX MIN AVG DEP HDD CDD  WTR  SNW DPTH SPD SPD DIR MIN PSBL S-S WX    SPD DR
================================================================================

 1  14  -4   5 -21  60   0 0.01  0.5    6 12.2 25 270   M    M   6 19     32 270
 2  18  11  15 -11  50   0 0.15  3.2    6 21.9 35 220   M    M  10 19     46 230
 3  23   8  16 -10  49   0 0.01  0.8    8 19.0 28 210   M    M   9 1      36 210
 4  18   3  11 -15  54   0 0.03  1.3    7 12.9 24 300   M    M   9 189    34 310
 5   4  -1   2 -24  63   0 0.04  0.9    7 16.1 24 300   M    M   9 9      33 290
 6   4  -3   1 -25  64   0 0.03  0.2    6 10.3 18 260   M    M   8 18     24 270
 7  29  -5  12 -13  53   0    T    T    6 13.3 25 210   M    M   8        31 210
 8  34  29  32   7  33   0 0.30  1.6    6 20.4 30 240   M    M  10 129    43 230
 9  34  21  28   3  37   0    T    T    6 11.3 26 250   M    M   8 18     34 250
10  49  18  34   9  31   0 0.03  0.0    5 10.5 23 190   M    M   5 1      31 190
11  61  48  55  30  10   0 0.46  0.0    1 17.1 31 180   M    M  10 1      43 190
12  60  17  39  14  26   0 1.10  4.0    0 14.9 29 320   M    M  10 1246   36 190
13  17   8  13 -12  52   0 0.24  2.6    7 12.2 23 350   M    M   9 18     30 340
14  17   1   9 -16  56   0    T    T    6  4.8 10 320   M    M   3        13 130
15  22   3  13 -12  52   0 0.05  0.9    5  6.8 14 150   M    M   7 1      16 150
16  27  16  22  -3  43   0 0.03  1.7    6  9.3 18 240   M    M   9 1      22 250
17  19  11  15  -9  50   0 0.11  6.3    9 17.1 24 220   M    M  10 19     34 220
================================================================================
SM  450  181       783   0  2.59    24.0 230.1          M      140
================================================================================
AV 26.5 10.7                              13.5 FASTST   M    M   8    MAX(MPH)
                                 MISC ---->  # 35 220               # 46  230
================================================================================
NOTES:
# LAST OF SEVERAL OCCURRENCES

COLUMN 17 PEAK WIND IN M.P.H.

PRELIMINARY LOCAL CLIMATOLOGICAL DATA (WS FORM: F-6) , PAGE 2

                                          STATION:  BUFFALO NY
                                          MONTH:    JANUARY
                                          YEAR:     2018
                                          LATITUDE:   42 55 N
                                          LONGITUDE:  78 44 W

[TEMPERATURE DATA]      [PRECIPITATION DATA]       SYMBOLS USED IN COLUMN 16

AVERAGE MONTHLY: 18.6   TOTAL FOR MONTH:   2.59    1 = FOG OR MIST
DPTR FM NORMAL:  -6.7   DPTR FM NORMAL:    0.74    2 = FOG REDUCING VISIBILITY
HIGHEST:    61 ON 11    GRTST 24HR  1.10 ON 12-12      TO 1/4 MILE OR LESS
LOWEST:     -5 ON  7                               3 = THUNDER
                        SNOW, ICE PELLETS, HAIL    4 = ICE PELLETS
                        TOTAL MONTH:  24.0 INCHES  5 = HAIL
                        GRTST 24HR   6.3 ON 17-17  6 = FREEZING RAIN OR DRIZZLE
                        GRTST DEPTH:   9 ON 17     7 = DUSTSTORM OR SANDSTORM:
                                                       VSBY 1/2 MILE OR LESS
                                                   8 = SMOKE OR HAZE
[NO. OF DAYS WITH]      [WEATHER - DAYS WITH]      9 = BLOWING SNOW
                                                   X = TORNADO
MAX 32 OR BELOW:  12    0.01 INCH OR MORE:  14
MAX 90 OR ABOVE:   0    0.10 INCH OR MORE:   6
MIN 32 OR BELOW:  16    0.50 INCH OR MORE:   1
MIN  0 OR BELOW:   4    1.00 INCH OR MORE:   1

[HDD (BASE 65) ]
TOTAL THIS MO.   783    CLEAR  (SCALE 0-3)   0
DPTR FM NORMAL   108    PTCLDY (SCALE 4-7)   6
TOTAL FM JUL 1  3119    CLOUDY (SCALE 8-10) 11
DPTR FM NORMAL    29

[CDD (BASE 65) ]
TOTAL THIS MO.     0
DPTR FM NORMAL     0    [PRESSURE DATA]
TOTAL FM JAN 1     0    HIGHEST SLP M ON M
DPTR FM NORMAL     0    LOWEST  SLP 29.60 ON 12

[REMARKS]
