000
CXUS51 KBUF 011732
CF6BUF
PRELIMINARY LOCAL CLIMATOLOGICAL DATA (WS FORM: F-6)

                                          STATION:   BUFFALO NY
                                          MONTH:     JULY
                                          YEAR:      2014
                                          LATITUDE:   42 55 N
                                          LONGITUDE:  78 44 W

  TEMPERATURE IN F:       :PCPN:    SNOW:  WIND      :SUNSHINE: SKY     :PK WND
================================================================================
1   2   3   4   5  6A  6B    7    8   9   10  11  12  13   14  15   16   17  18
                                     12Z  AVG MX 2MIN
DY MAX MIN AVG DEP HDD CDD  WTR  SNW DPTH SPD SPD DIR MIN PSBL S-S WX    SPD DR
================================================================================

 1  86  71  79   9   0  14 0.06  0.0    0 16.8 33 240 811   88   7 3      45 240
 2  82  69  76   6   0  11    T  0.0    0 11.2 23 260 826   90   6 3      30 260
 3  75  59  67  -3   0   2 0.06  0.0    0  7.8 18 220 701   78   8        25 220
 4  74  56  65  -5   0   0 0.00  0.0    0  8.9 17 340 825   90   5        23 330
 5  75  52  64  -7   1   0 0.00  0.0    0 10.7 21 250 915  100   2 8      29 250
 6  80  59  70  -1   0   5 0.00  0.0    0 14.0 25 250 914  100   4        33 250
 7  78  67  73   2   0   8 1.01  0.0    0 14.4 31 250 384   42   9 138    42 260
 8  79  64  72   1   0   7 0.74  0.0    0 12.6 40 220 496   54   7 13     56 230
 9  72  61  67  -4   0   2 0.24  0.0    0  8.1 18 250 483   53   6 18     23 250
10  75  55  65  -6   0   0 0.00  0.0    0  5.0 12  30 910  100   2        15  10
11  82  57  70  -1   0   5 0.00  0.0    0  5.1 13 360 908  100   3        15  30
12  83  63  73   2   0   8 0.00  0.0    0  7.2 18 240 636   70   6        26 240
13  78  71  75   4   0  10 0.74  0.0    0 13.3 23 230 301   33   8 138    34 240
14  79  65  72   1   0   7 0.00  0.0    0  5.6 13 240 575   64   6        16 240
15  75  62  69  -2   0   4 0.07  0.0    0 12.5 28 250 638   71   6 1      36 250
16  70  57  64  -7   1   0    T  0.0    0 11.6 24 250 523   58   4        32 250
17  72  56  64  -7   1   0 0.00  0.0    0  8.9 18 230 697   77   4        28 220
18  76  56  66  -5   0   1 0.00  0.0    0  4.8 13 200 819   91   5        15 200
19  70  62  66  -5   0   1 0.77  0.0    0  6.2 14 170  50    6  10 1      23 290
20  79  65  72   1   0   7    T  0.0    0  5.8 12 230 688   77   8 1      15 240
21  84  65  75   4   0  10 0.00  0.0    0  5.8 12 220 892  100   2        14 270
22  85  62  74   3   0   9 0.00  0.0    0  7.6 17 260 892  100   1        26 310
23  78  63  71   0   0   6 0.14  0.0    0 11.5 20 360 119   13   8 18     24 360
24  72  58  65  -6   0   0 0.00  0.0    0  7.1 14 340 888  100   4        19  40
25  74  53  64  -7   1   0 0.00  0.0    0  9.5 20 240 804   91   4        25 240
26  77  61  69  -2   0   4    T  0.0    0  9.1 17 230 774   88   7        24 210
27  81  65  73   2   0   8 0.08  0.0    0 10.6 23 290 614   70   8 138    30 290
28  67  56  62  -9   3   0 0.83  0.0    0 11.0 21 350 347   39   8 1      28 360
29  69  54  62  -9   3   0 0.45  0.0    0  7.3 18 250  62    7   7 13     24 230
30  72  57  65  -6   0   0 0.04  0.0    0  9.4 20 340 495   57   7 3      26 340
31  74  58  66  -5   0   1 0.22  0.0    0 11.5 23 250 674   77   5 13     30 220
================================================================================
SM 2373 1879        10 130  5.45     0.0 290.9        19661    177
================================================================================
AV 76.5 60.6                               9.4 FASTST  634  70   6    MAX(MPH)
                                 MISC ---->  # 40 220               # 56  230
================================================================================
NOTES:
# LAST OF SEVERAL OCCURRENCES

COLUMN 17 PEAK WIND IN M.P.H.

PRELIMINARY LOCAL CLIMATOLOGICAL DATA (WS FORM: F-6) , PAGE 2

                                          STATION:  BUFFALO NY
                                          MONTH:    JULY
                                          YEAR:     2014
                                          LATITUDE:   42 55 N
                                          LONGITUDE:  78 44 W

[TEMPERATURE DATA]      [PRECIPITATION DATA]       SYMBOLS USED IN COLUMN 16

AVERAGE MONTHLY: 68.6   TOTAL FOR MONTH:   5.45    1 = FOG OR MIST
DPTR FM NORMAL:  -2.5   DPTR FM NORMAL:    2.22    2 = FOG REDUCING VISIBILITY
HIGHEST:    86 ON  1    GRTST 24HR  1.01 ON  7- 7      TO 1/4 MILE OR LESS
LOWEST:     52 ON  5                               3 = THUNDER
                        SNOW, ICE PELLETS, HAIL    4 = ICE PELLETS
                        TOTAL MONTH:   0.0 INCH    5 = HAIL
                        GRTST 24HR     0.0         6 = FREEZING RAIN OR DRIZZLE
                        GRTST DEPTH:   0           7 = DUSTSTORM OR SANDSTORM:
                                                       VSBY 1/2 MILE OR LESS
                                                   8 = SMOKE OR HAZE
[NO. OF DAYS WITH]      [WEATHER - DAYS WITH]      9 = BLOWING SNOW
                                                   X = TORNADO
MAX 32 OR BELOW:   0    0.01 INCH OR MORE:  14
MAX 90 OR ABOVE:   0    0.10 INCH OR MORE:   9
MIN 32 OR BELOW:   0    0.50 INCH OR MORE:   5
MIN  0 OR BELOW:   0    1.00 INCH OR MORE:   1

[HDD (BASE 65) ]
TOTAL THIS MO.    10    CLEAR  (SCALE 0-3)   5
DPTR FM NORMAL     1    PTCLDY (SCALE 4-7)  21
TOTAL FM JUL 1    10    CLOUDY (SCALE 8-10)  5
DPTR FM NORMAL     1

[CDD (BASE 65) ]
TOTAL THIS MO.   130
DPTR FM NORMAL   -67    [PRESSURE DATA]
TOTAL FM JAN 1   301    HIGHEST SLP 30.26 ON  5
DPTR FM NORMAL   -25    LOWEST  SLP 29.49 ON  8

[REMARKS]
#FINAL-07-14#
