000
CXUS54 KTSA 260840
CF6BVO
PRELIMINARY LOCAL CLIMATOLOGICAL DATA (WS FORM: F-6)

                                          STATION:   BARTLESVILLE OKLAHOMA
                                          MONTH:     APRIL
                                          YEAR:      2017
                                          LATITUDE:   36 45 N
                                          LONGITUDE:  96  0 W

  TEMPERATURE IN F:       :PCPN:    SNOW:  WIND      :SUNSHINE: SKY     :PK WND
================================================================================
1   2   3   4   5  6A  6B    7    8   9   10  11  12  13   14  15   16   17  18
                                     12Z  AVG MX 2MIN
DY MAX MIN AVG DEP HDD CDD  WTR  SNW DPTH SPD SPD DIR MIN PSBL S-S WX    SPD DR
================================================================================

 1  72  46  59   5   6   0 0.24  0.0    0 10.1 17  60   M    M   2 1      23  90
 2  66  53  60   6   5   0 0.67  0.0    0  2.4  8 150   M    M   9 1      11 100
 3  71  47  59   4   6   0 0.16  0.0    0  4.6 13 280   M    M   5 1      20 250
 4  67  47  57   2   8   0 0.19  0.0    0  8.0 25  20   M    M   4 18     33 360
 5  64  43  54  -1  11   0 0.07  0.0    0  5.6 22  10   M    M   7 1      33 360
 6  68  34  51  -5  14   0 0.00  0.0    0  3.1 16  10   M    M   0 18     23 360
 7  72  32  52  -4  13   0 0.00  0.0    0  6.0 16 140   M    M   0 18     22 140
 8  85  55  70  14   0   5 0.00  0.0    0 13.0 24 210   M    M   0 8      33 190
 9  80  65  73  16   0   8 0.00  0.0    0 14.7 23 190   M    M   2        36 190
10  77  52  65   8   0   0 0.00  0.0    0  3.4 12 360   M    M   0        18 360
11  69  38  54  -3  11   0 0.00  0.0    0  4.3 13  20   M    M   0 18     15  70
12  81  43  62   4   3   0 0.00  0.0    0  5.0 20 140   M    M   3 1      25 150
13  81  53  67   9   0   2 0.16  0.0    0  5.2 15 190   M    M   3 18     20 190
14  82  62  72  14   0   7 0.07  0.0    0 10.4 22 200   M    M   4 1      31 190
15  83  62  73  14   0   8 0.00  0.0    0 11.3 22 210   M    M   4        33 190
16  78  59  69  10   0   4 1.88  0.0    0  4.9 16  20   M    M   7 18     29 300
17  72  55  64   5   1   0 0.44  0.0    0  2.9 12  50   M    M   7 1      16  50
18  81  53  67   7   0   2 0.00  0.0    0  5.1 16 160   M    M   4 12     22 180
19  79  62  71  11   0   6 0.00  0.0    0 10.5 22 160   M    M   4        34 180
20  72  58  65   5   0   0 0.13  0.0    0  5.8 15  30   M    M   9 1      26  10
21  58  49  54  -7  11   0 2.12  0.0    0 10.1 23  20   M    M   9 1      36  60
22  57  43  50 -11  15   0    T  0.0    0  8.9 26  10   M    M   9 1      37  10
23  71  40  56  -5   9   0 0.00  0.0    0  2.6 12  60   M    M   0        17  20
24  77  37  57  -5   8   0 0.00  0.0    0  6.8 22 170   M    M   0 1      32 160
25  80  54  67   5   0   2 1.50  0.0    0  8.7 18 210   M    M   2 1      27 180
================================================================================
SM 1843 1242       121  44  7.63     0.0 173.4          M       94
================================================================================
AV 73.7 49.7                               6.9 FASTST   M    M   4    MAX(MPH)
                                 MISC ---->  # 26  10               # 37   10
================================================================================
NOTES:
# LAST OF SEVERAL OCCURRENCES

COLUMN 17 PEAK WIND IN M.P.H.

PRELIMINARY LOCAL CLIMATOLOGICAL DATA (WS FORM: F-6) , PAGE 2

                                          STATION:  BARTLESVILLE OKLAHOMA
                                          MONTH:    APRIL
                                          YEAR:     2017
                                          LATITUDE:   36 45 N
                                          LONGITUDE:  96  0 W

[TEMPERATURE DATA]      [PRECIPITATION DATA]       SYMBOLS USED IN COLUMN 16

AVERAGE MONTHLY: 61.7   TOTAL FOR MONTH:   7.63    1 = FOG OR MIST
DPTR FM NORMAL:   3.7   DPTR FM NORMAL:    4.48    2 = FOG REDUCING VISIBILITY
HIGHEST:    85 ON  8    GRTST 24HR  2.12 ON 21-21      TO 1/4 MILE OR LESS
LOWEST:     32 ON  7                               3 = THUNDER
                        SNOW, ICE PELLETS, HAIL    4 = ICE PELLETS
                        TOTAL MONTH:   0.0 INCH    5 = HAIL
                        GRTST 24HR     0.0         6 = FREEZING RAIN OR DRIZZLE
                        GRTST DEPTH:   0           7 = DUSTSTORM OR SANDSTORM:
                                                       VSBY 1/2 MILE OR LESS
                                                   8 = SMOKE OR HAZE
[NO. OF DAYS WITH]      [WEATHER - DAYS WITH]      9 = BLOWING SNOW
                                                   X = TORNADO
MAX 32 OR BELOW:   0    0.01 INCH OR MORE:  12
MAX 90 OR ABOVE:   0    0.10 INCH OR MORE:  10
MIN 32 OR BELOW:   1    0.50 INCH OR MORE:   4
MIN  0 OR BELOW:   0    1.00 INCH OR MORE:   3

[HDD (BASE 65) ]
TOTAL THIS MO.   121    CLEAR  (SCALE 0-3)  12
DPTR FM NORMAL   -85    PTCLDY (SCALE 4-7)   9
TOTAL FM JUL 1  3199    CLOUDY (SCALE 8-10)  4
DPTR FM NORMAL  -793

[CDD (BASE 65) ]
TOTAL THIS MO.    44
DPTR FM NORMAL    13    [PRESSURE DATA]
TOTAL FM JAN 1    66    HIGHEST SLP M ON M
DPTR FM NORMAL    29    LOWEST  SLP 29.33 ON 25

[REMARKS]
