000
CXUS54 KTSA 300840
CF6BVO
PRELIMINARY LOCAL CLIMATOLOGICAL DATA (WS FORM: F-6)

                                          STATION:   BARTLESVILLE OKLAHOMA
                                          MONTH:     AUGUST
                                          YEAR:      2014
                                          LATITUDE:   36 45 N
                                          LONGITUDE:  96  0 W

  TEMPERATURE IN F:       :PCPN:    SNOW:  WIND      :SUNSHINE: SKY     :PK WND
================================================================================
1   2   3   4   5  6A  6B    7    8   9   10  11  12  13   14  15   16   17  18
                                     12Z  AVG MX 2MIN
DY MAX MIN AVG DEP HDD CDD  WTR  SNW DPTH SPD SPD DIR MIN PSBL S-S WX    SPD DR
================================================================================

 1  85  60  73  -8   0   8 0.00  0.0    0  2.5 10 170   M    M   5 12     14 170
 2  88  61  75  -6   0  10 0.00  0.0    0  1.3  9  80   M    M   1 18     12  90
 3  90  61  76  -5   0  11 0.00  0.0    0  1.3  8 220   M    M   1 1      11 210
 4  91  64  78  -3   0  13 0.00  0.0    0  3.2 10 210   M    M   0 1      13 230
 5  91  66  79  -2   0  14 0.00  0.0    0  3.8 13 230   M    M   0 1      17 240
 6  94  64  79  -2   0  14 0.00  0.0    0  5.8 16 170   M    M   0 18     23 190
 7  92  69  81   0   0  16 0.74  0.0    0  3.5 15 220   M    M   1 13     29 310
 8  93  70  82   1   0  17 0.13  0.0    0  1.9 13 210   M    M   3 138    17 210
 9  87  69  78  -3   0  13 0.19  0.0    0  3.0 12 140   M    M   2 13     16 150
10  89  69  79  -2   0  14 0.00  0.0    0  1.7 10 360   M    M   2 1      13 360
11  90  64  77  -4   0  12 0.00  0.0    0  3.3 16  20   M    M   1 1      20  20
12  84  58  71 -10   0   6 0.00  0.0    0  3.3 15  20   M    M   0        20  20
13  86  54  70 -11   0   5 0.00  0.0    0  1.0  7 200   M    M   0        10 180
14  88  58  73  -8   0   8 0.00  0.0    0  3.7 12 140   M    M   0 1      17 130
15  92  65  79  -2   0  14 0.00  0.0    0  7.2 16 160   M    M   0 1      23 170
16  94  71  83   2   0  18 0.00  0.0    0  5.9 21  50   M    M   3 3      27  50
17  94  68  81   1   0  16 0.00  0.0    0  1.8  8  50   M    M   0 1      11  50
18  91  67  79  -1   0  14 0.00  0.0    0  4.4 14 110   M    M   0        20  10
19  98  68  83   3   0  18 0.00  0.0    0  5.5 15 200   M    M   0 3      19 200
20  96  68  82   2   0  17 0.00  0.0    0  7.3 18 210   M    M   0        24 210
21  98  73  86   6   0  21 0.00  0.0    0  8.3 18 160   M    M   0        27 160
22 101  72  87   7   0  22 0.00  0.0    0  7.3 16 220   M    M   0        22 200
23 102  68  85   5   0  20 0.00  0.0    0  6.7 17 160   M    M   0        25 220
24 101  66  84   5   0  19 0.00  0.0    0  6.1 17 150   M    M   0        24 150
25 100  67  84   5   0  19 0.00  0.0    0  4.2 14 130   M    M   0        20 120
26  97  67  82   3   0  17 0.00  0.0    0  2.6 12 150   M    M   0 18     16 140
27  97  66  82   3   0  17 0.00  0.0    0  2.4 12 160   M    M   0 1      15 180
28  95  66  81   3   0  16 0.00  0.0    0  5.9 16 130   M    M   1 1      22 130
29  93  67  80   2   0  15 0.23  0.0    0  4.7 14 160   M    M   3 1      22 150
================================================================================
SM 2697 1906         0 424  1.29     0.0 119.6          M       23
================================================================================
AV 93.0 65.7                               4.1 FASTST   M    M   1    MAX(MPH)
                                 MISC ---->  # 21  50               # 29  310
================================================================================
NOTES:
# LAST OF SEVERAL OCCURRENCES

COLUMN 17 PEAK WIND IN M.P.H.

PRELIMINARY LOCAL CLIMATOLOGICAL DATA (WS FORM: F-6) , PAGE 2

                                          STATION:  BARTLESVILLE OKLAHOMA
                                          MONTH:    AUGUST
                                          YEAR:     2014
                                          LATITUDE:   36 45 N
                                          LONGITUDE:  96  0 W

[TEMPERATURE DATA]      [PRECIPITATION DATA]       SYMBOLS USED IN COLUMN 16

AVERAGE MONTHLY: 79.4   TOTAL FOR MONTH:   1.29    1 = FOG OR MIST
DPTR FM NORMAL:  -0.9   DPTR FM NORMAL:   -1.58    2 = FOG REDUCING VISIBILITY
HIGHEST:   102 ON 23    GRTST 24HR  0.74 ON  7- 7      TO 1/4 MILE OR LESS
LOWEST:     54 ON 13                               3 = THUNDER
                        SNOW, ICE PELLETS, HAIL    4 = ICE PELLETS
                        TOTAL MONTH:   0.0 INCH    5 = HAIL
                        GRTST 24HR     0.0         6 = FREEZING RAIN OR DRIZZLE
                        GRTST DEPTH:   0           7 = DUSTSTORM OR SANDSTORM:
                                                       VSBY 1/2 MILE OR LESS
                                                   8 = SMOKE OR HAZE
[NO. OF DAYS WITH]      [WEATHER - DAYS WITH]      9 = BLOWING SNOW
                                                   X = TORNADO
MAX 32 OR BELOW:   0    0.01 INCH OR MORE:   4
MAX 90 OR ABOVE:  22    0.10 INCH OR MORE:   4
MIN 32 OR BELOW:   0    0.50 INCH OR MORE:   1
MIN  0 OR BELOW:   0    1.00 INCH OR MORE:   0

[HDD (BASE 65) ]
TOTAL THIS MO.     0    CLEAR  (SCALE 0-3)  27
DPTR FM NORMAL     0    PTCLDY (SCALE 4-7)   2
TOTAL FM JUL 1     4    CLOUDY (SCALE 8-10)  0
DPTR FM NORMAL     4

[CDD (BASE 65) ]
TOTAL THIS MO.   424
DPTR FM NORMAL   -19    [PRESSURE DATA]
TOTAL FM JAN 1  1300    HIGHEST SLP M ON M
DPTR FM NORMAL  -162    LOWEST  SLP 29.75 ON 19

[REMARKS]
