000
CXUS54 KLZK 271130
CF6BVX
PRELIMINARY LOCAL CLIMATOLOGICAL DATA (WS FORM: F-6)

                                          STATION:   Batesville Regional Airport
                                          MONTH:     JUNE
                                          YEAR:      2017
                                          LATITUDE:   35 43 N
                                          LONGITUDE:  91 39 W

  TEMPERATURE IN F:       :PCPN:    SNOW:  WIND      :SUNSHINE: SKY     :PK WND
================================================================================
1   2   3   4   5  6A  6B    7    8   9   10  11  12  13   14  15   16   17  18
                                     12Z  AVG MX 2MIN
DY MAX MIN AVG DEP HDD CDD  WTR  SNW DPTH SPD SPD DIR MIN PSBL S-S WX    SPD DR
================================================================================

 1  84  63  74   1   0   9 0.00  0.0    0  1.9  9 130   M    M   1 3       M  M
 2  84  61  73   0   0   8 0.37  0.0    0  2.7 18 100   M    M   3 3      31 100
 3  84  64  74   1   0   9 0.01  0.0    0  1.5  9 100   M    M   7 3       M  M
 4  84  68  76   2   0  11 0.38  0.0    0  2.1 10  80   M    M   6 3       M  M
 5  73  68  71  -3   0   6 3.95  0.0    0  0.5  6  40   M    M   7         M  M
 6  88  66  77   3   0  12 0.00  0.0    0  3.9  8  30   M    M   4         M  M
 7  82  55  69  -5   0   4 0.00  0.0    0  3.5  8  20   M    M   0         M  M
 8  81  55  68  -7   0   3 0.00  0.0    0  2.8  6  30   M    M   0         M  M
 9  82  54  68  -7   0   3 0.00  0.0    0  2.2  6 140   M    M   0         M  M
10  84  57  71  -4   0   6 0.00  0.0    0  4.8 12 190   M    M   1        17 220
11  88  64  76   0   0  11 0.00  0.0    0  5.7 10 160   M    M   1        20 170
12  90  73  82   6   0  17 0.44  0.0    0  6.5 12 210   M    M   6 3       M  M
13  88  72  80   4   0  15 0.01  0.0    0  5.5  9 220   M    M   4         M  M
14  90  73  82   6   0  17 0.00  0.0    0  6.7 12 210   M    M   3        16 170
15  90  70  80   3   0  15 0.02  0.0    0  4.1 12 260   M    M   0 3       M  M
16  90  70  80   3   0  15 0.00  0.0    0  3.5 12 120   M    M   2        16 120
17  90  72  81   4   0  16 0.01  0.0    0  6.1 10 180   M    M   2         M  M
18  84  70  77   0   0  12 0.27  0.0    0  6.0 14 260   M    M   5 3      18 260
19  88  64  76  -2   0  11 0.00  0.0    0  2.3  6  30   M    M   1         M  M
20  90  63  77  -1   0  12 0.00  0.0    0  1.9  6 150   M    M   0         M  M
21  88  64  76  -2   0  11 0.00  0.0    0  3.7 12 110   M    M   1        16 110
22  90  73  82   4   0  17 1.52  0.0    0  7.5 12  90   M    M   9        16 170
23  90  68  79   1   0  14 0.29  0.0    0  5.7  9 260   M    M   6 3       M  M
24  81  64  73  -6   0   8 0.00  0.0    0  3.6  8 360   M    M   1         M  M
25  86  63  75  -4   0  10 0.00  0.0    0  2.8  5 140   M    M   0         M  M
26  84  64  74  -5   0   9 0.00  0.0    0  2.9  9  40   M    M   3         M  M
================================================================================
SM 2233 1698         0 281  7.27     0.0 100.4          M       73
================================================================================
AV 85.9 65.3                               3.9 FASTST   M    M   3    MAX(MPH)
                                 MISC ---->  # 18 100               # 31  100
================================================================================
NOTES:
# LAST OF SEVERAL OCCURRENCES

COLUMN 17 PEAK WIND IN M.P.H.

PRELIMINARY LOCAL CLIMATOLOGICAL DATA (WS FORM: F-6) , PAGE 2

                                          STATION:  Batesville Regional Airport
                                          MONTH:    JUNE
                                          YEAR:     2017
                                          LATITUDE:   35 43 N
                                          LONGITUDE:  91 39 W

[TEMPERATURE DATA]      [PRECIPITATION DATA]       SYMBOLS USED IN COLUMN 16

AVERAGE MONTHLY: 75.6   TOTAL FOR MONTH:   7.27    1 = FOG OR MIST
DPTR FM NORMAL:  -0.5   DPTR FM NORMAL:    4.21    2 = FOG REDUCING VISIBILITY
HIGHEST:    90 ON 23,22 GRTST 24HR  3.95 ON  5- 5      TO 1/4 MILE OR LESS
LOWEST:     54 ON  9                               3 = THUNDER
                        SNOW, ICE PELLETS, HAIL    4 = ICE PELLETS
                        TOTAL MONTH:   0.0 INCH    5 = HAIL
                        GRTST 24HR     0.0         6 = FREEZING RAIN OR DRIZZLE
                        GRTST DEPTH:   0           7 = DUSTSTORM OR SANDSTORM:
                                                       VSBY 1/2 MILE OR LESS
                                                   8 = SMOKE OR HAZE
[NO. OF DAYS WITH]      [WEATHER - DAYS WITH]      9 = BLOWING SNOW
                                                   X = TORNADO
MAX 32 OR BELOW:   0    0.01 INCH OR MORE:  11
MAX 90 OR ABOVE:   8    0.10 INCH OR MORE:   7
MIN 32 OR BELOW:   0    0.50 INCH OR MORE:   2
MIN  0 OR BELOW:   0    1.00 INCH OR MORE:   2

[HDD (BASE 65) ]
TOTAL THIS MO.     0    CLEAR  (SCALE 0-3)  16
DPTR FM NORMAL     0    PTCLDY (SCALE 4-7)   9
TOTAL FM JUL 1  2560    CLOUDY (SCALE 8-10)  1
DPTR FM NORMAL -1228

[CDD (BASE 65) ]
TOTAL THIS MO.   281
DPTR FM NORMAL   -10    [PRESSURE DATA]
TOTAL FM JAN 1   521    HIGHEST SLP M ON M
DPTR FM NORMAL    47    LOWEST  SLP M ON M

[REMARKS]
