000
CXUS51 KLWX 220620
CF6BWI
PRELIMINARY LOCAL CLIMATOLOGICAL DATA (WS FORM: F-6)

                                          STATION:   BALTIMORE MD
                                          MONTH:     JUNE
                                          YEAR:      2017
                                          LATITUDE:   39 10 N
                                          LONGITUDE:  76 40 W

  TEMPERATURE IN F:       :PCPN:    SNOW:  WIND      :SUNSHINE: SKY     :PK WND
================================================================================
1   2   3   4   5  6A  6B    7    8   9   10  11  12  13   14  15   16   17  18
                                     12Z  AVG MX 2MIN
DY MAX MIN AVG DEP HDD CDD  WTR  SNW DPTH SPD SPD DIR MIN PSBL S-S WX    SPD DR
================================================================================

 1  81  57  69   1   0   4 0.00  0.0    0  8.5 23 260   M    M   4        29 290
 2  80  53  67  -1   0   2 0.00  0.0    0  7.6 23 280   M    M   3        31 300
 3  80  52  66  -3   0   1 0.00  0.0    0  3.9 16  40   M    M   5        21  40
 4  86  53  70   1   0   5 0.00  0.0    0  4.7 16 230   M    M   6        24 220
 5  75  63  69   0   0   4 0.14  0.0    0  3.3 12 280   M    M   9 1      19 330
 6  78  62  70   0   0   5 0.00  0.0    0  8.1 20 280   M    M   6 1      24 300
 7  64  51  58 -12   7   0    T  0.0    0  8.1 15  70   M    M   8 1      19  70
 8  73  48  61  -9   4   0 0.00  0.0    0  4.3 17  70   M    M   4        20  70
 9  83  51  67  -4   0   2 0.00  0.0    0  6.7 17 310   M    M   3        24 260
10  89  57  73   2   0   8 0.00  0.0    0  5.4 13 270   M    M   5        17 200
11  93  63  78   7   0  13 0.00  0.0    0  5.9 15 270   M    M   2        20 340
12  94  67  81   9   0  16 0.00  0.0    0  5.9 15 270   M    M   4        19 280
13  97  70  84  12   0  19 0.00  0.0    0  5.9 14 280   M    M   5        19 340
14  88  72  80   8   0  15 0.00  0.0    0  7.8 14 100   M    M   4        23  10
15  85  65  75   3   0  10 0.00  0.0    0  7.5 16 100   M    M   8        19 120
16  84  68  76   3   0  11    T  0.0    0  3.5 12 100   M    M   9 1      13 100
17  88  71  80   7   0  15 0.04  0.0    0  5.0 16 140   M    M   7 1      22 140
18  92  73  83  10   0  18 0.00  0.0    0  9.0 16 210   M    M   6        25 170
19  91  70  81   7   0  16 0.91  0.0    0  9.4 29 310   M    M   6 13     37 320
20  88  66  77   3   0  12    T  0.0    0  7.8 18 240   M    M   7        23 240
21  89  67  78   4   0  13 0.00  0.0    0  6.9 20 280   M    M   6        26 350
================================================================================
SM 1778 1299        11 189  1.09     0.0 135.2          M      117
================================================================================
AV 84.7 61.9                               6.4 FASTST   M    M   6    MAX(MPH)
                                 MISC ---->  # 29 310               # 37  320
================================================================================
NOTES:
# LAST OF SEVERAL OCCURRENCES

COLUMN 17 PEAK WIND IN M.P.H.

PRELIMINARY LOCAL CLIMATOLOGICAL DATA (WS FORM: F-6) , PAGE 2

                                          STATION:  BALTIMORE MD
                                          MONTH:    JUNE
                                          YEAR:     2017
                                          LATITUDE:   39 10 N
                                          LONGITUDE:  76 40 W

[TEMPERATURE DATA]      [PRECIPITATION DATA]       SYMBOLS USED IN COLUMN 16

AVERAGE MONTHLY: 73.3   TOTAL FOR MONTH:   1.09    1 = FOG OR MIST
DPTR FM NORMAL:   2.1   DPTR FM NORMAL:   -1.39    2 = FOG REDUCING VISIBILITY
HIGHEST:    97 ON 13    GRTST 24HR  0.91 ON 19-19      TO 1/4 MILE OR LESS
LOWEST:     48 ON  8                               3 = THUNDER
                        SNOW, ICE PELLETS, HAIL    4 = ICE PELLETS
                        TOTAL MONTH:   0.0 INCH    5 = HAIL
                        GRTST 24HR     0.0         6 = FREEZING RAIN OR DRIZZLE
                        GRTST DEPTH:   0           7 = DUSTSTORM OR SANDSTORM:
                                                       VSBY 1/2 MILE OR LESS
                                                   8 = SMOKE OR HAZE
[NO. OF DAYS WITH]      [WEATHER - DAYS WITH]      9 = BLOWING SNOW
                                                   X = TORNADO
MAX 32 OR BELOW:   0    0.01 INCH OR MORE:   3
MAX 90 OR ABOVE:   5    0.10 INCH OR MORE:   2
MIN 32 OR BELOW:   0    0.50 INCH OR MORE:   1
MIN  0 OR BELOW:   0    1.00 INCH OR MORE:   0

[HDD (BASE 65) ]
TOTAL THIS MO.    11    CLEAR  (SCALE 0-3)   1
DPTR FM NORMAL    -2    PTCLDY (SCALE 4-7)  17
TOTAL FM JUL 1  3862    CLOUDY (SCALE 8-10)  3
DPTR FM NORMAL  -900

[CDD (BASE 65) ]
TOTAL THIS MO.   189
DPTR FM NORMAL    44    [PRESSURE DATA]
TOTAL FM JAN 1   297    HIGHEST SLP M ON M
DPTR FM NORMAL    68    LOWEST  SLP 29.66 ON M

[REMARKS]
