000
CXUS55 KRIW 280904
CF6BYG
PRELIMINARY LOCAL CLIMATOLOGICAL DATA (WS FORM: F-6)

                                          STATION:   BUFFALO WY
                                          MONTH:     MAY
                                          YEAR:      2015
                                          LATITUDE:   44 22 N
                                          LONGITUDE: 106 43 W

  TEMPERATURE IN F:       :PCPN:    SNOW:  WIND      :SUNSHINE: SKY     :PK WND
================================================================================
1   2   3   4   5  6A  6B    7    8   9   10  11  12  13   14  15   16   17  18
                                     12Z  AVG MX 2MIN
DY MAX MIN AVG DEP HDD CDD  WTR  SNW DPTH SPD SPD DIR MIN PSBL S-S WX    SPD DR
================================================================================

 1  73  37  55   7  10   0 0.00  0.0    M  6.2 14  10   M    M   0        19 130
 2  74  48  61  13   4   0 0.00  0.0    M  7.5 22 330   M    M   0        28 330
 3  65  47  56   7   9   0 0.01  0.0    M  8.9 22 330   M    M   8        29 330
 4  69  47  58   9   7   0 0.00  0.0    M 13.6 24 150   M    M   6 3      31 140
 5  70  42  56   7   9   0 0.00  0.0    M 13.3 23 160   M    M   1        30 160
 6  55  43  49  -1  16   0 0.00  0.0    0 23.7 43 340   M    M   8        52 330
 7  51  34  43  -7  22   0    T    M    M 14.9 24 360   M    M   9        33 360
 8  50  31  41  -9  24   0 0.12    M    M  8.4 23 340   M    M   9 12     28 330
 9  36  32  34 -16  31   0 0.15    M    M 18.4 30 360   M    M  10 12     36 350
10  46  29  38 -13  27   0 0.04    M    M 15.1 32 360   M    M   8 12     43 360
11  59  28  44  -7  21   0 0.00  0.0    0  9.3 21 150   M    M   0        30 160
12  63  35  49  -2  16   0    T    M    M  8.0 22 350   M    M   1        29 330
13  61  42  52   1  13   0 0.03    M    M  6.1 13 180   M    M   3 3      15 200
14  65  41  53   1  12   0 0.85    M    M  7.6 22 350   M    M   5 13     26 260
15  58  42  50  -2  15   0 0.63  0.0    0 10.4 29 170   M    M   9 1238   37 160
16  64  38  51  -1  14   0 0.16    M    M  9.5 26 340   M    M   9 123    38 340
17  51  35  43  -9  22   0    T    M    M 25.7 39 340   M    M   7 1      50 340
18  47  33  40 -12  25   0 0.00  0.0    0  7.3 22 350   M    M  10 1      26 340
19  45  33  39 -14  26   0 0.23    M    M 10.5 20 140   M    M  10 1      23 140
20  49  33  41 -12  24   0    T    M    M 12.7 17 150   M    M   8 1      22 160
21  59  36  48  -5  17   0 0.00  0.0    0 14.1 20 140   M    M   5        26 150
22  57  44  51  -2  14   0 0.03  0.0    0 14.0 22 130   M    M   8 1      29 130
23  53  45  49  -5  16   0 0.28  0.0    0  8.2 21 360   M    M  10 1      26 340
24  49  46  48  -6  17   0 2.83  0.0    0 12.4 23 340   M    M  10 12     29 330
25  60  44  52  -2  13   0 0.05  0.0    0  7.4 15  10   M    M   7 1      23 350
26  67  42  55   1  10   0    T  0.0    0  6.4 17 280   M    M   3 3      21 290
27  68  49  59   4   6   0 0.06    M    0  8.0 20 360   M    M   8 13     26 340
================================================================================
SM 1564 1056       440   0  5.47     0.0 307.6          M      172
================================================================================
AV 57.9 39.1                              11.4 FASTST   M    M   6    MAX(MPH)
                                 MISC ---->  # 43 340               # 52  330
================================================================================
NOTES:
# LAST OF SEVERAL OCCURRENCES

COLUMN 17 PEAK WIND IN M.P.H.

PRELIMINARY LOCAL CLIMATOLOGICAL DATA (WS FORM: F-6) , PAGE 2

                                          STATION:  BUFFALO WY
                                          MONTH:    MAY
                                          YEAR:     2015
                                          LATITUDE:   44 22 N
                                          LONGITUDE: 106 43 W

[TEMPERATURE DATA]      [PRECIPITATION DATA]       SYMBOLS USED IN COLUMN 16

AVERAGE MONTHLY: 48.5   TOTAL FOR MONTH:   5.47    1 = FOG OR MIST
DPTR FM NORMAL:  -3.0   DPTR FM NORMAL:    3.26    2 = FOG REDUCING VISIBILITY
HIGHEST:    74 ON  2    GRTST 24HR  2.87 ON 24-25      TO 1/4 MILE OR LESS
LOWEST:     28 ON 11                               3 = THUNDER
                        SNOW, ICE PELLETS, HAIL    4 = ICE PELLETS
                        TOTAL MONTH:   0.0 INCH    5 = HAIL
                        GRTST 24HR     0.0         6 = FREEZING RAIN OR DRIZZLE
                        GRTST DEPTH:   0           7 = DUSTSTORM OR SANDSTORM:
                                                       VSBY 1/2 MILE OR LESS
                                                   8 = SMOKE OR HAZE
[NO. OF DAYS WITH]      [WEATHER - DAYS WITH]      9 = BLOWING SNOW
                                                   X = TORNADO
MAX 32 OR BELOW:   0    0.01 INCH OR MORE:  14
MAX 90 OR ABOVE:   0    0.10 INCH OR MORE:   8
MIN 32 OR BELOW:   4    0.50 INCH OR MORE:   3
MIN  0 OR BELOW:   0    1.00 INCH OR MORE:   1

[HDD (BASE 65) ]
TOTAL THIS MO.   440    CLEAR  (SCALE 0-3)   6
DPTR FM NORMAL    70    PTCLDY (SCALE 4-7)  10
TOTAL FM JUL 1  6391    CLOUDY (SCALE 8-10) 11
DPTR FM NORMAL  -823

[CDD (BASE 65) ]
TOTAL THIS MO.     0
DPTR FM NORMAL     0    [PRESSURE DATA]
TOTAL FM JAN 1     0    HIGHEST SLP M ON M
DPTR FM NORMAL     0    LOWEST  SLP 29.52 ON  6

[REMARKS]
