000
CXUS55 KPIH 231200
CF6BYI

PRELIMINARY LOCAL CLIMATOLOGICAL DATA (WS FORM: F-6)

                                          STATION:   BURLEY ID
                                          MONTH:     JUNE
                                          YEAR:      2017
                                          LATITUDE:   42 32 N
                                          LONGITUDE: 113 46 W

  TEMPERATURE IN F:       :PCPN:    SNOW:  WIND      :SUNSHINE: SKY     :PK WND
================================================================================
1   2   3   4   5  6A  6B    7    8   9   10  11  12  13   14  15   16   17  18
                                     12Z  AVG MX 2MIN
DY MAX MIN AVG DEP HDD CDD  WTR  SNW DPTH SPD SPD DIR MIN PSBL S-S WX    SPD DR
================================================================================

 1  75  51  63   5   2   0    T    M    M 10.7 23 290   M    M   1        31 290
 2  76  44  60   2   5   0 0.00    M    M  5.3 13 320   M    M   0        17 250
 3  88  47  68   9   0   3 0.00    M    M  3.4 12  30   M    M   0        15  90
 4  87  50  69  10   0   4    T    M    M  7.3 31 270   M    M   1 38     47 270
 5  75  50  63   4   2   0 0.00    M    M  9.7 21 250   M    M   0        25 250
 6  88  45  67   7   0   2 0.00    M    M  5.2 13  90   M    M   0        17  90
 7  93  50  72  12   0   7 0.00    M    M  5.6 16 180   M    M   0        21 180
 8  83  56  70  10   0   5 0.00    M    M  8.5 23 290   M    M   0        31 290
 9  64  48  56  -4   9   0 0.18    M    M  7.7 17 260   M    M   6 1      24 270
10  65  45  55  -5  10   0 0.00    M    M  7.0 17 270   M    M   4        22 260
11  73  42  58  -3   7   0    T    M    M 11.4 26  70   M    M   4        40  70
12  60  45  53  -8  12   0 0.03    M    M  8.5 28 160   M    M   6 3      35 160
13  63  43  53  -8  12   0 0.51    M    M 15.5 32 270   M    M   5 1      44 270
14  73  44  59  -3   6   0 0.00    M    M  6.0 13 320   M    M   0        18 290
15  79  47  63   1   2   0 0.00    M    M  4.6 20 320   M    M   0        24 290
16  77  53  65   3   0   0    T    M    M 10.6 18 290   M    M   2        28 290
17  72  55  64   2   1   0 0.00    M    M 13.3 23 250   M    M   3        30 260
18  80  51  66   3   0   1 0.00    M    M 10.5 18 260   M    M   0        25 270
19  90  52  71   8   0   6 0.00    M    M  2.9 10 220   M    M   0 8      12 220
20  94  57  76  13   0  11 0.00    M    M  4.9 13 320   M    M   0        18 320
21  83  65  74  10   0   9 0.00    M    M 13.8 22 260   M    M   0        31 260
22  77  55  66   2   0   1 0.00    M    M 14.8 25 260   M    M   0        35 260
================================================================================
SM 1715 1095        68  49  0.72    M    187.2          M       32
================================================================================
AV 78.0 49.8                               8.5 FASTST   M    M   1    MAX(MPH)
                                 MISC ---->  # 32 270               # 47  270
================================================================================
NOTES:
# LAST OF SEVERAL OCCURRENCES
PRECIPITATION SUSPECT DURING FREEZING/FROZEN EVENTS

COLUMN 17 PEAK WIND IN M.P.H.

PRELIMINARY LOCAL CLIMATOLOGICAL DATA (WS FORM: F-6) , PAGE 2

                                          STATION:  BURLEY ID
                                          MONTH:    JUNE
                                          YEAR:     2017
                                          LATITUDE:   42 32 N
                                          LONGITUDE: 113 46 W

[TEMPERATURE DATA]      [PRECIPITATION DATA]       SYMBOLS USED IN COLUMN 16

AVERAGE MONTHLY: 63.9   TOTAL FOR MONTH:   0.72    1 = FOG OR MIST
DPTR FM NORMAL:   2.9   DPTR FM NORMAL:   -0.02    2 = FOG REDUCING VISIBILITY
HIGHEST:    94 ON 20    GRTST 24HR  0.51 ON 13-13      TO 1/4 MILE OR LESS
LOWEST:     42 ON 11                               3 = THUNDER
                        SNOW, ICE PELLETS, HAIL    4 = ICE PELLETS
                        TOTAL MONTH:    M          5 = HAIL
                        GRTST 24HR    M  ON   M    6 = FREEZING RAIN OR DRIZZLE
                        GRTST DEPTH:  M  ON   M    7 = DUSTSTORM OR SANDSTORM:
                                                       VSBY 1/2 MILE OR LESS
                                                   8 = SMOKE OR HAZE
[NO. OF DAYS WITH]      [WEATHER - DAYS WITH]      9 = BLOWING SNOW
                                                   X = TORNADO
MAX 32 OR BELOW:   0    0.01 INCH OR MORE:   3
MAX 90 OR ABOVE:   3    0.10 INCH OR MORE:   2
MIN 32 OR BELOW:   0    0.50 INCH OR MORE:   1
MIN  0 OR BELOW:   0    1.00 INCH OR MORE:   0

[HDD (BASE 65) ]
TOTAL THIS MO.    68    CLEAR  (SCALE 0-3)  16
DPTR FM NORMAL   -48    PTCLDY (SCALE 4-7)   6
TOTAL FM JUL 1  6310    CLOUDY (SCALE 8-10)  0
DPTR FM NORMAL  -537

[CDD (BASE 65) ]
TOTAL THIS MO.    49
DPTR FM NORMAL    21    [PRESSURE DATA]
TOTAL FM JAN 1    54    HIGHEST SLP M ON M
DPTR FM NORMAL    20    LOWEST  SLP 29.48 ON 11

[REMARKS]
