000
CXUS55 KPIH 281200
CF6BYI

PRELIMINARY LOCAL CLIMATOLOGICAL DATA (WS FORM: F-6)

                                          STATION:   BURLEY ID
                                          MONTH:     FEBRUARY
                                          YEAR:      2015
                                          LATITUDE:   42 32 N
                                          LONGITUDE: 113 46 W

  TEMPERATURE IN F:       :PCPN:    SNOW:  WIND      :SUNSHINE: SKY     :PK WND
================================================================================
1   2   3   4   5  6A  6B    7    8   9   10  11  12  13   14  15   16   17  18
                                     12Z  AVG MX 2MIN
DY MAX MIN AVG DEP HDD CDD  WTR  SNW DPTH SPD SPD DIR MIN PSBL S-S WX    SPD DR
================================================================================

 1  43  20  32   4  33   0 0.01    M    M  4.5 13 250   M    M   5 18     15 250
 2  48  38  43  15  22   0 0.11    M    M  5.9 14 270   M    M   9 1      18 260
 3  49  35  42  14  23   0 0.16    M    M  8.4 21 240   M    M   8 1      27 240
 4  54  37  46  18  19   0    T    M    M  6.9 20 250   M    M   5        25 320
 5  58  37  48  19  17   0 0.00    M    M 13.3 26 200   M    M   0        35 210
 6  63  44  54  25  11   0 0.00    M    M 15.0 28 210   M    M   2        35 210
 7  64  41  53  24  12   0    T    M    M 10.3 37 260   M    M   5        47 250
 8  63  33  48  19  17   0 0.00    M    M  4.8 17 190   M    M   2        21 200
 9  58  41  50  21  15   0 0.07    M    M 11.8 30 210   M    M   6        39 280
10  47  30  39   9  26   0 0.00    M    M 10.1 20 260   M    M   6        26 250
11  53  23  38   8  27   0 0.00    M    M  3.9 13  50   M    M   0 1      16  50
12  60  28  44  14  21   0 0.00    M    M  2.9 13 210   M    M   0        16 210
13  60  25  43  13  22   0 0.00    M    M  4.5 15  60   M    M   0        17  50
14  56  30  43  13  22   0 0.00    M    M  6.6 18 250   M    M   0        26 260
15  51  36  44  13  21   0 0.00    M    M 12.5 23 290   M    M   2        32 270
16  47  24  36   5  29   0 0.00    M    M  7.1 18  60   M    M   0        23  90
17  50  18  34   3  31   0 0.00    M    M  3.1 10 270   M    M   0        13  30
18  57  21  39   7  26   0 0.00    M    M  3.0  9 240   M    M   0        11 290
19  59  23  41   9  24   0 0.00    M    M  6.7 17 280   M    M   0        23 270
20  50  34  42  10  23   0 0.00    M    M 17.7 26 270   M    M   4        36 260
21  46  25  36   4  29   0 0.01    M    M 10.5 25  50   M    M   5        33  50
22  37  17  27  -6  38   0 0.00    M    M 11.5 24  60   M    M   1        29  60
23  44  13  29  -4  36   0 0.00    M    M  7.8 15 290   M    M   0        20 300
24  51  17  34   1  31   0 0.00    M    M 11.5 24 260   M    M   1        32 250
25  51  36  44  10  21   0 0.00    M    M 16.3 28 280   M    M   1        38 280
26  45  29  37   3  28   0 0.06    M    M  6.1 14 250   M    M   7 1      19 250
27  45  31  38   4  27   0 0.01    M    M  7.0 18  60   M    M   8 1      23  70
================================================================================
SM 1409  786       651   0  0.43    M    229.7          M       77
================================================================================
AV 52.2 29.1                               8.5 FASTST   M    M   3    MAX(MPH)
                                 MISC ---->  # 37 260               # 47  250
================================================================================
NOTES:
# LAST OF SEVERAL OCCURRENCES

COLUMN 17 PEAK WIND IN M.P.H.

PRELIMINARY LOCAL CLIMATOLOGICAL DATA (WS FORM: F-6) , PAGE 2

                                          STATION:  BURLEY ID
                                          MONTH:    FEBRUARY
                                          YEAR:     2015
                                          LATITUDE:   42 32 N
                                          LONGITUDE: 113 46 W

[TEMPERATURE DATA]      [PRECIPITATION DATA]       SYMBOLS USED IN COLUMN 16

AVERAGE MONTHLY: 40.6   TOTAL FOR MONTH:   0.43    1 = FOG OR MIST
DPTR FM NORMAL:   9.9   DPTR FM NORMAL:   -0.31    2 = FOG REDUCING VISIBILITY
HIGHEST:    64 ON  7    GRTST 24HR  0.16 ON  3- 3      TO 1/4 MILE OR LESS
LOWEST:     13 ON 23                               3 = THUNDER
                        SNOW, ICE PELLETS, HAIL    4 = ICE PELLETS
                        TOTAL MONTH:    M          5 = HAIL
                        GRTST 24HR    M  ON   M    6 = FREEZING RAIN OR DRIZZLE
                        GRTST DEPTH:  M  ON   M    7 = DUSTSTORM OR SANDSTORM:
                                                       VSBY 1/2 MILE OR LESS
                                                   8 = SMOKE OR HAZE
[NO. OF DAYS WITH]      [WEATHER - DAYS WITH]      9 = BLOWING SNOW
                                                   X = TORNADO
MAX 32 OR BELOW:   0    0.01 INCH OR MORE:   7
MAX 90 OR ABOVE:   0    0.10 INCH OR MORE:   2
MIN 32 OR BELOW:  16    0.50 INCH OR MORE:   0
MIN  0 OR BELOW:   0    1.00 INCH OR MORE:   0

[HDD (BASE 65) ]
TOTAL THIS MO.   651    CLEAR  (SCALE 0-3)  16
DPTR FM NORMAL  -275    PTCLDY (SCALE 4-7)  10
TOTAL FM JUL 1  3949    CLOUDY (SCALE 8-10)  1
DPTR FM NORMAL -1043

[CDD (BASE 65) ]
TOTAL THIS MO.     0
DPTR FM NORMAL     0    [PRESSURE DATA]
TOTAL FM JAN 1     0    HIGHEST SLP M ON M
DPTR FM NORMAL     0    LOWEST  SLP 29.74 ON 27

[REMARKS]
