000
CXUS55 KCAE 221400
CF6CAE
PRELIMINARY LOCAL CLIMATOLOGICAL DATA (WS FORM: F-6)

                                          STATION:   COLUMBIA METRO AIRPORT SC
                                          MONTH:     DECEMBER
                                          YEAR:      2014
                                          LATITUDE:   33 57 N
                                          LONGITUDE:  81  7 W

  TEMPERATURE IN F:       :PCPN:    SNOW:  WIND      :SUNSHINE: SKY     :PK WND
================================================================================
1   2   3   4   5  6A  6B    7    8   9   10  11  12  13   14  15   16   17  18
                                     12Z  AVG MX 2MIN
DY MAX MIN AVG DEP HDD CDD  WTR  SNW DPTH SPD SPD DIR MIN PSBL S-S WX    SPD DR
================================================================================

 1  74  37  56   6   9   0 0.00  0.0    0  2.6 13 210   M    M   0 1      16 220
 2  74  42  58   8   7   0 0.00  0.0    0  3.3 13  70   M    M   4 1      16  70
 3  70  53  62  12   3   0 0.00  0.0    0  2.0  8  80   M    M   8 128    10  70
 4  60  50  55   6  10   0 0.00  0.0    0  4.3 10 100   M    M  10 128    12 100
 5  63  50  57   8   8   0 0.00  0.0    0  4.8 10  60   M    M   8 18     13  60
 6  62  49  56   7   9   0 0.03  0.0    0  4.1 15 310   M    M  10 18     18 310
 7  60  44  52   4  13   0 0.00  0.0    0 10.4 22  30   M    M   4        30  30
 8  47  41  44  -4  21   0 0.01  0.0    0  8.5 17  50   M    M   9 1      25  50
 9  57  41  49   1  16   0 0.00  0.0    0  7.6 15 320   M    M   9        22 310
10  56  33  45  -3  20   0 0.00  0.0    0  5.9 16 280   M    M   1        21 290
11  55  26  41  -7  24   0 0.00  0.0    0  2.0 10 320   M    M   0        13 310
12  62  24  43  -4  22   0 0.00  0.0    0  3.4 12 250   M    M   0        14 250
13  67  27  47   0  18   0 0.00  0.0    0  2.0 12 300   M    M   0        15 300
14  69  29  49   2  16   0 0.00  0.0    0  1.6  7  70   M    M   0 8       9 100
15  68  29  49   2  16   0 0.00  0.0    0  2.8  9 110   M    M   3 18     11 120
16  68  34  51   5  14   0 0.07  0.0    0  8.2 24 280   M    M   3 18     30 290
17  63  35  49   3  16   0 0.00  0.0    0  2.7  9 290   M    M   3 1      13 310
18  61  33  47   1  18   0 0.00  0.0    0  2.8 14  80   M    M   4        16  80
19  63  34  49   3  16   0 0.00  0.0    0  1.6 13  50   M    M   4 1      16  60
20  50  46  48   2  17   0 0.09  0.0    0  4.5 10  80   M    M  10 18     14  90
21  56  44  50   4  15   0 0.16  0.0    0  6.0 12  60   M    M  10 18     16  60
================================================================================
SM 1305  801       308   0  0.36     0.0  91.1          M      100
================================================================================
AV 62.1 38.1                               4.3 FASTST   M    M   5    MAX(MPH)
                                 MISC ---->  # 24 280               # 30   30
================================================================================
NOTES:
# LAST OF SEVERAL OCCURRENCES

COLUMN 17 PEAK WIND IN M.P.H.

PRELIMINARY LOCAL CLIMATOLOGICAL DATA (WS FORM: F-6) , PAGE 2

                                          STATION:  COLUMBIA METRO AIRPORT SC
                                          MONTH:    DECEMBER
                                          YEAR:     2014
                                          LATITUDE:   33 57 N
                                          LONGITUDE:  81  7 W

[TEMPERATURE DATA]      [PRECIPITATION DATA]       SYMBOLS USED IN COLUMN 16

AVERAGE MONTHLY: 50.1   TOTAL FOR MONTH:   0.36    1 = FOG OR MIST
DPTR FM NORMAL:   2.5   DPTR FM NORMAL:   -1.79    2 = FOG REDUCING VISIBILITY
HIGHEST:    74 ON  2, 1 GRTST 24HR  0.16 ON 21-21      TO 1/4 MILE OR LESS
LOWEST:     24 ON 12                               3 = THUNDER
                        SNOW, ICE PELLETS, HAIL    4 = ICE PELLETS
                        TOTAL MONTH:   0.0 INCH    5 = HAIL
                        GRTST 24HR     0.0         6 = FREEZING RAIN OR DRIZZLE
                        GRTST DEPTH:   0           7 = DUSTSTORM OR SANDSTORM:
                                                       VSBY 1/2 MILE OR LESS
                                                   8 = SMOKE OR HAZE
[NO. OF DAYS WITH]      [WEATHER - DAYS WITH]      9 = BLOWING SNOW
                                                   X = TORNADO
MAX 32 OR BELOW:   0    0.01 INCH OR MORE:   5
MAX 90 OR ABOVE:   0    0.10 INCH OR MORE:   1
MIN 32 OR BELOW:   5    0.50 INCH OR MORE:   0
MIN  0 OR BELOW:   0    1.00 INCH OR MORE:   0

[HDD (BASE 65) ]
TOTAL THIS MO.   308    CLEAR  (SCALE 0-3)   7
DPTR FM NORMAL   -59    PTCLDY (SCALE 4-7)   6
TOTAL FM JUL 1   813    CLOUDY (SCALE 8-10)  8
DPTR FM NORMAL     5

[CDD (BASE 65) ]
TOTAL THIS MO.     0
DPTR FM NORMAL     0    [PRESSURE DATA]
TOTAL FM JAN 1  2535    HIGHEST SLP M ON M
DPTR FM NORMAL   368    LOWEST  SLP 29.89 ON 16

[REMARKS]
