000
CXUS51 KCAR 300600
CF6CAR
PRELIMINARY LOCAL CLIMATOLOGICAL DATA (WS FORM: F-6)

                                          STATION:   CARIBOU ME
                                          MONTH:     MARCH
                                          YEAR:      2015
                                          LATITUDE:   46 52 N
                                          LONGITUDE:  68  1 W

  TEMPERATURE IN F:       :PCPN:    SNOW:  WIND      :SUNSHINE: SKY     :PK WND
================================================================================
1   2   3   4   5  6A  6B    7    8   9   10  11  12  13   14  15   16   17  18
                                     12Z  AVG MX 2MIN
DY MAX MIN AVG DEP HDD CDD  WTR  SNW DPTH SPD SPD DIR MIN PSBL S-S WX    SPD DR
================================================================================

 1  27   0  14  -5  51   0 0.00  0.0   20  6.3 14 180   M    M   3        20 190
 2  25   7  16  -3  49   0 0.07  0.6   20 11.4 33 310   M    M   8 189    45 340
 3  22   0  11  -8  54   0 0.08  1.9   20 10.2 22 300   M    M   1 12     31 320
 4  34  15  25   5  40   0 0.16  3.7   25  9.8 25 250   M    M   7 1      33 250
 5  26  -8   9 -11  56   0    T    T   23 11.1 24 320   M    M   2        30 320
 6  19 -20   0 -20  65   0 0.00  0.0   22  5.7 16 230   M    M   0 8      21 240
 7  28   5  17  -4  48   0 0.00  0.0   20  8.8 21 250   M    M   6        27 240
 8  29  -1  14  -7  51   0 0.02  0.3   19  4.9 16 330   M    M   4 18     20 330
 9  29   4  17  -5  48   0 0.05  0.5   19  3.8 18 310   M    M   8 18     24 310
10  39   3  21  -1  44   0 0.00  0.0   20  6.1 15 190   M    M   2 18     24 190
11  45  25  35  13  30   0    T  0.0   18 13.5 35 300   M    M   3        49 310
12  27   7  17  -6  48   0    T    T   10 18.3 31 330   M    M   5        42 320
13  23   1  12 -11  53   0 0.00  0.0   10  9.8 20 330   M    M   0        25 310
14  29  -6  12 -12  53   0 0.00  0.0   10  3.2 12  80   M    M   4        15 100
15  28  12  20  -4  45   0 0.63  8.6   10 13.2 26  70   M    M   9 128    35  60
16  36  10  23  -1  42   0 0.00  0.0   16 11.1 21 340   M    M   0        25 340
17  30   9  20  -5  45   0 0.38  5.5   15  9.1 30 330   M    M   8 1      37 320
18  13   9  11 -14  54   0 0.03    T   21 20.2 31 330   M    M  10 89     40 330
19  24   8  16 -10  49   0    T    T   21 14.7 26 330   M    M   5        34 320
20  39   2  21  -5  44   0 0.00  0.0   20  5.8 13 200   M    M   2        18 210
21  33  21  27   1  38   0 0.07  1.1   18  8.3 15 170   M    M   9 18     20 180
22  29   6  18  -9  47   0 0.07  1.0   18 15.8 26 300   M    M  10 89     43 300
23  22   4  13 -14  52   0 0.01  0.1   18 12.2 24 310   M    M   5 89     32 300
24  35   7  21  -7  44   0 0.00  0.0   18  3.8 14 330   M    M   0        16 340
25  40   5  23  -5  42   0 0.00  0.0   17  5.4 15 170   M    M   0        22 180
26  45  32  39  10  26   0    T    M   13  9.9 23 250   M    M  10 8      32 200
27  39  22  31   2  34   0    T    T   13  7.4 14 350   M    M   6 8      18 350
28  32  16  24  -6  41   0 0.00  0.0   11 10.7 23 330   M    M   2        26 330
29  39  12  26  -4  39   0 0.00  0.0   11  7.1 12 250   M    M   0        16 230
================================================================================
SM  886  207      1332   0  1.57    23.3 277.6          M      129
================================================================================
AV 30.6  7.1                               9.6 FASTST   M    M   4    MAX(MPH)
                                 MISC ---->  # 35 300               # 49  310
================================================================================
NOTES:
# LAST OF SEVERAL OCCURRENCES

COLUMN 17 PEAK WIND IN M.P.H.

PRELIMINARY LOCAL CLIMATOLOGICAL DATA (WS FORM: F-6) , PAGE 2

                                          STATION:  CARIBOU ME
                                          MONTH:    MARCH
                                          YEAR:     2015
                                          LATITUDE:   46 52 N
                                          LONGITUDE:  68  1 W

[TEMPERATURE DATA]      [PRECIPITATION DATA]       SYMBOLS USED IN COLUMN 16

AVERAGE MONTHLY: 18.8   TOTAL FOR MONTH:   1.57    1 = FOG OR MIST
DPTR FM NORMAL:  -5.3   DPTR FM NORMAL:   -0.78    2 = FOG REDUCING VISIBILITY
HIGHEST:    45 ON 26,11 GRTST 24HR  0.63 ON 15-15      TO 1/4 MILE OR LESS
LOWEST:    -20 ON  6                               3 = THUNDER
                        SNOW, ICE PELLETS, HAIL    4 = ICE PELLETS
                        TOTAL MONTH:  23.3 INCHES  5 = HAIL
                        GRTST 24HR   8.6 ON   M    6 = FREEZING RAIN OR DRIZZLE
                        GRTST DEPTH:  25 ON  4     7 = DUSTSTORM OR SANDSTORM:
                                                       VSBY 1/2 MILE OR LESS
                                                   8 = SMOKE OR HAZE
[NO. OF DAYS WITH]      [WEATHER - DAYS WITH]      9 = BLOWING SNOW
                                                   X = TORNADO
MAX 32 OR BELOW:  18    0.01 INCH OR MORE:  11
MAX 90 OR ABOVE:   0    0.10 INCH OR MORE:   3
MIN 32 OR BELOW:  29    0.50 INCH OR MORE:   1
MIN  0 OR BELOW:   6    1.00 INCH OR MORE:   0

[HDD (BASE 65) ]
TOTAL THIS MO.  1332    CLEAR  (SCALE 0-3)  11
DPTR FM NORMAL   147    PTCLDY (SCALE 4-7)  13
TOTAL FM JUL 1  8073    CLOUDY (SCALE 8-10)  5
DPTR FM NORMAL   167

[CDD (BASE 65) ]
TOTAL THIS MO.     0
DPTR FM NORMAL     0    [PRESSURE DATA]
TOTAL FM JAN 1     0    HIGHEST SLP M ON M
DPTR FM NORMAL     0    LOWEST  SLP 29.32 ON 17

[REMARKS]
