000
CXUS54 KLZK 311430
CF6CCA
PRELIMINARY LOCAL CLIMATOLOGICAL DATA (WS FORM: F-6)

                                          STATION:   Clinton
                                          MONTH:     JANUARY
                                          YEAR:      2015
                                          LATITUDE:   35 32 N
                                          LONGITUDE:  92 22 W

  TEMPERATURE IN F:       :PCPN:    SNOW:  WIND      :SUNSHINE: SKY     :PK WND
================================================================================
1   2   3   4   5  6A  6B    7    8   9   10  11  12  13   14  15   16   17  18
                                     12Z  AVG MX 2MIN
DY MAX MIN AVG DEP HDD CDD  WTR  SNW DPTH SPD SPD DIR MIN PSBL S-S WX    SPD DR
================================================================================

 1  39  36  38   M  27   0 0.02    M    0  1.2  7 100   M    M   9 1       M  M
 2  41  36  39   M  26   0 0.62    M    0  0.6  5  60   M    M  10 1       M  M
 3  52  39  46   M  19   0 2.61    M    0  4.3  9 260   M    M  10 13      M  M
 4  41  25  33   M  32   0 0.00  0.0    0  7.5 16 300   M    M   4        24 310
 5  37  18  28   M  37   0 0.00  0.0    0  2.7  7 140   M    M   0         M  M
 6  50  23  37   M  28   0 0.00  0.0    0  2.2  9  20   M    M   0         M  M
 7  32  12  22   M  43   0 0.00  0.0    0  7.1 15 320   M    M   4        24 320
 8  32   5  19   M  46   0 0.00  0.0    0  3.2 10 180   M    M   0        17 180
 9  32  14  23   M  42   0 0.00  0.0    0  3.5 10  10   M    M   3        16  10
10  34   9  22   M  43   0 0.00  0.0    0  2.4  9 150   M    M   4         M  M
11  36  30  33   M  32   0 0.07    M    0  0.1  4 120   M    M  10 18      M  M
12  41  32  37   M  28   0 0.01    M    0  4.2 10 350   M    M   8 1      17 350
13  39  23  31   M  34   0 0.00  0.0    0  3.1  8 340   M    M   0         M  M
14  41  18  30   M  35   0 0.00  0.0    0  0.8  5 140   M    M   2 18      M  M
15  50  25  38   M  27   0 0.00  0.0    0  1.0  7 290   M    M   5 18      M  M
16  57  21  39   M  26   0 0.00  0.0    0  1.0  8 210   M    M   0 18      M  M
17  63  23  43   M  22   0 0.00  0.0    0  1.9  8 210   M    M   0        17 210
18  63  23  43   M  22   0 0.00  0.0    0  1.9 12 200   M    M   0        20 240
19  64  28  46   M  19   0 0.00  0.0    0  0.9  7 190   M    M   0 1       M  M
20  63  28  46   M  19   0 0.00  0.0    0  2.3  8 320   M    M   1 1       M  M
21  59  25  42   M  23   0 0.00  0.0    0  1.5  6 320   M    M   0 1       M  M
22  46  37  42   M  23   0 0.00  0.0    0  1.8  7  80   M    M   4 8       M  M
23  50  27  39   M  26   0 0.00  0.0    0  3.0  8 320   M    M   2 8       M  M
24  59  19  39   M  26   0 0.00  0.0    0  1.4  7 210   M    M   0 8       M  M
25  55  32  44   M  21   0 0.00  0.0    0  6.5 15 270   M    M   7 8      28 270
26  57  32  45   M  20   0 0.00  0.0    0  4.0 12 310   M    M   2 8      18 310
27  66  28  47   M  18   0 0.00  0.0    0  0.8  5 280   M    M   0 18      M  M
28  63  28  46   M  19   0 0.00  0.0    0  2.4  9 140   M    M   0 18      M  M
29  57  32  45   M  20   0 0.00  0.0    0  4.8 16 290   M    M   2 18     27 320
30  50  25  38   M  27   0 0.00  0.0    0  2.2  7 160   M    M   0         M  M
================================================================================
SM 1469  753       830   0  3.33     0.0  80.3          M       87
================================================================================
AV 49.0 25.1                               2.7 FASTST   M    M   3    MAX(MPH)
                                 MISC ---->    16   M                 28    M
================================================================================
NOTES:
# LAST OF SEVERAL OCCURRENCES

COLUMN 17 PEAK WIND IN M.P.H.

PRELIMINARY LOCAL CLIMATOLOGICAL DATA (WS FORM: F-6) , PAGE 2

                                          STATION:  Clinton
                                          MONTH:    JANUARY
                                          YEAR:     2015
                                          LATITUDE:   35 32 N
                                          LONGITUDE:  92 22 W

[TEMPERATURE DATA]      [PRECIPITATION DATA]       SYMBOLS USED IN COLUMN 16

AVERAGE MONTHLY: 37.0   TOTAL FOR MONTH:   3.33    1 = FOG OR MIST
DPTR FM NORMAL:     M   DPTR FM NORMAL:       M    2 = FOG REDUCING VISIBILITY
HIGHEST:    66 ON 27    GRTST 24HR  2.61 ON  3- 3      TO 1/4 MILE OR LESS
LOWEST:      5 ON  8                               3 = THUNDER
                        SNOW, ICE PELLETS, HAIL    4 = ICE PELLETS
                        TOTAL MONTH:   0.0 INCH    5 = HAIL
                        GRTST 24HR     0.0         6 = FREEZING RAIN OR DRIZZLE
                        GRTST DEPTH:   0           7 = DUSTSTORM OR SANDSTORM:
                                                       VSBY 1/2 MILE OR LESS
                                                   8 = SMOKE OR HAZE
[NO. OF DAYS WITH]      [WEATHER - DAYS WITH]      9 = BLOWING SNOW
                                                   X = TORNADO
MAX 32 OR BELOW:   3    0.01 INCH OR MORE:   5
MAX 90 OR ABOVE:   0    0.10 INCH OR MORE:   2
MIN 32 OR BELOW:  26    0.50 INCH OR MORE:   2
MIN  0 OR BELOW:   0    1.00 INCH OR MORE:   1

[HDD (BASE 65) ]
TOTAL THIS MO.   830    CLEAR  (SCALE 0-3)  19
DPTR FM NORMAL     M    PTCLDY (SCALE 4-7)   7
TOTAL FM JUL 1  2166    CLOUDY (SCALE 8-10)  4
DPTR FM NORMAL     M

[CDD (BASE 65) ]
TOTAL THIS MO.     0
DPTR FM NORMAL     M    [PRESSURE DATA]
TOTAL FM JAN 1     0    HIGHEST SLP M ON M
DPTR FM NORMAL     M    LOWEST  SLP M ON M

[REMARKS]
