000
CXUS56 KMTR 011000
CF6CCR
PRELIMINARY LOCAL CLIMATOLOGICAL DATA (WS FORM: F-6)

                                          STATION:   CONCORD AIRPORT
                                          MONTH:     FEBRUARY
                                          YEAR:      2015
                                          LATITUDE:   37 58 N
                                          LONGITUDE: 122  3 W

  TEMPERATURE IN F:       :PCPN:    SNOW:  WIND      :SUNSHINE: SKY     :PK WND
================================================================================
1   2   3   4   5  6A  6B    7    8   9   10  11  12  13   14  15   16   17  18
                                     12Z  AVG MX 2MIN
DY MAX MIN AVG DEP HDD CDD  WTR  SNW DPTH SPD SPD DIR MIN PSBL S-S WX    SPD DR
================================================================================

 1  65  39  52   3  13   0 0.00  0.0    0  2.3 14 330   M    M   1 8      16 320
 2  67  42  55   5  10   0 0.00  0.0    0  2.3 12  60   M    M   1 18     16  20
 3  70  47  59   9   6   0 0.00  0.0    0  2.4 13 360   M    M   4 18     16  10
 4  64  45  55   5  10   0 0.00  0.0    0  2.4 14 250   M    M   5 128    19 260
 5  64  50  57   7   8   0 0.00  0.0    0  5.6 18 170   M    M   3        22 190
 6  66  56  61  11   4   0 1.29  0.0    0 16.2 29 180   M    M   8 18     40 180
 7  68  54  61  11   4   0 0.15  0.0    0  4.8 24 210   M    M   7 1      30 210
 8  65  52  59   8   6   0 1.42  0.0    0  9.9 31 190   M    M   8 128    42 190
 9  67  50  59   8   6   0 0.01  0.0    M  8.1 18 220   M    M   4        25 210
10  66  43  55   4  10   0 0.00  0.0    0  2.1  9  90   M    M   2 1      13 110
11  68  42  55   4  10   0 0.00  0.0    0  3.4 12  70   M    M   0        20  60
12  72  44  58   6   7   0 0.00  0.0    0  3.3 12  30   M    M   0        14  80
13  73  44  59   7   6   0 0.00  0.0    0  3.0 10  20   M    M   0        14  20
14  74  45  60   8   5   0 0.00  0.0    0  3.9 12  20   M    M   0 1      16  40
15  75  46  61   9   4   0 0.00  0.0    0  4.3 13  60   M    M   0        16  60
16  73  44  59   7   6   0 0.00  0.0    0  3.7 12  20   M    M   0 18     15  20
17  59  51  55   3  10   0 0.00  0.0    0  7.5 15 260   M    M   9 18     18 270
18  67  48  58   5   7   0 0.00  0.0    0  4.5 10 170   M    M   5 18     17 300
19  65  47  56   3   9   0 0.00  0.0    0  2.7 10  20   M    M   7 18     14 330
20  71  51  61   8   4   0 0.00  0.0    0  3.4  9  60   M    M   5 18     15  90
21  67  44  56   3   9   0 0.00  0.0    0  2.6 10 210   M    M   2 128    12 330
22  66  42  54   1  11   0 0.00  0.0    0  9.6 24  10   M    M   1 1      33  10
23  63  42  53  -1  12   0 0.00  0.0    0 12.7 24  20   M    M   0        35  20
24  70  36  53  -1  12   0 0.00  0.0    0  4.3 14 190   M    M   0        18 190
25  70  41  56   2   9   0 0.00  0.0    0  3.1 13 290   M    M   1        16 270
26  73  45  59   5   6   0 0.00  0.0    0  6.0 18 290   M    M   1        27 290
27  66  51  59   5   6   0 0.00  0.0    0 12.2 24 270   M    M   1        29 260
28  63  43  53  -1  12   0    T  0.0    0  5.0 13  10   M    M   4        18  90
================================================================================
SM 1897 1284       222   0  2.87     0.0 151.3          M       79
================================================================================
AV 67.8 45.9                               5.4 FASTST   M    M   3    MAX(MPH)
                                 MISC ---->  # 31 190               # 42  190
================================================================================
NOTES:
# LAST OF SEVERAL OCCURRENCES

COLUMN 17 PEAK WIND IN M.P.H.

PRELIMINARY LOCAL CLIMATOLOGICAL DATA (WS FORM: F-6) , PAGE 2

                                          STATION:  CONCORD AIRPORT
                                          MONTH:    FEBRUARY
                                          YEAR:     2015
                                          LATITUDE:   37 58 N
                                          LONGITUDE: 122  3 W

[TEMPERATURE DATA]      [PRECIPITATION DATA]       SYMBOLS USED IN COLUMN 16

AVERAGE MONTHLY: 56.8   TOTAL FOR MONTH:   2.87    1 = FOG OR MIST
DPTR FM NORMAL:   4.9   DPTR FM NORMAL:   -0.47    2 = FOG REDUCING VISIBILITY
HIGHEST:    75 ON 15    GRTST 24HR  1.43 ON  8- 9      TO 1/4 MILE OR LESS
LOWEST:     36 ON 24                               3 = THUNDER
                        SNOW, ICE PELLETS, HAIL    4 = ICE PELLETS
                        TOTAL MONTH:   0.0 INCH    5 = HAIL
                        GRTST 24HR     0.0         6 = FREEZING RAIN OR DRIZZLE
                        GRTST DEPTH:   0           7 = DUSTSTORM OR SANDSTORM:
                                                       VSBY 1/2 MILE OR LESS
                                                   8 = SMOKE OR HAZE
[NO. OF DAYS WITH]      [WEATHER - DAYS WITH]      9 = BLOWING SNOW
                                                   X = TORNADO
MAX 32 OR BELOW:   0    0.01 INCH OR MORE:   4
MAX 90 OR ABOVE:   0    0.10 INCH OR MORE:   3
MIN 32 OR BELOW:   0    0.50 INCH OR MORE:   2
MIN  0 OR BELOW:   0    1.00 INCH OR MORE:   2

[HDD (BASE 65) ]
TOTAL THIS MO.   222    CLEAR  (SCALE 0-3)  17
DPTR FM NORMAL  -145    PTCLDY (SCALE 4-7)  10
TOTAL FM JUL 1  1208    CLOUDY (SCALE 8-10)  1
DPTR FM NORMAL  -656

[CDD (BASE 65) ]
TOTAL THIS MO.     0
DPTR FM NORMAL     0    [PRESSURE DATA]
TOTAL FM JAN 1     0    HIGHEST SLP M ON M
DPTR FM NORMAL     0    LOWEST  SLP 29.72 ON 28

[REMARKS]
#FINAL-02-15#
