000
CXUS53 KARX 250930
CF6CCY
PRELIMINARY LOCAL CLIMATOLOGICAL DATA (WS FORM: F-6)

                                          STATION:   CHARLES_CITY IA
                                          MONTH:     SEPTEMBER
                                          YEAR:      2016
                                          LATITUDE:   43  4 N
                                          LONGITUDE:  92 37 W

  TEMPERATURE IN F:       :PCPN:    SNOW:  WIND      :SUNSHINE: SKY     :PK WND
================================================================================
1   2   3   4   5  6A  6B    7    8   9   10  11  12  13   14  15   16   17  18
                                     12Z  AVG MX 2MIN
DY MAX MIN AVG DEP HDD CDD  WTR  SNW DPTH SPD SPD DIR MIN PSBL S-S WX    SPD DR
================================================================================

 1  73  54  64  -3   1   0 0.00  0.0    0  6.8 12  60   M    M   0        18  70
 2  73  52  63  -4   2   0 0.00  0.0    0  5.2  8 110   M    M   1         M  M
 3  73  54  64  -3   1   0 0.00  0.0    0  8.2 12 180   M    M   2        18 180
 4  77  61  69   3   0   4 0.00  0.0    0 11.0 20 170   M    M   5        27 170
 5  86  64  75   9   0  10 0.10  0.0    0 10.2 17 180   M    M   3        28 180
 6  88  73  81  15   0  16 0.09  0.0    0  8.4 15 190   M    M   5        20 190
 7  75  66  71   5   0   6 1.66  0.0    0  4.4 15 320   M    M   5 1      23 320
 8  79  61  70   5   0   5 0.00  0.0    0  4.8 12 310   M    M   3 1      18 310
 9  70  61  66   1   0   1 2.69  0.0    0  8.1 17 110   M    M   7 1      15  90
10  72  54  63  -1   2   0 0.02  0.0    0  9.6 17 310   M    M   5        27 310
11  77  50  64   0   1   0 0.00  0.0    0  9.0 17 200   M    M   0        25 200
12  82  55  69   5   0   4 0.51  0.0    0 10.0 18 170   M    M   3 3      27 170
13  68  57  63   0   2   0 0.00  0.0    0  6.7 10 350   M    M   7 1      17 340
14   M  50   M   M   M   M 0.00  0.0    0   M   M   M   M    M   M         M  M
15  81  55  68   6   0   3 2.02  0.0    0  9.6 18 350   M    M   6        30 350
16  75  59  67   5   0   2 0.06  0.0    0  6.7 10 330   M    M   5         M  M
17  68  54  61  -1   4   0 0.00  0.0    0  6.5 13 280   M    M   4 1      18 290
18  84  52  68   7   0   3 0.00  0.0    0  8.5 14 210   M    M   2        27 210
19  79  54  67   6   0   2 0.00  0.0    0  6.4 10  60   M    M   3 1      18  40
20  86  50  68   8   0   3 0.00  0.0    0  6.7 18 130   M    M   2 12     23 140
21  82  68  75  15   0  10 1.71  0.0    0 11.1 23 140   M    M   6        31 140
22  72  64  68   9   0   3 3.65  0.0    0 10.5 24  80   M    M   9        31  80
23  68  64  66   7   0   1 0.48  0.0    0  9.8 15  90   M    M  10 1      21 100
24  79  64  72  14   0   7 0.00  0.0    0 10.5 16 110   M    M   7 128    22 140
================================================================================
SM 1767 1396        13  80 12.99     0.0 188.7          M      100
================================================================================
AV 76.8 58.2                               8.2 FASTST   M    M   4    MAX(MPH)
                                 MISC ---->    24   M                 31    M
================================================================================
NOTES:
# LAST OF SEVERAL OCCURRENCES

COLUMN 17 PEAK WIND IN M.P.H.

PRELIMINARY LOCAL CLIMATOLOGICAL DATA (WS FORM: F-6) , PAGE 2

                                          STATION:  CHARLES_CITY IA
                                          MONTH:    SEPTEMBER
                                          YEAR:     2016
                                          LATITUDE:   43  4 N
                                          LONGITUDE:  92 37 W

[TEMPERATURE DATA]      [PRECIPITATION DATA]       SYMBOLS USED IN COLUMN 16

AVERAGE MONTHLY: 67.5   TOTAL FOR MONTH:  12.99    1 = FOG OR MIST
DPTR FM NORMAL:   4.3   DPTR FM NORMAL:   10.37    2 = FOG REDUCING VISIBILITY
HIGHEST:    88 ON  6    GRTST 24HR  3.65 ON 22-22      TO 1/4 MILE OR LESS
LOWEST:     50 ON 20,14                            3 = THUNDER
                        SNOW, ICE PELLETS, HAIL    4 = ICE PELLETS
                        TOTAL MONTH:   0.0 INCH    5 = HAIL
                        GRTST 24HR     0.0         6 = FREEZING RAIN OR DRIZZLE
                        GRTST DEPTH:   0           7 = DUSTSTORM OR SANDSTORM:
                                                       VSBY 1/2 MILE OR LESS
                                                   8 = SMOKE OR HAZE
[NO. OF DAYS WITH]      [WEATHER - DAYS WITH]      9 = BLOWING SNOW
                                                   X = TORNADO
MAX 32 OR BELOW:   0    0.01 INCH OR MORE:  11
MAX 90 OR ABOVE:   0    0.10 INCH OR MORE:   8
MIN 32 OR BELOW:   0    0.50 INCH OR MORE:   6
MIN  0 OR BELOW:   0    1.00 INCH OR MORE:   5

[HDD (BASE 65) ]
TOTAL THIS MO.    13    CLEAR  (SCALE 0-3)   9
DPTR FM NORMAL   -89    PTCLDY (SCALE 4-7)  12
TOTAL FM JUL 1    18    CLOUDY (SCALE 8-10)  2
DPTR FM NORMAL  -112

[CDD (BASE 65) ]
TOTAL THIS MO.    80
DPTR FM NORMAL    24    [PRESSURE DATA]
TOTAL FM JAN 1   709    HIGHEST SLP M ON M
DPTR FM NORMAL    55    LOWEST  SLP M ON M

[REMARKS]
