000
CXUS53 KARX 260930
CF6CCY
PRELIMINARY LOCAL CLIMATOLOGICAL DATA (WS FORM: F-6)

                                          STATION:   CHARLES_CITY IA
                                          MONTH:     FEBRUARY
                                          YEAR:      2017
                                          LATITUDE:   43  4 N
                                          LONGITUDE:  92 37 W

  TEMPERATURE IN F:       :PCPN:    SNOW:  WIND      :SUNSHINE: SKY     :PK WND
================================================================================
1   2   3   4   5  6A  6B    7    8   9   10  11  12  13   14  15   16   17  18
                                     12Z  AVG MX 2MIN
DY MAX MIN AVG DEP HDD CDD  WTR  SNW DPTH SPD SPD DIR MIN PSBL S-S WX    SPD DR
================================================================================

 1  32  21  27   9  38   0 0.00  0.0    4 14.0 22 310   M    M   4        23 310
 2  18   9  14  -4  51   0 0.00  0.0    4  8.8 14 300   M    M   2         M  M
 3  21   9  15  -3  50   0 0.00  0.0    4 10.2 15 250   M    M   2         M  M
 4  34  10  22   4  43   0 0.00  0.0    4 13.7 24 170   M    M   5        30 170
 5  30  18  24   5  41   0 0.00  0.0    4 10.0 23 310   M    M   3        31 310
 6  41  18  30  11  35   0 0.00  0.0    3  9.7 15 170   M    M   3 1      14 150
 7  37  16  27   8  38   0 0.00  0.0    2 14.2 30 300   M    M  10 1      36 300
 8  16  10  13  -7  52   0 0.00  0.0    2 15.1 21 340   M    M   6        23 320
 9  19   5  12  -8  53   0 0.00  0.0    M 11.7 20 180   M    M   2        27 180
10  41  18  30  10  35   0 0.00  0.0    M 12.7 21 170   M    M   3        27 170
11  43  36  40  20  25   0 0.03  0.0    M  4.3 12 360   M    M   8         M  M
12  37  30  34  13  31   0 0.02    M    M 14.5 25 300   M    M   2 1      36 310
13  45  27  36  15  29   0 0.00  0.0    M 10.0 17 230   M    M   0        24 210
14  43  30  37  16  28   0 0.00  0.0    M 15.4 23 320   M    M   0        30 330
15  34  23  29   7  36   0 0.00  0.0    M  9.8 20 330   M    M   0        25 330
16  43  28  36  14  29   0 0.00  0.0    0 11.0 17 140   M    M   0        23 140
17  61  32  47  25  18   0 0.00  0.0    0  9.7 18 190   M    M   0        16 200
18  54  34  44  21  21   0 0.00  0.0    0  5.7 10 310   M    M   1 12      M  M
19  61  30  46  23  19   0 0.00  0.0    0  9.0 15 140   M    M   3 12      M  M
20  55  46  51  27  14   0 1.18  0.0    0 14.5 18 280   M    M   8 1      25 190
21  57  30  44  20  21   0 0.00  0.0    0  8.2 15 170   M    M   3 12     21 190
22  61  37  49  25  16   0 0.00  0.0    0 10.4 21 310   M    M   2        24 310
23  43  34  39  14  26   0 0.29    M    M 16.1 24  50   M    M  10        37  50
24  34  21  28   3  37   0    M    M    M 20.8 28  30   M    M   9 1      43  30
25  23  14  19  -7  46   0 0.00  0.0    M 14.3 23 320   M    M   3        27 310
================================================================================
SM  983  586       832   0  1.52     0.0 293.8          M       89
================================================================================
AV 39.3 23.4                              11.8 FASTST   M    M   4    MAX(MPH)
                                 MISC ---->    30   M                 43    M
================================================================================
NOTES:
# LAST OF SEVERAL OCCURRENCES

COLUMN 17 PEAK WIND IN M.P.H.

PRELIMINARY LOCAL CLIMATOLOGICAL DATA (WS FORM: F-6) , PAGE 2

                                          STATION:  CHARLES_CITY IA
                                          MONTH:    FEBRUARY
                                          YEAR:     2017
                                          LATITUDE:   43  4 N
                                          LONGITUDE:  92 37 W

[TEMPERATURE DATA]      [PRECIPITATION DATA]       SYMBOLS USED IN COLUMN 16

AVERAGE MONTHLY: 31.4   TOTAL FOR MONTH:   1.52    1 = FOG OR MIST
DPTR FM NORMAL:  10.1   DPTR FM NORMAL:    0.66    2 = FOG REDUCING VISIBILITY
HIGHEST:    61 ON 22,19 GRTST 24HR  1.18 ON 20-20      TO 1/4 MILE OR LESS
LOWEST:      5 ON  9                               3 = THUNDER
                        SNOW, ICE PELLETS, HAIL    4 = ICE PELLETS
                        TOTAL MONTH:   0.0 INCH    5 = HAIL
                        GRTST 24HR     0.0         6 = FREEZING RAIN OR DRIZZLE
                        GRTST DEPTH:   4 ON  5, 4  7 = DUSTSTORM OR SANDSTORM:
                                                       VSBY 1/2 MILE OR LESS
                                                   8 = SMOKE OR HAZE
[NO. OF DAYS WITH]      [WEATHER - DAYS WITH]      9 = BLOWING SNOW
                                                   X = TORNADO
MAX 32 OR BELOW:   7    0.01 INCH OR MORE:   4
MAX 90 OR ABOVE:   0    0.10 INCH OR MORE:   2
MIN 32 OR BELOW:  20    0.50 INCH OR MORE:   1
MIN  0 OR BELOW:   0    1.00 INCH OR MORE:   1

[HDD (BASE 65) ]
TOTAL THIS MO.   832    CLEAR  (SCALE 0-3)  16
DPTR FM NORMAL  -261    PTCLDY (SCALE 4-7)   5
TOTAL FM JUL 1  4541    CLOUDY (SCALE 8-10)  4
DPTR FM NORMAL  -984

[CDD (BASE 65) ]
TOTAL THIS MO.     0
DPTR FM NORMAL     0    [PRESSURE DATA]
TOTAL FM JAN 1     0    HIGHEST SLP M ON M
DPTR FM NORMAL     0    LOWEST  SLP M ON M

[REMARKS]
