000
CXUS55 KEAX 210736
CF6CDJ
PRELIMINARY LOCAL CLIMATOLOGICAL DATA (WS FORM: F-6)

                                          STATION:   CHILLICOTHE MO
                                          MONTH:     OCTOBER
                                          YEAR:      2014
                                          LATITUDE:   39 49 N
                                          LONGITUDE:  93 35 W

  TEMPERATURE IN F:       :PCPN:    SNOW:  WIND      :SUNSHINE: SKY     :PK WND
================================================================================
1   2   3   4   5  6A  6B    7    8   9   10  11  12  13   14  15   16   17  18
                                     12Z  AVG MX 2MIN
DY MAX MIN AVG DEP HDD CDD  WTR  SNW DPTH SPD SPD DIR MIN PSBL S-S WX    SPD DR
================================================================================

 1  73  63  68   8   0   3 1.22    M    M  5.9 15 310   M    M   0        23 310
 2  71  58  65   5   0   0 1.75    M    M  5.0 21 300   M    M   0        29 290
 3  58  41  50  -9  15   0 0.00    M    M  7.1 20 300   M    M   0        32 320
 4  56  36  46 -13  19   0 0.00    M    M  6.3 18 310   M    M   0        31 300
 5  71  43  57  -2   8   0 0.00    M    M  4.2 17 300   M    M   0        25 320
 6  72  48  60   2   5   0    T    M    M  4.6 14 310   M    M   0        21 300
 7  76  49  63   5   2   0 0.00    M    M  5.2 18 310   M    M   0        31 300
 8  72  44  58   0   7   0 0.00    M    M  1.6  8  10   M    M   0        12  10
 9  61  53  57   0   8   0 1.02    M    M  6.4 14 120   M    M   0        21 100
10  58  44  51  -6  14   0 0.00    M    M  6.1 14  20   M    M   0        22  10
11  64  39  52  -5  13   0 0.00    M    M  2.4  8 120   M    M   0        11 140
12  58  45  52  -4  13   0 0.08    M    M  3.5  8 110   M    M   0        13 110
13  59  54  57   1   8   0 1.74    M    M  9.2 20 350   M    M   0        32 330
14  61  50  56   0   9   0 0.02    M    M  7.9 17 320   M    M   0        31 320
15  70  42  56   1   9   0 0.00    M    M  4.6 16 310   M    M   0        23 310
16  77  38  58   3   7   0 0.00    M    M  4.7 16 200   M    M   0        23 200
17  66  49  58   3   7   0 0.00    M    M  5.9 16 300   M    M   0        24 320
18  63  42  53  -1  12   0 0.00    M    M  2.7 12 350   M    M   0        19 360
19  67  36  52  -2  13   0 0.00    M    M  3.7 14 200   M    M   0        19 200
20  74  45  60   6   5   0 0.00    M    M  2.3 12  40   M    M   0        16  30
================================================================================
SM 1327  919       174   3  5.83    M     99.3          M        0
================================================================================
AV 66.3 46.0                               5.0 FASTST   M    M   0    MAX(MPH)
                                 MISC ---->  # 21 300               # 32  320
================================================================================
NOTES:
# LAST OF SEVERAL OCCURRENCES

COLUMN 17 PEAK WIND IN M.P.H.

PRELIMINARY LOCAL CLIMATOLOGICAL DATA (WS FORM: F-6) , PAGE 2

                                          STATION:  CHILLICOTHE MO
                                          MONTH:    OCTOBER
                                          YEAR:     2014
                                          LATITUDE:   39 49 N
                                          LONGITUDE:  93 35 W

[TEMPERATURE DATA]      [PRECIPITATION DATA]       SYMBOLS USED IN COLUMN 16

AVERAGE MONTHLY: 56.2   TOTAL FOR MONTH:   5.83    1 = FOG OR MIST
DPTR FM NORMAL:  -0.7   DPTR FM NORMAL:    3.52    2 = FOG REDUCING VISIBILITY
HIGHEST:    77 ON 16    GRTST 24HR  1.88 ON  1- 2      TO 1/4 MILE OR LESS
LOWEST:     36 ON 19, 4                            3 = THUNDER
                        SNOW, ICE PELLETS, HAIL    4 = ICE PELLETS
                        TOTAL MONTH:    M          5 = HAIL
                        GRTST 24HR    M  ON   M    6 = FREEZING RAIN OR DRIZZLE
                        GRTST DEPTH:  M  ON   M    7 = DUSTSTORM OR SANDSTORM:
                                                       VSBY 1/2 MILE OR LESS
                                                   8 = SMOKE OR HAZE
[NO. OF DAYS WITH]      [WEATHER - DAYS WITH]      9 = BLOWING SNOW
                                                   X = TORNADO
MAX 32 OR BELOW:   0    0.01 INCH OR MORE:   6
MAX 90 OR ABOVE:   0    0.10 INCH OR MORE:   4
MIN 32 OR BELOW:   0    0.50 INCH OR MORE:   4
MIN  0 OR BELOW:   0    1.00 INCH OR MORE:   4

[HDD (BASE 65) ]
TOTAL THIS MO.   174    CLEAR  (SCALE 0-3)  20
DPTR FM NORMAL    -7    PTCLDY (SCALE 4-7)   0
TOTAL FM JUL 1   243    CLOUDY (SCALE 8-10)  0
DPTR FM NORMAL   -22

[CDD (BASE 65) ]
TOTAL THIS MO.     3
DPTR FM NORMAL   -11    [PRESSURE DATA]
TOTAL FM JAN 1  1201    HIGHEST SLP  0.00 ON M
DPTR FM NORMAL    82    LOWEST  SLP  0.00 ON M

[REMARKS]
