885
CXUS55 KEAX 270736
CF6CDJ
PRELIMINARY LOCAL CLIMATOLOGICAL DATA (WS FORM: F-6)

                                          STATION:   CHILLICOTHE
                                          MONTH:     JUNE
                                          YEAR:      2017
                                          LATITUDE:   39 49 N
                                          LONGITUDE:  93 35 W

  TEMPERATURE IN F:       :PCPN:    SNOW:  WIND      :SUNSHINE: SKY     :PK WND
================================================================================
1   2   3   4   5  6A  6B    7    8   9   10  11  12  13   14  15   16   17  18
                                     12Z  AVG MX 2MIN
DY MAX MIN AVG DEP HDD CDD  WTR  SNW DPTH SPD SPD DIR MIN PSBL S-S WX    SPD DR
================================================================================

 1  82  60  71   3   0   6 0.00    M    M  1.9 13 200   M    M   0        16 180
 2  87  63  75   6   0  10 0.00    M    M  3.0 14 200   M    M   0        18 190
 3  88  63  76   7   0  11 0.00    M    M  1.9  9 180   M    M   0        14 170
 4  88  65  77   8   0  12 0.00    M    M  1.3  7 190   M    M   0        10 150
 5  94  63  79   9   0  14 0.00    M    M  4.3 14  30   M    M   0        20  40
 6  82  59  71   1   0   6 0.00    M    M  5.8 14  40   M    M   0        20  30
 7  83  53  68  -2   0   3 0.00    M    M  2.3 10  70   M    M   0        16  70
 8  84  52  68  -2   0   3 0.00    M    M  2.8 12 190   M    M   0        15 200
 9  86  57  72   1   0   7 0.00    M    M  6.1 14 190   M    M   0        20 230
10  89  67  78   7   0  13 0.00    M    M 11.6 22 190   M    M   0        32 190
11  91  72  82  11   0  17 0.00    M    M 12.6 22 190   M    M   0        33 190
12  93  73  83  11   0  18 0.00    M    M  8.5 17 200   M    M   0        23 170
13  91  76  84  12   0  19 0.00    M    M 10.5 20 180   M    M   0        30 190
14  91  65  78   6   0  13 0.40    M    M  8.5 18 180   M    M   0        26 190
15  92  65  79   7   0  14 0.12    M    M  6.1 14 200   M    M   0        21 310
16  90  68  79   6   0  14 0.87    M    M  7.0 18 310   M    M   0        27 320
17  89  67  78   5   0  13 0.52    M    M  4.1 12  10   M    M   0        17 310
18  81  61  71  -2   0   6 0.02    M    M  5.7 16 310   M    M   0        24 300
19  86  58  72  -2   0   7 0.00    M    M  2.7 13 310   M    M   0        19 310
20  91  59  75   1   0  10 0.00    M    M  2.7 12 220   M    M   0        18 230
21  91  67  79   5   0  14 0.00    M    M  6.7 20 190   M    M   0        28 200
22  86  71  79   5   0  14 0.00    M    M  7.0 17 180   M    M   0        26 200
23  82  63  73  -1   0   8 0.14    M    M  5.5 15 310   M    M   0        24 300
24  79  58  69  -6   0   4 0.00    M    M  3.7 13 300   M    M   0        19 300
25  77  52  65 -10   0   0 0.00    M    M  3.2 14 300   M    M   0        22 300
26  72  49  61 -14   4   0 0.13    M    M  2.3 13 170   M    M   0        17 170
================================================================================
SM 2245 1626         4 256  2.20    M    137.8          M        0
================================================================================
AV 86.4 62.5                               5.3 FASTST   M    M   0    MAX(MPH)
                                 MISC ---->  # 22 190               # 33  190
================================================================================
NOTES:
# LAST OF SEVERAL OCCURRENCES

COLUMN 17 PEAK WIND IN M.P.H.

PRELIMINARY LOCAL CLIMATOLOGICAL DATA (WS FORM: F-6) , PAGE 2

                                          STATION:  CHILLICOTHE
                                          MONTH:    JUNE
                                          YEAR:     2017
                                          LATITUDE:   39 49 N
                                          LONGITUDE:  93 35 W

[TEMPERATURE DATA]      [PRECIPITATION DATA]       SYMBOLS USED IN COLUMN 16

AVERAGE MONTHLY: 74.4   TOTAL FOR MONTH:   2.20    1 = FOG OR MIST
DPTR FM NORMAL:   2.5   DPTR FM NORMAL:   -2.54    2 = FOG REDUCING VISIBILITY
HIGHEST:    94 ON  5    GRTST 24HR  0.87 ON 16-16      TO 1/4 MILE OR LESS
LOWEST:     49 ON 26                               3 = THUNDER
                        SNOW, ICE PELLETS, HAIL    4 = ICE PELLETS
                        TOTAL MONTH:    M          5 = HAIL
                        GRTST 24HR    M  ON   M    6 = FREEZING RAIN OR DRIZZLE
                        GRTST DEPTH:  M  ON   M    7 = DUSTSTORM OR SANDSTORM:
                                                       VSBY 1/2 MILE OR LESS
                                                   8 = SMOKE OR HAZE
[NO. OF DAYS WITH]      [WEATHER - DAYS WITH]      9 = BLOWING SNOW
                                                   X = TORNADO
MAX 32 OR BELOW:   0    0.01 INCH OR MORE:   7
MAX 90 OR ABOVE:   9    0.10 INCH OR MORE:   6
MIN 32 OR BELOW:   0    0.50 INCH OR MORE:   2
MIN  0 OR BELOW:   0    1.00 INCH OR MORE:   0

[HDD (BASE 65) ]
TOTAL THIS MO.     4    CLEAR  (SCALE 0-3)  26
DPTR FM NORMAL    -7    PTCLDY (SCALE 4-7)   0
TOTAL FM JUL 1  4275    CLOUDY (SCALE 8-10)  0
DPTR FM NORMAL -1232

[CDD (BASE 65) ]
TOTAL THIS MO.   256
DPTR FM NORMAL    64    [PRESSURE DATA]
TOTAL FM JAN 1   372    HIGHEST SLP  0.00 ON M
DPTR FM NORMAL   101    LOWEST  SLP  0.00 ON M

[REMARKS]
