956
CXUS55 KEAX 190736
CF6CDJ
PRELIMINARY LOCAL CLIMATOLOGICAL DATA (WS FORM: F-6)

                                          STATION:   CHILLICOTHE
                                          MONTH:     FEBRUARY
                                          YEAR:      2018
                                          LATITUDE:   39 49 N
                                          LONGITUDE:  93 35 W

  TEMPERATURE IN F:       :PCPN:    SNOW:  WIND      :SUNSHINE: SKY     :PK WND
================================================================================
1   2   3   4   5  6A  6B    7    8   9   10  11  12  13   14  15   16   17  18
                                     12Z  AVG MX 2MIN
DY MAX MIN AVG DEP HDD CDD  WTR  SNW DPTH SPD SPD DIR MIN PSBL S-S WX    SPD DR
================================================================================

 1  40  13  27  -1  38   0 0.00    M    M  7.6 17 350   M    M   0        27 360
 2  31   6  19  -9  46   0 0.00    M    M  4.2 13 160   M    M   0        19 180
 3  52  22  37   9  28   0 0.00    M    M  9.9 22 200   M    M   0        30 200
 4  40   2  21  -8  44   0 0.03    M    M  8.3 17 330   M    M   0        28 340
 5  20   0  10 -19  55   0 0.03    M    M  2.6 13 160   M    M   0        18 150
 6  18   6  12 -17  53   0 0.02    M    M  5.2 10  40   M    M   0        17 360
 7  28  11  20  -9  45   0 0.01    M    M  2.8 12 300   M    M   0        15 310
 8  49  15  32   3  33   0 0.00    M    M  4.5 13 180   M    M   0        18 170
 9  39  15  27  -3  38   0 0.00    M    M  9.8 17 360   M    M   0        26  40
10  22  12  17 -13  48   0 0.01    M    M  9.2 17  10   M    M   0        26  30
11  31  11  21  -9  44   0 0.03    M    M  4.7 14 310   M    M   0        18 360
12  35   6  21  -9  44   0 0.00    M    M  5.7 13  90   M    M   0        17 110
13  49  20  35   4  30   0 0.00    M    M  6.9 16 190   M    M   0        22 200
14  51  28  40   9  25   0 0.00    M    M  5.3 15 190   M    M   0        20 190
15  64  34  49  18  16   0 0.00    M    M  6.1 18 350   M    M   0        28 330
16  37  20  29  -3  36   0 0.00    M    M  5.9 16 340   M    M   0        25 330
17  52  22  37   5  28   0 0.02    M    M  5.3 20 310   M    M   0        29 300
18  58  21  40   8  25   0 0.00    M    M 11.5 26 180   M    M   0        39 190
================================================================================
SM  716  264       676   0  0.15    M    115.5          M        0
================================================================================
AV 39.8 14.7                               6.4 FASTST   M    M   0    MAX(MPH)
                                 MISC ---->  # 26 180               # 39  190
================================================================================
NOTES:
# LAST OF SEVERAL OCCURRENCES

COLUMN 17 PEAK WIND IN M.P.H.

PRELIMINARY LOCAL CLIMATOLOGICAL DATA (WS FORM: F-6) , PAGE 2

                                          STATION:  CHILLICOTHE
                                          MONTH:    FEBRUARY
                                          YEAR:     2018
                                          LATITUDE:   39 49 N
                                          LONGITUDE:  93 35 W

[TEMPERATURE DATA]      [PRECIPITATION DATA]       SYMBOLS USED IN COLUMN 16

AVERAGE MONTHLY: 27.2   TOTAL FOR MONTH:   0.15    1 = FOG OR MIST
DPTR FM NORMAL:  -2.7   DPTR FM NORMAL:   -0.81    2 = FOG REDUCING VISIBILITY
HIGHEST:    64 ON 15    GRTST 24HR  0.03 ON 11-11      TO 1/4 MILE OR LESS
LOWEST:      0 ON  5                               3 = THUNDER
                        SNOW, ICE PELLETS, HAIL    4 = ICE PELLETS
                        TOTAL MONTH:    M          5 = HAIL
                        GRTST 24HR    M  ON   M    6 = FREEZING RAIN OR DRIZZLE
                        GRTST DEPTH:  M  ON   M    7 = DUSTSTORM OR SANDSTORM:
                                                       VSBY 1/2 MILE OR LESS
                                                   8 = SMOKE OR HAZE
[NO. OF DAYS WITH]      [WEATHER - DAYS WITH]      9 = BLOWING SNOW
                                                   X = TORNADO
MAX 32 OR BELOW:   6    0.01 INCH OR MORE:   7
MAX 90 OR ABOVE:   0    0.10 INCH OR MORE:   0
MIN 32 OR BELOW:  17    0.50 INCH OR MORE:   0
MIN  0 OR BELOW:   1    1.00 INCH OR MORE:   0

[HDD (BASE 65) ]
TOTAL THIS MO.   676    CLEAR  (SCALE 0-3)  18
DPTR FM NORMAL    44    PTCLDY (SCALE 4-7)   0
TOTAL FM JUL 1  3830    CLOUDY (SCALE 8-10)  0
DPTR FM NORMAL  -190

[CDD (BASE 65) ]
TOTAL THIS MO.     0
DPTR FM NORMAL     0    [PRESSURE DATA]
TOTAL FM JAN 1     0    HIGHEST SLP  0.00 ON M
DPTR FM NORMAL     0    LOWEST  SLP  0.00 ON M

[REMARKS]
