000
CXUS55 KCYS 311000
CF6CDR
PRELIMINARY LOCAL CLIMATOLOGICAL DATA (WS FORM: F-6)

                                          STATION:   CHADRON NEBRASKA AIRPORT
                                          MONTH:     AUGUST
                                          YEAR:      2015
                                          LATITUDE:   42 50 N
                                          LONGITUDE: 103  6 W

  TEMPERATURE IN F:       :PCPN:    SNOW:  WIND      :SUNSHINE: SKY     :PK WND
================================================================================
1   2   3   4   5  6A  6B    7    8   9   10  11  12  13   14  15   16   17  18
                                     12Z  AVG MX 2MIN
DY MAX MIN AVG DEP HDD CDD  WTR  SNW DPTH SPD SPD DIR MIN PSBL S-S WX    SPD DR
================================================================================

 1  95  56  76   1   0  11 0.00    M    M  6.3 25 150   M    M   0        31 160
 2  93  58  76   1   0  11 0.00    M    M  9.6 18  50   M    M   0        23  60
 3  91  56  74  -1   0   9 0.00    M    M  5.6 16 110   M    M   0 8      19 100
 4  84  56  70  -4   0   5 0.00    M    M  9.3 28 190   M    M   1 8      34 180
 5  95  55  75   1   0  10 0.19    M    M  6.1 38 180   M    M   0 138    47 190
 6  87  56  72  -2   0   7    T    M    M  8.1 24 310   M    M   0 3      31 310
 7  84  55  70  -4   0   5 0.00    M    M  6.1 18 170   M    M   1        25 170
 8  92  62  77   3   0  12 0.02    M    M  5.8 17 260   M    M   2 3      22 260
 9  88  57  73  -1   0   8 0.00    M    M  5.8 20  30   M    M   2        29 300
10  90  51  71  -3   0   6 0.00    M    M  3.6 15 190   M    M   0 1      20 190
11  89  62  76   2   0  11 0.00    M    M 13.8 25 180   M    M   1        31 190
12  99  63  81   8   0  16    T    M    M  8.3 28 170   M    M   0 3      34 190
13  96  65  81   8   0  16    T    M    M  7.4 18 170   M    M   0 3      22 310
14  99  58  79   6   0  14 0.00    M    M  7.2 28 180   M    M   0 8      34 190
15 105  72  89  16   0  24 0.00    M    M  9.8 20 180   M    M   0 3      28 290
16  80  58  69  -4   0   4 0.00    M    M 11.2 20  30   M    M   1 8      28  20
17  76  55  66  -6   0   1 0.54    M    M 10.5 29 330   M    M   8 138    39 330
18  61  48  55 -17  10   0 0.04    M    0 10.1 22 360   M    M   7 1      28 360
19  73  46  60 -12   5   0 0.00    M    M  6.5 17 280   M    M   3        24 320
20  86  45  66  -6   0   1 0.00    M    M  6.1 15 160   M    M   0 8      21 280
21  92  51  72   1   0   7 0.00    M    M  8.1 26 180   M    M   0 8      34 180
22  72  43  58 -13   7   0 0.00    M    M 16.9 32 310   M    M   1 8      43 310
23  78  34  56 -15   9   0 0.00    M    M  4.2 16 260   M    M   0        19 270
24  86  39  63  -7   2   0 0.00    M    M  4.1  9 130   M    M   0 8      12  80
25  96  45  71   1   0   6 0.00    M    M  7.1 23 180   M    M   0 18     28 170
26 102  54  78   8   0  13 0.02    M    M  6.8 38 190   M    M   0 138    54 190
27  83  55  69  -1   0   4 0.00    M    M  7.1 28  50   M    M   2 8      35  40
28  92  52  72   3   0   7 0.00    M    M  5.0 13 310   M    M   0 18     19 300
29  97  50  74   5   0   9 0.00    M    M  9.1 24 180   M    M   0 18     32 180
30 103  62  83  15   0  18 0.00    M    M  7.8 18 200   M    M   0 8      23 200
================================================================================
SM 2664 1619        33 235  0.81    M    233.4          M       29
================================================================================
AV 88.8 54.0                               7.8 FASTST   M    M   1    MAX(MPH)
                                 MISC ---->  # 38 180               # 54  190
================================================================================
NOTES:
# LAST OF SEVERAL OCCURRENCES

COLUMN 17 PEAK WIND IN M.P.H.

PRELIMINARY LOCAL CLIMATOLOGICAL DATA (WS FORM: F-6) , PAGE 2

                                          STATION:  CHADRON NEBRASKA AIRPORT
                                          MONTH:    AUGUST
                                          YEAR:     2015
                                          LATITUDE:   42 50 N
                                          LONGITUDE: 103  6 W

[TEMPERATURE DATA]      [PRECIPITATION DATA]       SYMBOLS USED IN COLUMN 16

AVERAGE MONTHLY: 71.4   TOTAL FOR MONTH:   0.81    1 = FOG OR MIST
DPTR FM NORMAL:  -0.9   DPTR FM NORMAL:   -0.72    2 = FOG REDUCING VISIBILITY
HIGHEST:   105 ON 15    GRTST 24HR  0.58 ON 17-18      TO 1/4 MILE OR LESS
LOWEST:     34 ON 23                               3 = THUNDER
                        SNOW, ICE PELLETS, HAIL    4 = ICE PELLETS
                        TOTAL MONTH:    M          5 = HAIL
                        GRTST 24HR    M  ON   M    6 = FREEZING RAIN OR DRIZZLE
                        GRTST DEPTH:   0           7 = DUSTSTORM OR SANDSTORM:
                                                       VSBY 1/2 MILE OR LESS
                                                   8 = SMOKE OR HAZE
[NO. OF DAYS WITH]      [WEATHER - DAYS WITH]      9 = BLOWING SNOW
                                                   X = TORNADO
MAX 32 OR BELOW:   0    0.01 INCH OR MORE:   5
MAX 90 OR ABOVE:  16    0.10 INCH OR MORE:   2
MIN 32 OR BELOW:   0    0.50 INCH OR MORE:   1
MIN  0 OR BELOW:   0    1.00 INCH OR MORE:   0

[HDD (BASE 65) ]
TOTAL THIS MO.    33    CLEAR  (SCALE 0-3)  27
DPTR FM NORMAL    17    PTCLDY (SCALE 4-7)   3
TOTAL FM JUL 1    36    CLOUDY (SCALE 8-10)  0
DPTR FM NORMAL    10

[CDD (BASE 65) ]
TOTAL THIS MO.   235
DPTR FM NORMAL    -3    [PRESSURE DATA]
TOTAL FM JAN 1   592    HIGHEST SLP M ON M
DPTR FM NORMAL   -50    LOWEST  SLP 29.60 ON 21

[REMARKS]
