000
CXUS55 KPAH 010629
CF6CGI
PRELIMINARY LOCAL CLIMATOLOGICAL DATA (WS FORM: F-6)

                                          STATION:   CAPE GIRARDEAU MO
                                          MONTH:     AUGUST
                                          YEAR:      2015
                                          LATITUDE:   37 13 N
                                          LONGITUDE:  89 35 W

  TEMPERATURE IN F:       :PCPN:    SNOW:  WIND      :SUNSHINE: SKY     :PK WND
================================================================================
1   2   3   4   5  6A  6B    7    8   9   10  11  12  13   14  15   16   17  18
                                     12Z  AVG MX 2MIN
DY MAX MIN AVG DEP HDD CDD  WTR  SNW DPTH SPD SPD DIR MIN PSBL S-S WX    SPD DR
================================================================================

 1  91  65  78   0   0  13 0.00  0.0    0  2.5 12  50   M    M   1 1      15  60
 2  90  68  79   1   0  14 0.00  0.0    0  3.9 10 210   M    M   0        14 210
 3  93  72  83   5   0  18 0.00  0.0    0  3.9 12 240   M    M   1        15 220
 4  92  72  82   4   0  17 0.00  0.0    0  3.5 12  50   M    M   2 12     16 230
 5  79  72  76  -2   0  11 1.64  0.0    0  2.9 12 100   M    M   5 13     13 100
 6  85  70  78   0   0  13 0.00  0.0    0  5.6 15 330   M    M   6        21 300
 7  85  65  75  -3   0  10 0.00  0.0    0  2.9  9  80   M    M   2 1      12  40
 8  86  67  77  -1   0  12 0.00  0.0    0  2.6 16  60   M    M   2 1      21 100
 9  88  67  78   0   0  13 0.00  0.0    0  4.7 14 360   M    M   3 12     18 350
10  87  71  79   1   0  14 1.60  0.0    0  6.8 23 260   M    M   7 13     46 250
11  88  67  78   0   0  13 0.00  0.0    0  6.5 17 340   M    M   0 18     21  10
12  86  62  74  -4   0   9 0.00  0.0    0  3.9 12  30   M    M   1 1      15  70
13  87  62  75  -3   0  10 0.00  0.0    0  1.6  8  40   M    M   3 12     10  30
14  85  63  74  -4   0   9 0.00  0.0    0  3.4 10  60   M    M   1 12     13  90
15  89  60  75  -3   0  10 0.00  0.0    0  2.5  9  60   M    M   1 12     11  70
16  88  66  77   0   0  12 0.01  0.0    0  3.5 22 110   M    M   0 123    28 110
17  87  67  77   0   0  12 0.00  0.0    0  3.9 13 120   M    M   1        18 110
18  88  69  79   2   0  14 0.04  0.0    0  6.1 18 300   M    M   2 13     24 300
19  80  62  71  -6   0   6 0.16  0.0    0  6.4 16 330   M    M   7 1      19 330
20  82  54  68  -9   0   3 0.00  0.0    0  3.5 10 270   M    M   0 1      16 330
21  81  57  69  -8   0   4 0.00  0.0    0  3.5 15  90   M    M   0 1      19  80
22  83  63  73  -4   0   8 0.71  0.0    0  5.8 15  10   M    M   6 138    18  10
23  85  64  75  -1   0  10 0.00  0.0    0  4.9 13 330   M    M   5 1      16 320
24  79  55  67  -9   0   2 0.00  0.0    0  5.4 15 330   M    M   0        20 300
25  81  52  67  -9   0   2 0.00  0.0    0  4.5 14 310   M    M   0 18     20 310
26  79  51  65 -11   0   0 0.00  0.0    0  4.6 15 340   M    M   1        19 360
27  82  53  68  -8   0   3 0.00  0.0    0  2.9 13  90   M    M   0 12     15  80
28  84  54  69  -6   0   4 0.00  0.0    0  3.0  9 140   M    M   1 12     12 140
29  84  67  76   1   0  11    T  0.0    0  3.7 15 290   M    M   2        17 280
30  86  68  77   2   0  12    T  0.0    0  5.0 13 150   M    M   5 1      17 160
31  88  67  78   3   0  13 0.00  0.0    0  3.7 12 150   M    M   3 1      14 150
================================================================================
SM 2648 1972         0 302  4.16     0.0 127.6          M       68
================================================================================
AV 85.4 63.6                               4.1 FASTST   M    M   2    MAX(MPH)
                                 MISC ---->  # 23 260               # 46  250
================================================================================
NOTES:
# LAST OF SEVERAL OCCURRENCES

COLUMN 17 PEAK WIND IN M.P.H.

PRELIMINARY LOCAL CLIMATOLOGICAL DATA (WS FORM: F-6) , PAGE 2

                                          STATION:  CAPE GIRARDEAU MO
                                          MONTH:    AUGUST
                                          YEAR:     2015
                                          LATITUDE:   37 13 N
                                          LONGITUDE:  89 35 W

[TEMPERATURE DATA]      [PRECIPITATION DATA]       SYMBOLS USED IN COLUMN 16

AVERAGE MONTHLY: 74.5   TOTAL FOR MONTH:   4.16    1 = FOG OR MIST
DPTR FM NORMAL:  -2.5   DPTR FM NORMAL:    1.14    2 = FOG REDUCING VISIBILITY
HIGHEST:    93 ON  3    GRTST 24HR  1.64 ON  5- 5      TO 1/4 MILE OR LESS
LOWEST:     51 ON 26                               3 = THUNDER
                        SNOW, ICE PELLETS, HAIL    4 = ICE PELLETS
                        TOTAL MONTH:   0.0 INCH    5 = HAIL
                        GRTST 24HR     0.0         6 = FREEZING RAIN OR DRIZZLE
                        GRTST DEPTH:   0           7 = DUSTSTORM OR SANDSTORM:
                                                       VSBY 1/2 MILE OR LESS
                                                   8 = SMOKE OR HAZE
[NO. OF DAYS WITH]      [WEATHER - DAYS WITH]      9 = BLOWING SNOW
                                                   X = TORNADO
MAX 32 OR BELOW:   0    0.01 INCH OR MORE:   6
MAX 90 OR ABOVE:   4    0.10 INCH OR MORE:   4
MIN 32 OR BELOW:   0    0.50 INCH OR MORE:   3
MIN  0 OR BELOW:   0    1.00 INCH OR MORE:   2

[HDD (BASE 65) ]
TOTAL THIS MO.     0    CLEAR  (SCALE 0-3)  23
DPTR FM NORMAL    -1    PTCLDY (SCALE 4-7)   8
TOTAL FM JUL 1     0    CLOUDY (SCALE 8-10)  0
DPTR FM NORMAL    -1

[CDD (BASE 65) ]
TOTAL THIS MO.   302
DPTR FM NORMAL   -72    [PRESSURE DATA]
TOTAL FM JAN 1  1329    HIGHEST SLP M ON M
DPTR FM NORMAL    69    LOWEST  SLP 29.76 ON 19

[REMARKS]
#FINAL-08-15#
