000
CXUS55 KPAH 300630
CF6CGI
PRELIMINARY LOCAL CLIMATOLOGICAL DATA (WS FORM: F-6)

                                          STATION:   CAPE GIRARDEAU MO
                                          MONTH:     AUGUST
                                          YEAR:      2014
                                          LATITUDE:   37 13 N
                                          LONGITUDE:  89 35 W

  TEMPERATURE IN F:       :PCPN:    SNOW:  WIND      :SUNSHINE: SKY     :PK WND
================================================================================
1   2   3   4   5  6A  6B    7    8   9   10  11  12  13   14  15   16   17  18
                                     12Z  AVG MX 2MIN
DY MAX MIN AVG DEP HDD CDD  WTR  SNW DPTH SPD SPD DIR MIN PSBL S-S WX    SPD DR
================================================================================

 1  86  61  74  -4   0   9 0.00  0.0    0  1.9  9  10   M    M   5 128    11  10
 2  87  64  76  -2   0  11 0.00  0.0    0  4.5 12  30   M    M   3 1      15  30
 3  87  58  73  -5   0   8 0.00  0.0    0  3.4 13  40   M    M   1 12     17  60
 4  89  59  74  -4   0   9 0.00  0.0    0  2.5  8  70   M    M   2 12     11 100
 5  88  62  75  -3   0  10 0.28  0.0    0  3.7 23 300   M    M   2 13     29 300
 6  89  66  78   0   0  13 0.11  0.0    0  2.9 12  60   M    M   3 123    15  50
 7  78  68  73  -5   0   8 1.17  0.0    0  5.9 17 250   M    M   4 138    24 250
 8  87  70  79   1   0  14 0.95  0.0    0  4.7 29  40   M    M   7 13     33  40
 9  87  71  79   1   0  14 0.00  0.0    0  3.5 10 360   M    M   7 1      12 300
10  88  69  79   1   0  14 0.17  0.0    0  2.8 12 260   M    M   4 13     14 250
11  87  71  79   1   0  14 0.05  0.0    0  6.1 15 340   M    M   4 138    19 340
12  83  60  72  -6   0   7 0.00  0.0    0  6.8 16 300   M    M   1        21 300
13  84  56  70  -8   0   5 0.00  0.0    0  3.6 13 340   M    M   0 1      18 350
14  83  56  70  -8   0   5 0.00  0.0    0  1.8  8 270   M    M   1 128    10 260
15  84  59  72  -6   0   7 0.00  0.0    0  3.5 10 220   M    M   2 12     13 160
16  82  69  76  -1   0  11 0.05  0.0    0  6.2 15 180   M    M   2 1      20 170
17  87  68  78   1   0  13 0.04  0.0    0  7.6 16 340   M    M   5 138    23 190
18  85  67  76  -1   0  11 0.00  0.0    0  1.9  9 300   M    M   5 128    11 300
19  90  67  79   2   0  14 0.04  0.0    0  3.5 26 330   M    M   5 1238   33 330
20  92  67  80   3   0  15 0.00  0.0    0  5.1 13 200   M    M   0 1      19 180
21  90  75  83   6   0  18 0.00  0.0    0  7.7 15 190   M    M   0 8      20 200
22  93  71  82   5   0  17 0.00  0.0    0  5.1 12 200   M    M   0 8      15 180
23  96  74  85   9   0  20 0.00  0.0    0  3.8 14 130   M    M   0 8      20 130
24  95  73  84   8   0  19 0.00  0.0    0  3.9 13 140   M    M   0        18 140
25  94  73  84   8   0  19 0.00  0.0    0  2.5  9 110   M    M   0 1      12  60
26  94  70  82   6   0  17 0.00  0.0    0  3.3  9  80   M    M   1 18     12  60
27  94  69  82   6   0  17 0.00  0.0    0  1.8 14  30   M    M   1 128    17  20
28  90  70  80   5   0  15 0.02  0.0    0  2.4 18  90   M    M   1 138    23  90
29  90  67  79   4   0  14 0.41  0.0    0  5.8 21 250   M    M   1 1238   28 260
================================================================================
SM 2559 1930         0 368  3.29     0.0 118.2          M       67
================================================================================
AV 88.2 66.6                               4.1 FASTST   M    M   2    MAX(MPH)
                                 MISC ---->  # 29  40               # 33   40
================================================================================
NOTES:
# LAST OF SEVERAL OCCURRENCES

COLUMN 17 PEAK WIND IN M.P.H.

PRELIMINARY LOCAL CLIMATOLOGICAL DATA (WS FORM: F-6) , PAGE 2

                                          STATION:  CAPE GIRARDEAU MO
                                          MONTH:    AUGUST
                                          YEAR:     2014
                                          LATITUDE:   37 13 N
                                          LONGITUDE:  89 35 W

[TEMPERATURE DATA]      [PRECIPITATION DATA]       SYMBOLS USED IN COLUMN 16

AVERAGE MONTHLY: 77.4   TOTAL FOR MONTH:   3.29    1 = FOG OR MIST
DPTR FM NORMAL:   0.2   DPTR FM NORMAL:    0.47    2 = FOG REDUCING VISIBILITY
HIGHEST:    96 ON 23    GRTST 24HR  1.41 ON  7- 8      TO 1/4 MILE OR LESS
LOWEST:     56 ON 14,13                            3 = THUNDER
                        SNOW, ICE PELLETS, HAIL    4 = ICE PELLETS
                        TOTAL MONTH:   0.0 INCH    5 = HAIL
                        GRTST 24HR     0.0         6 = FREEZING RAIN OR DRIZZLE
                        GRTST DEPTH:   0           7 = DUSTSTORM OR SANDSTORM:
                                                       VSBY 1/2 MILE OR LESS
                                                   8 = SMOKE OR HAZE
[NO. OF DAYS WITH]      [WEATHER - DAYS WITH]      9 = BLOWING SNOW
                                                   X = TORNADO
MAX 32 OR BELOW:   0    0.01 INCH OR MORE:  11
MAX 90 OR ABOVE:  11    0.10 INCH OR MORE:   6
MIN 32 OR BELOW:   0    0.50 INCH OR MORE:   2
MIN  0 OR BELOW:   0    1.00 INCH OR MORE:   1

[HDD (BASE 65) ]
TOTAL THIS MO.     0    CLEAR  (SCALE 0-3)  20
DPTR FM NORMAL     0    PTCLDY (SCALE 4-7)   9
TOTAL FM JUL 1     0    CLOUDY (SCALE 8-10)  0
DPTR FM NORMAL     0

[CDD (BASE 65) ]
TOTAL THIS MO.   368
DPTR FM NORMAL    14    [PRESSURE DATA]
TOTAL FM JAN 1  1213    HIGHEST SLP M ON M
DPTR FM NORMAL   -27    LOWEST  SLP 29.77 ON 19

[REMARKS]
