000
CXUS54 KMRX 301000
CF6CHA
PRELIMINARY LOCAL CLIMATOLOGICAL DATA (WS FORM: F-6)

                                          STATION:   CHATTANOOGA  ASOS
                                          MONTH:     AUGUST
                                          YEAR:      2015
                                          LATITUDE:   35  1 N
                                          LONGITUDE:  85 12 W

  TEMPERATURE IN F:       :PCPN:    SNOW:  WIND      :SUNSHINE: SKY     :PK WND
================================================================================
1   2   3   4   5  6A  6B    7    8   9   10  11  12  13   14  15   16   17  18
                                     12Z  AVG MX 2MIN
DY MAX MIN AVG DEP HDD CDD  WTR  SNW DPTH SPD SPD DIR MIN PSBL S-S WX    SPD DR
================================================================================

 1  92  64  78  -2   0  13 0.00  0.0    0  6.1 17  10   M    M   3        23 360
 2  93  67  80   0   0  15 0.00  0.0    0  3.8 12  40   M    M   4        15  30
 3  94  67  81   1   0  16 0.00  0.0    0  3.3 14 360   M    M   4        17  20
 4  98  70  84   4   0  19 0.00  0.0    0  2.1 10 250   M    M   5        14 260
 5  93  74  84   4   0  19    T  0.0    0  5.9 18 350   M    M   6 38     22 350
 6  78  73  76  -4   0  11 0.17  0.0    0  4.9 15 230   M    M   7 13     19 240
 7  88  72  80   0   0  15 0.00  0.0    0  5.4 14 260   M    M   7        17 290
 8  91  67  79  -1   0  14 0.00  0.0    0  3.6 12  20   M    M   5        36  80
 9  96  70  83   3   0  18 0.00  0.0    0  2.0  8  70   M    M   4        11 340
10  93  71  82   2   0  17 0.39  0.0    0  2.8 32 300   M    M   6 138    42 290
11  90  73  82   2   0  17 0.13  0.0    0  4.0 17 360   M    M   5 13     22 340
12  89  69  79  -1   0  14 0.00  0.0    0  8.1 18  10   M    M   2        23 360
13  90  66  78  -2   0  13 0.00  0.0    0  7.1 15  20   M    M   3        19  10
14  85  71  78  -2   0  13 0.02  0.0    0  6.2 13  10   M    M   6 3      16  30
15  83  71  77  -3   0  12 0.10  0.0    0  4.5 10  20   M    M   7 18     13  10
16  91  69  80   0   0  15 0.00  0.0    0  4.1 16  20   M    M   6        23  30
17  76  72  74  -6   0   9 2.68  0.0    0  3.5 10  20   M    M   8 1      13  20
18  86  71  79  -1   0  14 0.81  0.0    0  3.8 13 300   M    M   8 13     17 240
19  88  71  80   0   0  15 1.28  0.0    0  5.1 30 210   M    M   7 138    41 210
20  84  72  78  -1   0  13    T  0.0    0  4.8 12 340   M    M   7 1      14 260
21  86  68  77  -2   0  12 0.00  0.0    0  4.3 14  40   M    M   6        17  30
22  90  68  79   0   0  14 0.15  0.0    0  3.4 16 350   M    M   6 13     21  90
23  85  71  78  -1   0  13 1.36  0.0    0  1.5 14 240   M    M   5 1      17 230
24  89  66  78  -1   0  13 0.00  0.0    0  4.3 14 340   M    M   4        19 350
25  83  61  72  -7   0   7 0.00  0.0    0  8.6 18  10   M    M   0        23  30
26  82  59  71  -7   0   6 0.00  0.0    0  7.7 20 360   M    M   2        24  10
27  85  66  76  -2   0  11 0.00  0.0    0  8.0 15  20   M    M   4        19  10
28  87  67  77  -1   0  12 0.00  0.0    0  4.6 13 120   M    M   5        16 120
29  86  68  77  -1   0  12 0.00  0.0    0  4.4 15 130   M    M   6 3      22 140
================================================================================
SM 2551 1994         0 392  7.09     0.0 137.9          M      148
================================================================================
AV 88.0 68.8                               4.8 FASTST   M    M   5    MAX(MPH)
                                 MISC ---->  # 32 300               # 42  290
================================================================================
NOTES:
# LAST OF SEVERAL OCCURRENCES

COLUMN 17 PEAK WIND IN M.P.H.

PRELIMINARY LOCAL CLIMATOLOGICAL DATA (WS FORM: F-6) , PAGE 2

                                          STATION:  CHATTANOOGA  ASOS
                                          MONTH:    AUGUST
                                          YEAR:     2015
                                          LATITUDE:   35  1 N
                                          LONGITUDE:  85 12 W

[TEMPERATURE DATA]      [PRECIPITATION DATA]       SYMBOLS USED IN COLUMN 16

AVERAGE MONTHLY: 78.4   TOTAL FOR MONTH:   7.09    1 = FOG OR MIST
DPTR FM NORMAL:  -1.2   DPTR FM NORMAL:    3.81    2 = FOG REDUCING VISIBILITY
HIGHEST:    98 ON  4    GRTST 24HR  3.19 ON 17-18      TO 1/4 MILE OR LESS
LOWEST:     59 ON 26                               3 = THUNDER
                        SNOW, ICE PELLETS, HAIL    4 = ICE PELLETS
                        TOTAL MONTH:   0.0 INCH    5 = HAIL
                        GRTST 24HR     0.0         6 = FREEZING RAIN OR DRIZZLE
                        GRTST DEPTH:   0           7 = DUSTSTORM OR SANDSTORM:
                                                       VSBY 1/2 MILE OR LESS
                                                   8 = SMOKE OR HAZE
[NO. OF DAYS WITH]      [WEATHER - DAYS WITH]      9 = BLOWING SNOW
                                                   X = TORNADO
MAX 32 OR BELOW:   0    0.01 INCH OR MORE:  10
MAX 90 OR ABOVE:  12    0.10 INCH OR MORE:   9
MIN 32 OR BELOW:   0    0.50 INCH OR MORE:   4
MIN  0 OR BELOW:   0    1.00 INCH OR MORE:   3

[HDD (BASE 65) ]
TOTAL THIS MO.     0    CLEAR  (SCALE 0-3)   5
DPTR FM NORMAL     0    PTCLDY (SCALE 4-7)  23
TOTAL FM JUL 1     0    CLOUDY (SCALE 8-10)  1
DPTR FM NORMAL     0

[CDD (BASE 65) ]
TOTAL THIS MO.   392
DPTR FM NORMAL   -29    [PRESSURE DATA]
TOTAL FM JAN 1  1624    HIGHEST SLP M ON M
DPTR FM NORMAL   199    LOWEST  SLP 29.80 ON M

[REMARKS]
