000
CXUS55 KOHX 181010
CF6CKV
PRELIMINARY LOCAL CLIMATOLOGICAL DATA (WS FORM: F-6)

                                          STATION:   CLARKSVILLE
                                          MONTH:     DECEMBER
                                          YEAR:      2014
                                          LATITUDE:   36 37 N
                                          LONGITUDE:  87 25 W

  TEMPERATURE IN F:       :PCPN:    SNOW:  WIND      :SUNSHINE: SKY     :PK WND
================================================================================
1   2   3   4   5  6A  6B    7    8   9   10  11  12  13   14  15   16   17  18
                                     12Z  AVG MX 2MIN
DY MAX MIN AVG DEP HDD CDD  WTR  SNW DPTH SPD SPD DIR MIN PSBL S-S WX    SPD DR
================================================================================

 1  65  37  51   9  14   0 0.05    M    M 10.8 17  10   M    M   9 1      21  30
 2  42  37  40  -2  25   0 0.00    M    M  5.1 12 220   M    M  10 12     14 230
 3  43  38  41  -1  24   0 0.00    M    M  5.7 15 320   M    M  10 1      19 310
 4  47  39  43   2  22   0 0.14    M    M  5.0 10 120   M    M  10 12     13  70
 5  67  47  57  16   8   0 1.94    M    M  7.5 21 210   M    M   9 123    29 210
 6  63  41  52  11  13   0 0.15    M    M 13.8 23 350   M    M  10 1      28  10
 7  47  39  43   3  22   0 0.00    M    M  7.7 17  70   M    M   5        19  70
 8  54  38  46   6  19   0 0.00    M    M  4.5 16 230   M    M   3        23 220
 9  44  37  41   1  24   0    T    M    M 11.3 23 350   M    M   9 1      28 350
10  42  30  36  -4  29   0 0.00    M    M  8.1 14 330   M    M   9 1      17 330
11  41  25  33  -6  32   0 0.00    M    M  4.6 13 350   M    M   5        16  10
12  46  21  34  -5  31   0 0.00    M    M  1.1  7  10   M    M   0 18      9 360
13  45  27  36  -3  29   0 0.00    M    M  1.7  8 180   M    M   9 18      9 180
14  52  41  47   8  18   0 0.00    M    M  2.8  8 130   M    M  10 128     9 130
15  57  34  46   8  19   0 0.02    M    M  8.1 15 190   M    M   8 12     21 170
16  58  38  48  10  17   0 0.00    M    M 11.8 22 270   M    M  10        27 270
17  41  30  36  -2  29   0 0.00    M    M  5.8 14 340   M    M   5        16 330
================================================================================
SM  854  599       375   0  2.30    M    115.4          M      131
================================================================================
AV 50.2 35.2                               6.8 FASTST   M    M   8    MAX(MPH)
                                 MISC ---->  # 23 350               # 29  210
================================================================================
NOTES:
# LAST OF SEVERAL OCCURRENCES

COLUMN 17 PEAK WIND IN M.P.H.

PRELIMINARY LOCAL CLIMATOLOGICAL DATA (WS FORM: F-6) , PAGE 2

                                          STATION:  CLARKSVILLE
                                          MONTH:    DECEMBER
                                          YEAR:     2014
                                          LATITUDE:   36 37 N
                                          LONGITUDE:  87 25 W

[TEMPERATURE DATA]      [PRECIPITATION DATA]       SYMBOLS USED IN COLUMN 16

AVERAGE MONTHLY: 42.7   TOTAL FOR MONTH:   2.30    1 = FOG OR MIST
DPTR FM NORMAL:   2.8   DPTR FM NORMAL:   -0.74    2 = FOG REDUCING VISIBILITY
HIGHEST:    67 ON  5    GRTST 24HR  2.07 ON  5- 6      TO 1/4 MILE OR LESS
LOWEST:     21 ON 12                               3 = THUNDER
                        SNOW, ICE PELLETS, HAIL    4 = ICE PELLETS
                        TOTAL MONTH:    M          5 = HAIL
                        GRTST 24HR    M  ON   M    6 = FREEZING RAIN OR DRIZZLE
                        GRTST DEPTH:  M  ON   M    7 = DUSTSTORM OR SANDSTORM:
                                                       VSBY 1/2 MILE OR LESS
                                                   8 = SMOKE OR HAZE
[NO. OF DAYS WITH]      [WEATHER - DAYS WITH]      9 = BLOWING SNOW
                                                   X = TORNADO
MAX 32 OR BELOW:   0    0.01 INCH OR MORE:   5
MAX 90 OR ABOVE:   0    0.10 INCH OR MORE:   3
MIN 32 OR BELOW:   5    0.50 INCH OR MORE:   1
MIN  0 OR BELOW:   0    1.00 INCH OR MORE:   1

[HDD (BASE 65) ]
TOTAL THIS MO.   375    CLEAR  (SCALE 0-3)   1
DPTR FM NORMAL   -50    PTCLDY (SCALE 4-7)   5
TOTAL FM JUL 1  1266    CLOUDY (SCALE 8-10) 11
DPTR FM NORMAL    91

[CDD (BASE 65) ]
TOTAL THIS MO.     0
DPTR FM NORMAL     0    [PRESSURE DATA]
TOTAL FM JAN 1  1483    HIGHEST SLP  0.00 ON 14
DPTR FM NORMAL    50    LOWEST  SLP 29.84 ON 16

[REMARKS]
