000
CXUS51 KCLE 011004
CF6CLE
PRELIMINARY LOCAL CLIMATOLOGICAL DATA (WS FORM: F-6)

                                          STATION:   CLEVELAND OH
                                          MONTH:     JULY
                                          YEAR:      2014
                                          LATITUDE:   41 24 N
                                          LONGITUDE:  81 51 W

  TEMPERATURE IN F:       :PCPN:    SNOW:  WIND      :SUNSHINE: SKY     :PK WND
================================================================================
1   2   3   4   5  6A  6B    7    8   9   10  11  12  13   14  15   16   17  18
                                     12Z  AVG MX 2MIN
DY MAX MIN AVG DEP HDD CDD  WTR  SNW DPTH SPD SPD DIR MIN PSBL S-S WX    SPD DR
================================================================================

 1  88  76  82   9   0  17    T  0.0    0 11.7 16 250   M    M   7        31 250
 2  84  71  78   5   0  13 0.00  0.0    0 10.0 21 230   M    M   7        27 220
 3  76  59  68  -5   0   3 0.00  0.0    0  8.5 23 290   M    M   7 8      30 290
 4  72  54  63 -10   2   0 0.00  0.0    0  6.4 15 350   M    M   2 8      19 360
 5  78  52  65  -8   0   0 0.00  0.0    0  5.0 14 350   M    M   5 18     16 350
 6  80  60  70  -3   0   5 0.00  0.0    0 10.9 20 210   M    M   5        26 210
 7  83  71  77   4   0  12    T  0.0    0 14.0 24 230   M    M   8 3      30 200
 8  81  68  75   1   0  10 0.68  0.0    0 12.1 25 240   M    M   7 13     36 240
 9  77  63  70  -4   0   5 0.22  0.0    0  7.6 20 280   M    M   5 13     25 280
10  78  60  69  -5   0   4 0.00  0.0    0  6.2 16  10   M    M   3        20  20
11  78  56  67  -7   0   2 0.00  0.0    0  5.1 13  10   M    M   3 1      17 360
12  85  63  74   0   0   9    T  0.0    0  8.2 16 240   M    M   5        24 230
13  83  68  76   2   0  11 0.28  0.0    0 10.5 24 240   M    M   7 138    34 230
14  83  66  75   1   0  10    T  0.0    0  6.3 15 320   M    M   6        19 330
15  75  58  67  -7   0   2 0.06  0.0    0 11.8 23 250   M    M   7 1      28 270
16  67  55  61 -13   4   0 0.14  0.0    0  8.9 20 290   M    M   6 1      24 270
17  74  57  66  -8   0   1 0.04  0.0    0  5.6 14 330   M    M   5 1      20 330
18  77  51  64 -10   1   0 0.00  0.0    0  5.3 16  10   M    M   7        19  10
19  72  63  68  -6   0   3 0.56  0.0    0  6.6 12 330   M    M  10 1      14 150
20  77  61  69  -5   0   4 0.00  0.0    0  5.4 13  10   M    M   6 12     15  10
21  82  61  72  -2   0   7 0.00  0.0    0  3.9 13  30   M    M   3 18     16  30
22  88  62  75   1   0  10 0.00  0.0    0  6.9 16 240   M    M   2        20 240
23  76  64  70  -4   0   5 0.07  0.0    0 10.5 18 360   M    M   9 13     23 360
24  72  56  64 -10   1   0 0.00  0.0    0 10.1 22  10   M    M   4        29  40
25  76  51  64  -9   1   0 0.03  0.0    0  4.2 12  30   M    M   5        17  10
26  82  62  72  -1   0   7 0.32  0.0    0  8.6 16 210   M    M   8 13     22 210
27  83  63  73   0   0   8 0.91  0.0    0  7.5 29 330   M    M   9 138    37 330
28  67  59  63 -10   2   0 0.40  0.0    0 15.0 28 320   M    M   9 13     36 330
29  71  53  62 -11   3   0    T  0.0    0  6.8 14 240   M    M   7 3      16 250
30  74  58  66  -7   0   1 0.28  0.0    0  7.0 16 300   M    M   7 13     21 230
31  77  58  68  -5   0   3 0.00  0.0    0  7.3 14 230   M    M   3 1      17 230
================================================================================
SM 2416 1879        14 152  3.99     0.0 253.9          M      184
================================================================================
AV 77.9 60.6                               8.2 FASTST   M    M   6    MAX(MPH)
                                 MISC ---->  # 29 330               # 37  330
================================================================================
NOTES:
# LAST OF SEVERAL OCCURRENCES

COLUMN 17 PEAK WIND IN M.P.H.

PRELIMINARY LOCAL CLIMATOLOGICAL DATA (WS FORM: F-6) , PAGE 2

                                          STATION:  CLEVELAND OH
                                          MONTH:    JULY
                                          YEAR:     2014
                                          LATITUDE:   41 24 N
                                          LONGITUDE:  81 51 W

[TEMPERATURE DATA]      [PRECIPITATION DATA]       SYMBOLS USED IN COLUMN 16

AVERAGE MONTHLY: 69.3   TOTAL FOR MONTH:   3.99    1 = FOG OR MIST
DPTR FM NORMAL:  -4.2   DPTR FM NORMAL:    0.53    2 = FOG REDUCING VISIBILITY
HIGHEST:    88 ON 22, 1 GRTST 24HR  1.31 ON 27-28      TO 1/4 MILE OR LESS
LOWEST:     51 ON 25,18                            3 = THUNDER
                        SNOW, ICE PELLETS, HAIL    4 = ICE PELLETS
                        TOTAL MONTH:   0.0 INCH    5 = HAIL
                        GRTST 24HR     0.0         6 = FREEZING RAIN OR DRIZZLE
                        GRTST DEPTH:   0           7 = DUSTSTORM OR SANDSTORM:
                                                       VSBY 1/2 MILE OR LESS
                                                   8 = SMOKE OR HAZE
[NO. OF DAYS WITH]      [WEATHER - DAYS WITH]      9 = BLOWING SNOW
                                                   X = TORNADO
MAX 32 OR BELOW:   0    0.01 INCH OR MORE:  13
MAX 90 OR ABOVE:   0    0.10 INCH OR MORE:   9
MIN 32 OR BELOW:   0    0.50 INCH OR MORE:   3
MIN  0 OR BELOW:   0    1.00 INCH OR MORE:   0

[HDD (BASE 65) ]
TOTAL THIS MO.    14    CLEAR  (SCALE 0-3)   6
DPTR FM NORMAL    10    PTCLDY (SCALE 4-7)  21
TOTAL FM JUL 1    14    CLOUDY (SCALE 8-10)  4
DPTR FM NORMAL    10

[CDD (BASE 65) ]
TOTAL THIS MO.   152
DPTR FM NORMAL  -113    [PRESSURE DATA]
TOTAL FM JAN 1   400    HIGHEST SLP M ON M
DPTR FM NORMAL   -92    LOWEST  SLP 28.75 ON 31

[REMARKS]
#FINAL-07-14#
