000
CXUS51 KCLE 251004
CF6CLE
PRELIMINARY LOCAL CLIMATOLOGICAL DATA (WS FORM: F-6)

                                          STATION:   CLEVELAND OH
                                          MONTH:     MAY
                                          YEAR:      2015
                                          LATITUDE:   41 24 N
                                          LONGITUDE:  81 51 W

  TEMPERATURE IN F:       :PCPN:    SNOW:  WIND      :SUNSHINE: SKY     :PK WND
================================================================================
1   2   3   4   5  6A  6B    7    8   9   10  11  12  13   14  15   16   17  18
                                     12Z  AVG MX 2MIN
DY MAX MIN AVG DEP HDD CDD  WTR  SNW DPTH SPD SPD DIR MIN PSBL S-S WX    SPD DR
================================================================================

 1  66  40  53  -2  12   0 0.00  0.0    0  6.0 13  10   M    M   2        16 350
 2  72  41  57   1   8   0 0.00  0.0    0  6.1 15 360   M    M   2        19 360
 3  79  47  63   7   2   0 0.00  0.0    0  8.0 17 230   M    M   3        23 250
 4  81  59  70  14   0   5 0.04  0.0    0 10.5 28 280   M    M   7        35 240
 5  69  50  60   4   5   0 0.04  0.0    0  3.9 24 290   M    M  10 138    31 270
 6  70  51  61   4   4   0 0.00  0.0    0  4.5 13 360   M    M   7 128    17  20
 7  82  52  67  10   0   2 0.00  0.0    0  4.8 13  40   M    M   2 18     16  20
 8  89  63  76  19   0  11 0.00  0.0    0  6.5 14 200   M    M   3        22 210
 9  88  61  75  17   0  10 0.00  0.0    0  8.1 22 330   M    M   6        32 190
10  86  63  75  17   0  10 0.01  0.0    0  6.2 18 240   M    M   7        25 220
11  88  65  77  19   0  12 0.85  0.0    0 10.1 28 250   M    M   6 13     35 260
12  65  51  58  -1   7   0 0.00  0.0    0 16.6 29 240   M    M   8        39 270
13  51  38  45 -14  20   0 0.01  0.0    0  9.4 18 350   M    M   8        23 290
14  64  35  50  -9  15   0 0.00  0.0    0  5.4 15  40   M    M   6 1      18  10
15  79  51  65   5   0   0 0.15  0.0    0  7.1 21 220   M    M   8 1      27 190
16  73  66  70  10   0   5 0.01  0.0    0  8.0 13 210   M    M   8        18 220
17  82  63  73  13   0   8 0.03  0.0    0  8.8 18 210   M    M   6 1      23 200
18  80  69  75  15   0  10    T  0.0    0 10.6 21 290   M    M   8        24 250
19  69  51  60  -1   5   0 0.00  0.0    0 11.9 22 300   M    M   7        26 290
20  51  42  47 -14  18   0 0.00  0.0    0  9.9 18  10   M    M   9        23 360
21  59  48  54  -7  11   0    T  0.0    0  7.7 16 320   M    M   8        21 280
22  62  46  54  -8  11   0 0.01  0.0    0  8.5 17 340   M    M   4        27 340
23  72  39  56  -6   9   0 0.00  0.0    0  5.8 13 360   M    M   3        16 230
24  82  49  66   4   0   1 0.00  0.0    0  7.3 17 180   M    M   5        22 180
================================================================================
SM 1759 1240       127  74  1.15     0.0 191.7          M      143
================================================================================
AV 73.3 51.7                               8.0 FASTST   M    M   6    MAX(MPH)
                                 MISC ---->  # 29 240               # 39  270
================================================================================
NOTES:
# LAST OF SEVERAL OCCURRENCES

COLUMN 17 PEAK WIND IN M.P.H.

PRELIMINARY LOCAL CLIMATOLOGICAL DATA (WS FORM: F-6) , PAGE 2

                                          STATION:  CLEVELAND OH
                                          MONTH:    MAY
                                          YEAR:     2015
                                          LATITUDE:   41 24 N
                                          LONGITUDE:  81 51 W

[TEMPERATURE DATA]      [PRECIPITATION DATA]       SYMBOLS USED IN COLUMN 16

AVERAGE MONTHLY: 62.5   TOTAL FOR MONTH:   1.15    1 = FOG OR MIST
DPTR FM NORMAL:   3.7   DPTR FM NORMAL:   -1.64    2 = FOG REDUCING VISIBILITY
HIGHEST:    89 ON  8    GRTST 24HR  0.85 ON 11-11      TO 1/4 MILE OR LESS
LOWEST:     35 ON 14                               3 = THUNDER
                        SNOW, ICE PELLETS, HAIL    4 = ICE PELLETS
                        TOTAL MONTH:   0.0 INCH    5 = HAIL
                        GRTST 24HR     0.0         6 = FREEZING RAIN OR DRIZZLE
                        GRTST DEPTH:   0           7 = DUSTSTORM OR SANDSTORM:
                                                       VSBY 1/2 MILE OR LESS
                                                   8 = SMOKE OR HAZE
[NO. OF DAYS WITH]      [WEATHER - DAYS WITH]      9 = BLOWING SNOW
                                                   X = TORNADO
MAX 32 OR BELOW:   0    0.01 INCH OR MORE:   9
MAX 90 OR ABOVE:   0    0.10 INCH OR MORE:   2
MIN 32 OR BELOW:   0    0.50 INCH OR MORE:   1
MIN  0 OR BELOW:   0    1.00 INCH OR MORE:   0

[HDD (BASE 65) ]
TOTAL THIS MO.   127    CLEAR  (SCALE 0-3)   5
DPTR FM NORMAL   -54    PTCLDY (SCALE 4-7)  15
TOTAL FM JUL 1  6482    CLOUDY (SCALE 8-10)  4
DPTR FM NORMAL   790

[CDD (BASE 65) ]
TOTAL THIS MO.    74
DPTR FM NORMAL    42    [PRESSURE DATA]
TOTAL FM JAN 1    75    HIGHEST SLP M ON M
DPTR FM NORMAL    32    LOWEST  SLP 29.85 ON 11

[REMARKS]
