000
CXUS54 KHGX 011415
CF6CLL
PRELIMINARY LOCAL CLIMATOLOGICAL DATA (WS FORM: F-6)

                                          STATION:   COLLEGE STATION
                                          MONTH:     AUGUST
                                          YEAR:      2014
                                          LATITUDE:   30 34 N
                                          LONGITUDE:  96 22 W

  TEMPERATURE IN F:       :PCPN:    SNOW:  WIND      :SUNSHINE: SKY     :PK WND
================================================================================
1   2   3   4   5  6A  6B    7    8   9   10  11  12  13   14  15   16   17  18
                                     12Z  AVG MX 2MIN
DY MAX MIN AVG DEP HDD CDD  WTR  SNW DPTH SPD SPD DIR MIN PSBL S-S WX    SPD DR
================================================================================

 1  85  71  78  -8   0  13 0.00  0.0    0  8.7 17 360   M    M   7 1      21 360
 2  82  69  76 -10   0  11 0.00  0.0    0  7.6 14  10   M    M   6 1       M  M
 3  89  71  80  -6   0  15 0.00  0.0    0  8.0 15 360   M    M   3 1      19 350
 4  92  73  83  -3   0  18 0.14  0.0    0  6.5 20  80   M    M   3 8      24  60
 5  94  74  84  -2   0  19 0.17  0.0    0  4.0 16 100   M    M   2 1      21 130
 6  94  74  84  -2   0  19 0.00  0.0    0  7.2 15 150   M    M   1        19 160
 7  97  76  87   1   0  22 0.00  0.0    0  9.9 16 210   M    M   2 1      22 200
 8  97  77  87   1   0  22 0.00  0.0    0  8.5 17 160   M    M   1        25 170
 9  97  77  87   1   0  22 0.00  0.0    0  7.6 16 150   M    M   2        20 150
10  96  78  87   1   0  22 0.00  0.0    0  4.9 18 150   M    M   2        22 150
11  97  76  87   1   0  22 0.02  0.0    0  5.5 31 360   M    M   1 13     37  10
12  95  74  85  -1   0  20 0.00  0.0    0  5.8 18  40   M    M   1        23  40
13  92  70  81  -5   0  16 0.00  0.0    0  8.8 16  20   M    M   0        20 360
14  94  71  83  -3   0  18 0.00  0.0    0  5.6 12 120   M    M   1        17 160
15  97  75  86   0   0  21 0.00  0.0    0  6.7 12 210   M    M   1        19 210
16  99  77  88   2   0  23 0.00  0.0    0 10.0 20 160   M    M   1        27 160
17  98  77  88   2   0  23 0.00  0.0    0  9.0 18 210   M    M   3 3      24 190
18  98  79  89   3   0  24    T  0.0    0  9.6 22 140   M    M   3        25 170
19  96  76  86   0   0  21    T  0.0    0  9.8 35 170   M    M   1 3      44 180
20  97  77  87   1   0  22 0.02  0.0    0 10.0 29 140   M    M   1 3      38 130
21  98  79  89   4   0  24 0.00  0.0    0 12.4 22 150   M    M   3        28 150
22  98  77  88   3   0  23 0.00  0.0    0 10.4 17 160   M    M   2        22 150
23  97  74  86   1   0  21 0.00  0.0    0  6.7 14 150   M    M   2        18 150
24  97  73  85   0   0  20 0.00  0.0    0  5.9 14 160   M    M   2        20 250
25  99  74  87   2   0  22 0.00  0.0    0  3.7 13  80   M    M   1 8      16  70
26  97  77  87   2   0  22 0.00  0.0    0  7.3 17  40   M    M   1 8      23  40
27  97  74  86   1   0  21 0.00  0.0    0  6.7 15  60   M    M   2        21  40
28  90  75  83  -2   0  18    T  0.0    0  7.3 25 130   M    M   3 13     33 140
29  94  75  85   1   0  20    T  0.0    0  7.6 23 140   M    M   3 3      27 130
30  93  74  84   0   0  19 0.00  0.0    0  5.2 17 160   M    M   4        21 170
31  90  73  82  -2   0  17 0.06  0.0    0  9.1 22 130   M    M   3 1      27 130
================================================================================
SM 2936 2317         0 620  0.41     0.0 236.0          M       68
================================================================================
AV 94.7 74.7                               7.6 FASTST   M    M   2    MAX(MPH)
                                 MISC ---->  # 35 170               # 44  180
================================================================================
NOTES:
# LAST OF SEVERAL OCCURRENCES

COLUMN 17 PEAK WIND IN M.P.H.

PRELIMINARY LOCAL CLIMATOLOGICAL DATA (WS FORM: F-6) , PAGE 2

                                          STATION:  COLLEGE STATION
                                          MONTH:    AUGUST
                                          YEAR:     2014
                                          LATITUDE:   30 34 N
                                          LONGITUDE:  96 22 W

[TEMPERATURE DATA]      [PRECIPITATION DATA]       SYMBOLS USED IN COLUMN 16

AVERAGE MONTHLY: 84.7   TOTAL FOR MONTH:   0.41    1 = FOG OR MIST
DPTR FM NORMAL:  -0.6   DPTR FM NORMAL:   -2.27    2 = FOG REDUCING VISIBILITY
HIGHEST:    99 ON 25,16 GRTST 24HR  0.80 ON 31- 1      TO 1/4 MILE OR LESS
LOWEST:     69 ON  2                               3 = THUNDER
                        SNOW, ICE PELLETS, HAIL    4 = ICE PELLETS
                        TOTAL MONTH:   0.0 INCH    5 = HAIL
                        GRTST 24HR     0.0         6 = FREEZING RAIN OR DRIZZLE
                        GRTST DEPTH:   0           7 = DUSTSTORM OR SANDSTORM:
                                                       VSBY 1/2 MILE OR LESS
                                                   8 = SMOKE OR HAZE
[NO. OF DAYS WITH]      [WEATHER - DAYS WITH]      9 = BLOWING SNOW
                                                   X = TORNADO
MAX 32 OR BELOW:   0    0.01 INCH OR MORE:   5
MAX 90 OR ABOVE:  28    0.10 INCH OR MORE:   2
MIN 32 OR BELOW:   0    0.50 INCH OR MORE:   0
MIN  0 OR BELOW:   0    1.00 INCH OR MORE:   0

[HDD (BASE 65) ]
TOTAL THIS MO.     0    CLEAR  (SCALE 0-3)  23
DPTR FM NORMAL     0    PTCLDY (SCALE 4-7)   8
TOTAL FM JUL 1     0    CLOUDY (SCALE 8-10)  0
DPTR FM NORMAL     0

[CDD (BASE 65) ]
TOTAL THIS MO.   620
DPTR FM NORMAL   -11    [PRESSURE DATA]
TOTAL FM JAN 1  2207    HIGHEST SLP 30.07 ON 22
DPTR FM NORMAL  -139    LOWEST  SLP 29.81 ON  7

[REMARKS]
#FINAL-08-14#
#FINAL-08-14#
