000
CXUS52 KGSP 230817
CF6CLT
PRELIMINARY LOCAL CLIMATOLOGICAL DATA (WS FORM: F-6)

                                          STATION:   CHARLOTTE NC
                                          MONTH:     MARCH
                                          YEAR:      2017
                                          LATITUDE:   35 12 N
                                          LONGITUDE:  80 57 W

  TEMPERATURE IN F:       :PCPN:    SNOW:  WIND      :SUNSHINE: SKY     :PK WND
================================================================================
1   2   3   4   5  6A  6B    7    8   9   10  11  12  13   14  15   16   17  18
                                     12Z  AVG MX 2MIN
DY MAX MIN AVG DEP HDD CDD  WTR  SNW DPTH SPD SPD DIR MIN PSBL S-S WX    SPD DR
================================================================================

 1  76  60  68  21   0   3 0.61  0.0    0 12.8 23 290   M    M   9 13     31 230
 2  60  37  49   2  16   0 0.00  0.0    0 10.4 28 310   M    M   4        36 300
 3  57  30  44  -4  21   0 0.00  0.0    0  6.9 17 320   M    M   1        24 340
 4  57  23  40  -8  25   0 0.00  0.0    0  4.9 13 210   M    M   1        17 210
 5  59  31  45  -3  20   0 0.00  0.0    0  6.9 14  40   M    M   3        24  70
 6  63  44  54   6  11   0    T  0.0    0  5.9 13 170   M    M   8        17 190
 7  73  47  60  11   5   0 0.13  0.0    0 11.7 23 190   M    M   7        32 210
 8  72  47  60  11   5   0    T  0.0    0  7.5 16 330   M    M   4        22 330
 9  76  33  55   6  10   0 0.00  0.0    0  6.2 17 200   M    M   1        24 210
10  71  40  56   6   9   0 0.15  0.0    0  9.8 22 350   M    M   5 13     29 320
11  53  34  44  -6  21   0    T  0.0    0  4.8 16  20   M    M   6        22  30
12  48  31  40 -10  25   0 0.21  1.1    T  5.5 17  60   M    M   6 1      22  80
13  46  25  36 -14  29   0 0.32  0.0    0  8.9 16  50   M    M   7 1      24  70
14  55  30  43  -8  22   0 0.16  0.0    0 11.5 23 330   M    M   8 1      31 320
15  41  24  33 -18  32   0 0.00  0.0    0 11.8 23 300   M    M   1        32 300
16  51  20  36 -15  29   0 0.00  0.0    0  6.4 15 290   M    M   0 8      19 270
17  61  22  42 -10  23   0    T  0.0    0  6.4 22 190   M    M   5        27 200
18  71  47  59   7   6   0 0.26  0.0    0  8.7 20 350   M    M   7 3      28 350
19  60  39  50  -2  15   0 0.00  0.0    0  9.1 24  10   M    M   1        30  20
20  68  30  49  -3  16   0    T  0.0    0  5.1 13 220   M    M   3        16 200
21  86  49  68  15   0   3 0.06  0.0    0  4.8 17  10   M    M   5 3      21 320
22  64  41  53   0  12   0 0.03  0.0    0  9.4 20 360   M    M   7 1      24  10
================================================================================
SM 1368  784       352   6  1.93     1.1 175.4          M       99
================================================================================
AV 62.2 35.6                               8.0 FASTST   M    M   5    MAX(MPH)
                                 MISC ---->  # 28 310               # 36  300
================================================================================
NOTES:
# LAST OF SEVERAL OCCURRENCES

COLUMN 17 PEAK WIND IN M.P.H.

PRELIMINARY LOCAL CLIMATOLOGICAL DATA (WS FORM: F-6) , PAGE 2

                                          STATION:  CHARLOTTE NC
                                          MONTH:    MARCH
                                          YEAR:     2017
                                          LATITUDE:   35 12 N
                                          LONGITUDE:  80 57 W

[TEMPERATURE DATA]      [PRECIPITATION DATA]       SYMBOLS USED IN COLUMN 16

AVERAGE MONTHLY: 48.9   TOTAL FOR MONTH:   1.93    1 = FOG OR MIST
DPTR FM NORMAL:  -1.1   DPTR FM NORMAL:   -0.98    2 = FOG REDUCING VISIBILITY
HIGHEST:    86 ON 21    GRTST 24HR  0.61 ON  1- 1      TO 1/4 MILE OR LESS
LOWEST:     20 ON 16                               3 = THUNDER
                        SNOW, ICE PELLETS, HAIL    4 = ICE PELLETS
                        TOTAL MONTH:   1.1 INCHES  5 = HAIL
                        GRTST 24HR   1.1 ON   M    6 = FREEZING RAIN OR DRIZZLE
                        GRTST DEPTH:   T           7 = DUSTSTORM OR SANDSTORM:
                                                       VSBY 1/2 MILE OR LESS
                                                   8 = SMOKE OR HAZE
[NO. OF DAYS WITH]      [WEATHER - DAYS WITH]      9 = BLOWING SNOW
                                                   X = TORNADO
MAX 32 OR BELOW:   0    0.01 INCH OR MORE:   9
MAX 90 OR ABOVE:   0    0.10 INCH OR MORE:   7
MIN 32 OR BELOW:  10    0.50 INCH OR MORE:   1
MIN  0 OR BELOW:   0    1.00 INCH OR MORE:   0

[HDD (BASE 65) ]
TOTAL THIS MO.   352    CLEAR  (SCALE 0-3)   7
DPTR FM NORMAL    18    PTCLDY (SCALE 4-7)  14
TOTAL FM JUL 1  2250    CLOUDY (SCALE 8-10)  1
DPTR FM NORMAL  -783

[CDD (BASE 65) ]
TOTAL THIS MO.     6
DPTR FM NORMAL     6    [PRESSURE DATA]
TOTAL FM JAN 1    11    HIGHEST SLP M ON M
DPTR FM NORMAL    11    LOWEST  SLP 29.72 ON 14

[REMARKS]
