000
CXUS51 KILN 280553
CF6CMH
PRELIMINARY LOCAL CLIMATOLOGICAL DATA (WS FORM: F-6)

                                          STATION:   COLUMBUS OH
                                          MONTH:     MAY
                                          YEAR:      2017
                                          LATITUDE:   40  0 N
                                          LONGITUDE:  82 53 W

  TEMPERATURE IN F:       :PCPN:    SNOW:  WIND      :SUNSHINE: SKY     :PK WND
================================================================================
1   2   3   4   5  6A  6B    7    8   9   10  11  12  13   14  15   16   17  18
                                     12Z  AVG MX 2MIN
DY MAX MIN AVG DEP HDD CDD  WTR  SNW DPTH SPD SPD DIR MIN PSBL S-S WX    SPD DR
================================================================================

 1  76  54  65   7   0   0 0.57  0.0    0 13.8 33 250   M    M   9 1      45 220
 2  63  48  56  -2   9   0 0.04  0.0    0 18.5 33 270   M    M   9 1      43 270
 3  59  45  52  -7  13   0    T  0.0    0  8.0 18 290   M    M   9        23 290
 4  63  50  57  -2   8   0 0.61  0.0    0  9.2 15 150   M    M   9 1      22  90
 5  57  45  51  -8  14   0 0.72  0.0    0 13.3 25 350   M    M  10 1      35 360
 6  59  45  52  -8  13   0 0.04  0.0    0 11.0 25 310   M    M   7        34 310
 7  60  38  49 -11  16   0 0.00  0.0    0 11.4 24 300   M    M   3        32 280
 8  60  35  48 -12  17   0 0.00  0.0    0  7.6 21 290   M    M   1        30 280
 9  57  41  49 -11  16   0    T  0.0    0  4.3 10 230   M    M   9        13 230
10  74  51  63   2   2   0 0.00  0.0    0  3.5  8 120   M    M   9        11 100
11  67  55  61   0   4   0 0.17  0.0    0 10.0 21 290   M    M   9 1      24 290
12  64  50  57  -4   8   0 0.00  0.0    0  6.6 13  60   M    M   9        18  20
13  73  45  59  -3   6   0 0.00  0.0    0  4.8 14 310   M    M   2 18     18  20
14  82  54  68   6   0   3 0.00  0.0    0  9.9 29 300   M    M   5        33 310
15  76  52  64   2   1   0 0.00  0.0    0  4.6 10 100   M    M   5        14 110
16  87  58  73  11   0   8 0.00  0.0    0  8.4 20 220   M    M   5        28 220
17  88  67  78  15   0  13 0.00  0.0    0 11.1 29 230   M    M   6        35 230
18  85  70  78  15   0  13 0.02  0.0    0 12.3 24 240   M    M   8 3      32 230
19  84  56  70   7   0   5 1.49  0.0    0  5.1 28 350   M    M   9 123    34 350
20  76  54  65   1   0   0 0.02  0.0    0  7.7 22 240   M    M   9 13     28 240
21  75  65  70   6   0   5 0.66  0.0    0  7.5 18 230   M    M   8 13     28 220
22  68  52  60  -4   5   0 0.00  0.0    0  8.5 22 300   M    M   7        25 300
23  75  51  63  -2   2   0 0.00  0.0    0  5.5 15 150   M    M   9        20 100
24  69  60  65   0   0   0 0.02  0.0    0  9.0 18 110   M    M  10 1      22  90
25  69  58  64  -1   1   0 0.36  0.0    0  9.6 21 310   M    M  10 1      25 320
26  76  57  67   1   0   2 0.18  0.0    0 10.8 21 260   M    M   7 13     23 270
27  81  63  72   6   0   7 0.12  0.0    0  4.5 17 150   M    M   7 13     20 170
================================================================================
SM 1923 1419       135  56  5.02     0.0 236.5          M      200
================================================================================
AV 71.2 52.6                               8.8 FASTST   M    M   7    MAX(MPH)
                                 MISC ---->  # 33 250               # 45  220
================================================================================
NOTES:
# LAST OF SEVERAL OCCURRENCES

COLUMN 17 PEAK WIND IN M.P.H.

PRELIMINARY LOCAL CLIMATOLOGICAL DATA (WS FORM: F-6) , PAGE 2

                                          STATION:  COLUMBUS OH
                                          MONTH:    MAY
                                          YEAR:     2017
                                          LATITUDE:   40  0 N
                                          LONGITUDE:  82 53 W

[TEMPERATURE DATA]      [PRECIPITATION DATA]       SYMBOLS USED IN COLUMN 16

AVERAGE MONTHLY: 61.9   TOTAL FOR MONTH:   5.02    1 = FOG OR MIST
DPTR FM NORMAL:  -0.0   DPTR FM NORMAL:    1.44    2 = FOG REDUCING VISIBILITY
HIGHEST:    88 ON 17    GRTST 24HR  1.49 ON 19-19      TO 1/4 MILE OR LESS
LOWEST:     35 ON  8                               3 = THUNDER
                        SNOW, ICE PELLETS, HAIL    4 = ICE PELLETS
                        TOTAL MONTH:   0.0 INCH    5 = HAIL
                        GRTST 24HR     0.0         6 = FREEZING RAIN OR DRIZZLE
                        GRTST DEPTH:   0           7 = DUSTSTORM OR SANDSTORM:
                                                       VSBY 1/2 MILE OR LESS
                                                   8 = SMOKE OR HAZE
[NO. OF DAYS WITH]      [WEATHER - DAYS WITH]      9 = BLOWING SNOW
                                                   X = TORNADO
MAX 32 OR BELOW:   0    0.01 INCH OR MORE:  14
MAX 90 OR ABOVE:   0    0.10 INCH OR MORE:   9
MIN 32 OR BELOW:   0    0.50 INCH OR MORE:   5
MIN  0 OR BELOW:   0    1.00 INCH OR MORE:   1

[HDD (BASE 65) ]
TOTAL THIS MO.   135    CLEAR  (SCALE 0-3)   3
DPTR FM NORMAL    -1    PTCLDY (SCALE 4-7)  10
TOTAL FM JUL 1  4271    CLOUDY (SCALE 8-10) 14
DPTR FM NORMAL  -947

[CDD (BASE 65) ]
TOTAL THIS MO.    56
DPTR FM NORMAL     2    [PRESSURE DATA]
TOTAL FM JAN 1   104    HIGHEST SLP 30.21 ON  3
DPTR FM NORMAL    38    LOWEST  SLP 29.37 ON 25

[REMARKS]
