000
CXUS51 KILN 260728
CF6CMH

PRELIMINARY LOCAL CLIMATOLOGICAL DATA (WS FORM: F-6)

                                          STATION:   COLUMBUS OH
                                          MONTH:     NOVEMBER
                                          YEAR:      2014
                                          LATITUDE:   40  0 N
                                          LONGITUDE:  82 53 W

  TEMPERATURE IN F:       :PCPN:    SNOW:  WIND      :SUNSHINE: SKY     :PK WND
================================================================================
1   2   3   4   5  6A  6B    7    8   9   10  11  12  13   14  15   16   17  18
                                     12Z  AVG MX 2MIN
DY MAX MIN AVG DEP HDD CDD  WTR  SNW DPTH SPD SPD DIR MIN PSBL S-S WX    SPD DR
================================================================================

 1  42  34  38 -12  27   0    T  0.0    0 17.7 30 360   M    M   9        40 350
 2  47  29  38 -12  27   0 0.00  0.0    0  5.9 16 330   M    M   4        22 320
 3  63  29  46  -3  19   0 0.00  0.0    0  7.5 21 220   M    M   5        28 220
 4  67  47  57   8   8   0 0.03  0.0    0 12.2 25 230   M    M   7        32 210
 5  55  44  50   2  15   0 0.18  0.0    0  4.5 15 270   M    M   9 18     21 260
 6  51  42  47  -1  18   0 0.32  0.0    0 10.8 26 280   M    M  10 128    32 290
 7  45  31  38 -10  27   0    T  0.0    0 10.0 26 310   M    M   7        32 310
 8  54  32  43  -4  22   0 0.00  0.0    0 10.2 23 290   M    M   8        28 290
 9  52  37  45  -2  20   0 0.00  0.0    0  8.1 17 240   M    M   8        22 240
10  64  40  52   5  13   0 0.00  0.0    0  7.4 18 190   M    M   7        24 180
11  69  39  54   8  11   0 0.03  0.0    0 12.5 28 290   M    M   6 1      32 290
12  39  33  36 -10  29   0    T  0.0    0  9.2 21 300   M    M  10        25 300
13  33  26  30 -16  35   0    T    T    0 10.6 17 300   M    M  10 8      21 300
14  33  20  27 -18  38   0    T    T    0  7.6 15 290   M    M   9        18 300
15  36  18  27 -18  38   0 0.00  0.0    0  3.6 14 230   M    M   6        17 220
16  37  29  33 -11  32   0 0.10  0.1    0  3.6 12 190   M    M  10 18     15 200
17  33  17  25 -19  40   0 0.39  3.8    2 11.3 29 300   M    M   9 18     32 280
18  19  12  16 -28  49   0    T  0.1    3 14.2 26 250   M    M   5 8      35 250
19  37  13  25 -18  40   0    T    T    3 12.8 29 290   M    M   9 18     35 280
20  31  21  26 -17  39   0    T    T    2 13.9 23 240   M    M   7 8      30 250
21  27  14  21 -21  44   0 0.00  0.0    1  4.6 12 290   M    M   1        15 290
22  50  22  36  -6  29   0 0.05  0.0    1  5.4 10 190   M    M   8 6      15 200
23  62  44  53  12  12   0 0.29  0.0    0  9.7 23 140   M    M   9 1      31 160
24  64  38  51  10  14   0 0.05  0.0    0 19.8 43 240   M    M   9 18     55 240
25  39  28  34  -7  31   0 0.00  0.0    0  9.2 20 250   M    M   4 8      25 240
================================================================================
SM 1149  739       677   0  1.44     4.0 242.3          M      186
================================================================================
AV 46.0 29.6                               9.7 FASTST   M    M   7    MAX(MPH)
                                 MISC ---->  # 43 240               # 55  240
================================================================================
NOTES:
# LAST OF SEVERAL OCCURRENCES

COLUMN 17 PEAK WIND IN M.P.H.

PRELIMINARY LOCAL CLIMATOLOGICAL DATA (WS FORM: F-6) , PAGE 2

                                          STATION:  COLUMBUS OH
                                          MONTH:    NOVEMBER
                                          YEAR:     2014
                                          LATITUDE:   40  0 N
                                          LONGITUDE:  82 53 W

[TEMPERATURE DATA]      [PRECIPITATION DATA]       SYMBOLS USED IN COLUMN 16

AVERAGE MONTHLY: 37.8   TOTAL FOR MONTH:   1.44    1 = FOG OR MIST
DPTR FM NORMAL:  -7.7   DPTR FM NORMAL:   -1.23    2 = FOG REDUCING VISIBILITY
HIGHEST:    69 ON 11    GRTST 24HR  0.48 ON  5- 6      TO 1/4 MILE OR LESS
LOWEST:     12 ON 18                               3 = THUNDER
                        SNOW, ICE PELLETS, HAIL    4 = ICE PELLETS
                        TOTAL MONTH:   4.0 INCHES  5 = HAIL
                        GRTST 24HR   3.8 ON  17    6 = FREEZING RAIN OR DRIZZLE
                        GRTST DEPTH:   3 ON 19,18  7 = DUSTSTORM OR SANDSTORM:
                                                       VSBY 1/2 MILE OR LESS
                                                   8 = SMOKE OR HAZE
[NO. OF DAYS WITH]      [WEATHER - DAYS WITH]      9 = BLOWING SNOW
                                                   X = TORNADO
MAX 32 OR BELOW:   3    0.01 INCH OR MORE:   9
MAX 90 OR ABOVE:   0    0.10 INCH OR MORE:   5
MIN 32 OR BELOW:  15    0.50 INCH OR MORE:   0
MIN  0 OR BELOW:   0    1.00 INCH OR MORE:   0

[HDD (BASE 65) ]
TOTAL THIS MO.   677    CLEAR  (SCALE 0-3)   1
DPTR FM NORMAL   185    PTCLDY (SCALE 4-7)  13
TOTAL FM JUL 1  1053    CLOUDY (SCALE 8-10) 11
DPTR FM NORMAL   167

[CDD (BASE 65) ]
TOTAL THIS MO.     0
DPTR FM NORMAL     0    [PRESSURE DATA]
TOTAL FM JAN 1  1163    HIGHEST SLP 30.55 ON 21
DPTR FM NORMAL   139    LOWEST  SLP 29.27 ON 24

[REMARKS]
