000
CXUS53 KARX 242156
CF6CMY
PRELIMINARY LOCAL CLIMATOLOGICAL DATA (WS FORM: F-6)

                                          STATION:   SPARTA - FORT MCCOY WI
                                          MONTH:     FEBRUARY
                                          YEAR:      2018
                                          LATITUDE:   43 58 N
                                          LONGITUDE:  90 44 W

  TEMPERATURE IN F:       :PCPN:    SNOW:  WIND      :SUNSHINE: SKY     :PK WND
================================================================================
1   2   3   4   5  6A  6B    7    8   9   10  11  12  13   14  15   16   17  18
                                     12Z  AVG MX 2MIN
DY MAX MIN AVG DEP HDD CDD  WTR  SNW DPTH SPD SPD DIR MIN PSBL S-S WX    SPD DR
================================================================================

 1  29   0  15   M  50   0 0.00  0.0    0 13.0 21 300   M    M   1        36 320
 2  17  -8   5   M  60   0    T    T    0  2.8  9 260   M    M   4         M  M
 3  27  17  22   M  43   0    M    M    0  4.0 12  10   M    M   7         M  M
 4  18  -5   7   M  58   0    M    M    4  9.3 14 300   M    M   0        21 330
 5  11 -21  -5   M  70   0    M    M    4  1.5  7 240   M    M   1 1       M  M
 6  12 -17  -2   M  67   0    M    M    4  1.2  5 290   M    M   0         M  M
 7  15  -6   5   M  60   0    M    M    4  3.0  9 300   M    M   1         M  M
 8  21  -5   8   M  57   0    M    M    4  2.9 10 250   M    M   0         M  M
 9  19  -4   8   M  57   0    M    M    5  4.9  9 320   M    M   0         M  M
10  16  -3   7   M  58   0 0.00  0.0    4  1.3  7 300   M    M   0         M  M
11  24   1  13   M  52   0 0.00  0.0    4  4.6 12 270   M    M   0        17 230
12  19 -11   4   M  61   0 0.00  0.0    4  1.5  6 290   M    M   0         M  M
13  34   4  19   M  46   0 0.00  0.0    4  4.8 10 190   M    M   4        21 190
14  48   9  29   M  36   0 0.00  0.0    4  4.7 10 180   M    M   0 1      16 180
15  44  26  35   M  30   0    M    M    0  5.9 12 310   M    M   2 1      16 330
16  30  11  21   M  44   0    T    T    0  7.7 16 290   M    M   2        22 290
17  29  11  20   M  45   0    M    M    0  3.5  9 190   M    M   4         M  M
18  40   6  23   M  42   0 0.00  0.0    0  7.1 18 180   M    M   1        30 180
19  39  28  34   M  31   0    T  0.0    0  5.7 13  90   M    M  10 16     20  90
20  31  19  25   M  40   0 0.21  0.0    0  5.4 10 270   M    M   9 16      M  M
21  24   9  17   M  48   0 0.00  0.0    0  3.6 10 300   M    M   2         M  M
22  32  14  23   M  42   0    M    M    0  6.8 13 100   M    M   9 1      18  90
23  33  20  27   M  38   0 0.25    M    0  6.3 12 260   M    M   9 1      20 270
================================================================================
SM  612   95      1135   0  0.46    T    111.5          M       66
================================================================================
AV 26.6  4.1                               4.8 FASTST   M    M   3    MAX(MPH)
                                 MISC ---->  # 21 300               # 36  320
================================================================================
NOTES:
# LAST OF SEVERAL OCCURRENCES

COLUMN 17 PEAK WIND IN M.P.H.

PRELIMINARY LOCAL CLIMATOLOGICAL DATA (WS FORM: F-6) , PAGE 2

                                          STATION:  SPARTA - FORT MCCOY WI
                                          MONTH:    FEBRUARY
                                          YEAR:     2018
                                          LATITUDE:   43 58 N
                                          LONGITUDE:  90 44 W

[TEMPERATURE DATA]      [PRECIPITATION DATA]       SYMBOLS USED IN COLUMN 16

AVERAGE MONTHLY: 15.4   TOTAL FOR MONTH:   0.46    1 = FOG OR MIST
DPTR FM NORMAL:     M   DPTR FM NORMAL:       M    2 = FOG REDUCING VISIBILITY
HIGHEST:    48 ON 14    GRTST 24HR  0.25 ON 23-23      TO 1/4 MILE OR LESS
LOWEST:    -21 ON  5                               3 = THUNDER
                        SNOW, ICE PELLETS, HAIL    4 = ICE PELLETS
                        TOTAL MONTH:    T          5 = HAIL
                        GRTST 24HR    T  ON 16-16  6 = FREEZING RAIN OR DRIZZLE
                        GRTST DEPTH:   5 ON  9     7 = DUSTSTORM OR SANDSTORM:
                                                       VSBY 1/2 MILE OR LESS
                                                   8 = SMOKE OR HAZE
[NO. OF DAYS WITH]      [WEATHER - DAYS WITH]      9 = BLOWING SNOW
                                                   X = TORNADO
MAX 32 OR BELOW:  17    0.01 INCH OR MORE:   2
MAX 90 OR ABOVE:   0    0.10 INCH OR MORE:   2
MIN 32 OR BELOW:  23    0.50 INCH OR MORE:   0
MIN  0 OR BELOW:  10    1.00 INCH OR MORE:   0

[HDD (BASE 65) ]
TOTAL THIS MO.  1135    CLEAR  (SCALE 0-3)  15
DPTR FM NORMAL     M    PTCLDY (SCALE 4-7)   4
TOTAL FM JUL 1  5747    CLOUDY (SCALE 8-10)  4
DPTR FM NORMAL     M

[CDD (BASE 65) ]
TOTAL THIS MO.     0
DPTR FM NORMAL     M    [PRESSURE DATA]
TOTAL FM JAN 1     0    HIGHEST SLP M ON M
DPTR FM NORMAL     M    LOWEST  SLP M ON M

[REMARKS]
