000
CXUS53 KTOP 260800
CF6CNK
PRELIMINARY LOCAL CLIMATOLOGICAL DATA (WS FORM: F-6)

                                          STATION:   Concordia KS
                                          MONTH:     JUNE
                                          YEAR:      2017
                                          LATITUDE:   39 32 N
                                          LONGITUDE:  97 39 W

  TEMPERATURE IN F:       :PCPN:    SNOW:  WIND      :SUNSHINE: SKY     :PK WND
================================================================================
1   2   3   4   5  6A  6B    7    8   9   10  11  12  13   14  15   16   17  18
                                     12Z  AVG MX 2MIN
DY MAX MIN AVG DEP HDD CDD  WTR  SNW DPTH SPD SPD DIR MIN PSBL S-S WX    SPD DR
================================================================================

 1  81  61  71   3   0   6 0.44  0.0    0  9.6 18 150   M    M   4 13     26 160
 2  83  62  73   4   0   8 0.00  0.0    0 11.6 20 160   M    M   0        27 150
 3  82  63  73   4   0   8 0.00  0.0    0  4.8 14 130   M    M   1        17 130
 4  87  62  75   5   0  10 0.00  0.0    0  5.1 13  60   M    M   1 18     16  70
 5  93  65  79   9   0  14    T  0.0    0  3.7 21 280   M    M   2 3      24 280
 6  82  64  73   3   0   8 0.04  0.0    0  4.4 13  50   M    M   3        21  90
 7  82  59  71   0   0   6 0.00  0.0    0  5.2 13 100   M    M   2 8      16 110
 8  84  55  70  -1   0   5 0.00  0.0    0  8.0 15 160   M    M   0        18 150
 9  88  62  75   4   0  10 0.00  0.0    0 12.9 18 210   M    M   1        25 200
10  91  68  80   8   0  15 0.00  0.0    0 17.9 30 180   M    M   3        39 190
11  94  72  83  11   0  18 0.00  0.0    0 20.2 35 180   M    M   0        45 180
12  94  70  82  10   0  17    T  0.0    0 15.7 28 160   M    M   0 3      37 160
13  95  68  82   9   0  17    T  0.0    0 20.7 40 190   M    M   0 3      53 180
14  93  65  79   6   0  14 0.17  0.0    0  6.1 31  30   M    M   3 13     38  10
15  98  59  79   6   0  14    T  0.0    0  8.9 25 150   M    M   0 3      33 180
16  95  64  80   6   0  15    T  0.0    0 10.7 24 190   M    M   0        29 190
17  93  67  80   6   0  15 0.03  0.0    0  8.8 24  10   M    M   0 3      31 350
18  85  62  74   0   0   9    T  0.0    0  8.8 20 330   M    M   1        25 330
19  92  65  79   4   0  14 0.00  0.0    0  6.9 16 340   M    M   2        21 280
20  98  67  83   8   0  18    T  0.0    0  9.2 18 230   M    M   1        25 210
21  97  73  85  10   0  20 0.00  0.0    0 18.1 30 190   M    M   0 8      38 190
22  97  72  85   9   0  20    T  0.0    0 15.5 32 170   M    M   1 38     46 170
23  81  62  72  -4   0   7 0.00  0.0    0 12.8 26 360   M    M   1        35  20
24  82  52  67  -9   0   2    T  0.0    0  4.7 14  20   M    M   4        18 210
25  70  56  63 -13   2   0 0.04  0.0    0  6.2 14  40   M    M   5        17  30
================================================================================
SM 2217 1595         2 290  0.72     0.0 256.5          M       35
================================================================================
AV 88.7 63.8                              10.3 FASTST   M    M   1    MAX(MPH)
                                 MISC ---->  # 40 190               # 53  180
================================================================================
NOTES:
# LAST OF SEVERAL OCCURRENCES

COLUMN 17 PEAK WIND IN M.P.H.

PRELIMINARY LOCAL CLIMATOLOGICAL DATA (WS FORM: F-6) , PAGE 2

                                          STATION:  Concordia KS
                                          MONTH:    JUNE
                                          YEAR:     2017
                                          LATITUDE:   39 32 N
                                          LONGITUDE:  97 39 W

[TEMPERATURE DATA]      [PRECIPITATION DATA]       SYMBOLS USED IN COLUMN 16

AVERAGE MONTHLY: 76.2   TOTAL FOR MONTH:   0.72    1 = FOG OR MIST
DPTR FM NORMAL:   3.6   DPTR FM NORMAL:   -2.64    2 = FOG REDUCING VISIBILITY
HIGHEST:    98 ON 20,15 GRTST 24HR  0.44 ON  1- 1      TO 1/4 MILE OR LESS
LOWEST:     52 ON 24                               3 = THUNDER
                        SNOW, ICE PELLETS, HAIL    4 = ICE PELLETS
                        TOTAL MONTH:   0.0 INCH    5 = HAIL
                        GRTST 24HR     0.0         6 = FREEZING RAIN OR DRIZZLE
                        GRTST DEPTH:   0           7 = DUSTSTORM OR SANDSTORM:
                                                       VSBY 1/2 MILE OR LESS
                                                   8 = SMOKE OR HAZE
[NO. OF DAYS WITH]      [WEATHER - DAYS WITH]      9 = BLOWING SNOW
                                                   X = TORNADO
MAX 32 OR BELOW:   0    0.01 INCH OR MORE:   5
MAX 90 OR ABOVE:  13    0.10 INCH OR MORE:   2
MIN 32 OR BELOW:   0    0.50 INCH OR MORE:   0
MIN  0 OR BELOW:   0    1.00 INCH OR MORE:   0

[HDD (BASE 65) ]
TOTAL THIS MO.     2    CLEAR  (SCALE 0-3)  22
DPTR FM NORMAL    -9    PTCLDY (SCALE 4-7)   3
TOTAL FM JUL 1  4566    CLOUDY (SCALE 8-10)  0
DPTR FM NORMAL  -840

[CDD (BASE 65) ]
TOTAL THIS MO.   290
DPTR FM NORMAL    85    [PRESSURE DATA]
TOTAL FM JAN 1   368    HIGHEST SLP M ON M
DPTR FM NORMAL    74    LOWEST  SLP 29.54 ON M

[REMARKS]
