000
CXUS56 KSGX 281445
CF6CNO
PRELIMINARY LOCAL CLIMATOLOGICAL DATA (WS FORM: F-6)

                                          STATION:   CHINO AIRPORT CA
                                          MONTH:     MARCH
                                          YEAR:      2015
                                          LATITUDE:   33 58 N
                                          LONGITUDE: 117 38 W

  TEMPERATURE IN F:       :PCPN:    SNOW:  WIND      :SUNSHINE: SKY     :PK WND
================================================================================
1   2   3   4   5  6A  6B    7    8   9   10  11  12  13   14  15   16   17  18
                                     12Z  AVG MX 2MIN
DY MAX MIN AVG DEP HDD CDD  WTR  SNW DPTH SPD SPD DIR MIN PSBL S-S WX    SPD DR
================================================================================

 1  60  46  53  -3  12   0 0.08    M    0  3.9 16 110   M    M   8 12     20 130
 2  60  44  52  -4  13   0 0.30    M    0  2.7 17 250   M    M   6 13     24 260
 3  66  37  52  -4  13   0 0.00    M    0  3.5 18 230   M    M   2 1      22 210
 4  73  38  56   0   9   0 0.00  0.0    0  3.5 17  80   M    M   2 1      24  80
 5  78  38  58   2   7   0 0.00  0.0    0  2.5  9 360   M    M   1 8      12 110
 6  84  38  61   5   4   0 0.00  0.0    0  6.0 24  80   M    M   0 8      38  90
 7  87  42  65   9   0   0 0.00  0.0    0  4.2 14 230   M    M   0        17 240
 8  80  41  61   5   4   0 0.00  0.0    0  4.7 17 240   M    M   1 18     22 250
 9  78  48  63   6   2   0 0.00  0.0    0  4.5 15 260   M    M   4 128    20 270
10  86  43  65   8   0   0 0.00  0.0    0  3.8 14 250   M    M   4 128    17 250
11  78  55  67  10   0   2 0.00  0.0    0  4.1 14 250   M    M   6 8      17 240
12  86  49  68  11   0   3 0.00    M    0  7.0 22  30   M    M   1 8      37  70
13  90  62  76  19   0  11 0.00  0.0    0  8.6 22  80   M    M   1 8      31  90
14  93  50  72  15   0   7 0.00  0.0    0  3.6 13 230   M    M   2 8      17 230
15  94  53  74  17   0   9 0.00  0.0    0  3.5 15 250   M    M   4 8      19 250
16  92  54  73  16   0   8 0.00  0.0    0  3.9 16 240   M    M   4 8      20 230
17  85  52  69  12   0   4 0.00  0.0    0  4.6 16 250   M    M   4 8      19 260
18  76  56  66   9   0   1 0.00  0.0    0  4.9 17 270   M    M   5 18     21 280
19  81  57  69  12   0   4    T  0.0    0  6.4 21 250   M    M   6 8      26 240
20  85  49  67  10   0   2 0.00  0.0    0  5.2 17 260   M    M   1 18     21 250
21  81  49  65   8   0   0 0.00  0.0    0  6.1 16 240   M    M   3 128    21 280
22  76  54  65   8   0   0 0.00  0.0    0  5.3 16 240   M    M   7 18     20 240
23  75  53  64   7   1   0 0.00  0.0    0  4.1 18 230   M    M   4 18     24 220
24  79  48  64   6   1   0 0.00  0.0    0  4.4 18 240   M    M   2 18     23 240
25  90  48  69  11   0   4 0.00  0.0    0  3.1 14 260   M    M   1 18     17 250
26  94  50  72  14   0   7 0.00  0.0    0  5.4 18  90   M    M   1 8      26  90
27  95  53  74  16   0   9 0.00  0.0    0  4.2 17 240   M    M   0 8      22 230
================================================================================
SM 2202 1307        66  71  0.38     0.0 123.7          M       80
================================================================================
AV 81.6 48.4                               4.6 FASTST   M    M   3    MAX(MPH)
                                 MISC ---->  # 24  80               # 38   90
================================================================================
NOTES:
# LAST OF SEVERAL OCCURRENCES

COLUMN 17 PEAK WIND IN M.P.H.

PRELIMINARY LOCAL CLIMATOLOGICAL DATA (WS FORM: F-6) , PAGE 2

                                          STATION:  CHINO AIRPORT CA
                                          MONTH:    MARCH
                                          YEAR:     2015
                                          LATITUDE:   33 58 N
                                          LONGITUDE: 117 38 W

[TEMPERATURE DATA]      [PRECIPITATION DATA]       SYMBOLS USED IN COLUMN 16

AVERAGE MONTHLY: 65.0   TOTAL FOR MONTH:   0.38    1 = FOG OR MIST
DPTR FM NORMAL:   8.1   DPTR FM NORMAL:   -1.68    2 = FOG REDUCING VISIBILITY
HIGHEST:    95 ON 27    GRTST 24HR  0.30 ON  2- 2      TO 1/4 MILE OR LESS
LOWEST:     37 ON  3                               3 = THUNDER
                        SNOW, ICE PELLETS, HAIL    4 = ICE PELLETS
                        TOTAL MONTH:   0.0 INCH    5 = HAIL
                        GRTST 24HR     0.0         6 = FREEZING RAIN OR DRIZZLE
                        GRTST DEPTH:   0           7 = DUSTSTORM OR SANDSTORM:
                                                       VSBY 1/2 MILE OR LESS
                                                   8 = SMOKE OR HAZE
[NO. OF DAYS WITH]      [WEATHER - DAYS WITH]      9 = BLOWING SNOW
                                                   X = TORNADO
MAX 32 OR BELOW:   0    0.01 INCH OR MORE:   2
MAX 90 OR ABOVE:   7    0.10 INCH OR MORE:   1
MIN 32 OR BELOW:   0    0.50 INCH OR MORE:   0
MIN  0 OR BELOW:   0    1.00 INCH OR MORE:   0

[HDD (BASE 65) ]
TOTAL THIS MO.    66    CLEAR  (SCALE 0-3)  14
DPTR FM NORMAL  -158    PTCLDY (SCALE 4-7)  13
TOTAL FM JUL 1   822    CLOUDY (SCALE 8-10)  0
DPTR FM NORMAL  -758

[CDD (BASE 65) ]
TOTAL THIS MO.    71
DPTR FM NORMAL    71    [PRESSURE DATA]
TOTAL FM JAN 1    86    HIGHEST SLP M ON M
DPTR FM NORMAL    84    LOWEST  SLP 29.81 ON M

[REMARKS]
